{"id":719953,"date":"2025-08-27T18:29:31","date_gmt":"2025-08-27T15:29:31","guid":{"rendered":"https:\/\/roveyayinevi.com.tr\/index.php\/urun\/bati-hiristiyan-inanc-felsefesi-misir-inanc-felsefesi-dogu-hinduizm-ve-budizm-inanc-felsefesi\/"},"modified":"2026-04-16T02:27:57","modified_gmt":"2026-04-15T23:27:57","slug":"bati-hiristiyan-inanc-felsefesi-misir-inanc-felsefesi-dogu-hinduizm-ve-budizm-inanc-felsefesi","status":"publish","type":"product","link":"https:\/\/roveyayinevi.com.tr\/index.php\/urun\/bati-hiristiyan-inanc-felsefesi-misir-inanc-felsefesi-dogu-hinduizm-ve-budizm-inanc-felsefesi\/","title":{"rendered":"Bat\u0131 H\u0131ristiyan \u0130nan\u00e7 Felsefesi-M\u0131s\u0131r \u0130nan\u00e7 Felsefesi-Do\u011fu Hinduizm ve Budizm \u0130nan\u00e7 Felsefesi"},"content":{"rendered":"<p>Bat\u0131 H\u0131ristiyan \u0130nan\u00e7 Felsefesi-M\u0131s\u0131r \u0130nan\u00e7 Felsefesi-Do\u011fu Hinduizm ve Budizm \u0130nan\u00e7 Felsefesi<\/p>\n","protected":false},"excerpt":{"rendered":"<p>Bat\u0131 H\u0131ristiyan \u0130nan\u00e7 Felsefesi-M\u0131s\u0131r \u0130nan\u00e7 Felsefesi-Do\u011fu Hinduizm ve Budizm \u0130nan\u00e7 Felsefesi<\/p>\n","protected":false},"featured_media":0,"template":"","meta":{"_monsterinsights_skip_tracking":false,"_monsterinsights_sitenote_active":false,"_monsterinsights_sitenote_note":"","_monsterinsights_sitenote_category":0},"product_brand":[],"product_cat":[16038,12388],"product_tag":[],"class_list":{"0":"post-719953","1":"product","2":"type-product","3":"status-publish","5":"product_cat-arastirma-inceleme-referans-felsefe","6":"product_cat-felsefe","7":"pa_cilt-ciltsiz","8":"pa_tur-kitap","9":"pa_yayinevi-baris-kitap","10":"pa_yazar-vedat-ozkan","12":"first","13":"instock","14":"sale","15":"shipping-taxable","16":"purchasable","17":"product-type-simple"},"_links":{"self":[{"href":"https:\/\/roveyayinevi.com.tr\/index.php\/wp-json\/wp\/v2\/product\/719953","targetHints":{"allow":["GET"]}}],"collection":[{"href":"https:\/\/roveyayinevi.com.tr\/index.php\/wp-json\/wp\/v2\/product"}],"about":[{"href":"https:\/\/roveyayinevi.com.tr\/index.php\/wp-json\/wp\/v2\/types\/product"}],"wp:attachment":[{"href":"https:\/\/roveyayinevi.com.tr\/index.php\/wp-json\/wp\/v2\/media?parent=719953"}],"wp:term":[{"taxonomy":"product_brand","embeddable":true,"href":"https:\/\/roveyayinevi.com.tr\/index.php\/wp-json\/wp\/v2\/product_brand?post=719953"},{"taxonomy":"product_cat","embeddable":true,"href":"https:\/\/roveyayinevi.com.tr\/index.php\/wp-json\/wp\/v2\/product_cat?post=719953"},{"taxonomy":"product_tag","embeddable":true,"href":"https:\/\/roveyayinevi.com.tr\/index.php\/wp-json\/wp\/v2\/product_tag?post=719953"}],"curies":[{"name":"wp","href":"https:\/\/api.w.org\/{rel}","templated":true}]}}