{"id":719951,"date":"2025-08-27T18:29:30","date_gmt":"2025-08-27T15:29:30","guid":{"rendered":"https:\/\/roveyayinevi.com.tr\/index.php\/urun\/abrakadabra\/"},"modified":"2026-04-16T02:27:57","modified_gmt":"2026-04-15T23:27:57","slug":"abrakadabra","status":"publish","type":"product","link":"https:\/\/roveyayinevi.com.tr\/index.php\/urun\/abrakadabra\/","title":{"rendered":"Abrakadabra"},"content":{"rendered":"<p>Yap\u0131 Kredi, 75. Y\u0131l Sergileri kapsam\u0131nda Yap\u0131 Kredi K\u00fclt\u00fcr Sanat Binas\u0131\u2019nda, T\u00fcrkiye g\u00fcncel sanat\u0131n\u0131n \u00f6nc\u00fc isimlerinden Halil Alt\u0131ndere\u2019nin \u201cAbrakadabra\u201d isimli ki\u015fisel sergisine ev sahipli\u011fi yap\u0131yor. D\u00fcnyan\u0131n en prestijli sanat etkinli\u011fi olarak kabul edilen Venedik Bienali\u2019nin uluslararas\u0131 ana sergisinde \u00fc\u00e7 eseri sergilenen Alt\u0131ndere, \u201cAbrakadabra\u201d sergisi ile son d\u00f6nemde \u00fcretti\u011fi t\u00fcm \u00fc\u00e7 boyutlu i\u015fleri sanatseverlerle bulu\u015fturuyor. Sanat\u00e7\u0131n\u0131n hiper-realistik heykellerini, bronz i\u015fleri ve enstalasyon \u00e7al\u0131\u015fmalar\u0131n\u0131 bir araya getiren sergi, g\u00fcndelik ya\u015fam\u0131n ger\u00e7ekli\u011fi ve hayal d\u00fcnyas\u0131 aras\u0131ndaki s\u0131n\u0131rlar\u0131n ge\u00e7i\u015fkenli\u011fini sorgulayan 20\u2019den fazla eserden olu\u015fuyor. Yap\u0131 Kredi K\u00fclt\u00fcr Sanat Yay\u0131nc\u0131l\u0131k taraf\u0131ndan 12 Eyl\u00fcl \u2013 3 Kas\u0131m 2019 tarihleri aras\u0131nda d\u00fczenlenen \u201cAbrakadabra\u201d sergisi dolay\u0131s\u0131yla haz\u0131rlanan Abrakadabra sergi katalo\u011funun edit\u00f6rl\u00fc\u011f\u00fcn\u00fc Fisun Yal\u00e7\u0131nkaya yapt\u0131. Katalogda serginin k\u00fcrat\u00f6rl\u00fc\u011f\u00fcn\u00fc yapan Hou Hanru\u2019nun bir yaz\u0131s\u0131, Halil Alt\u0131ndere ile Maria Lind\u2019in yapt\u0131\u011f\u0131 bir s\u00f6yle\u015fi ve H.G Masters\u2019\u0131n bir yaz\u0131s\u0131 bulunuyor. <\/p>\n","protected":false},"excerpt":{"rendered":"<p>Yap\u0131 Kredi, 75. Y\u0131l Sergileri kapsam\u0131nda Yap\u0131 Kredi K\u00fclt\u00fcr Sanat Binas\u0131\u2019nda, T\u00fcrkiye g\u00fcncel sanat\u0131n\u0131n \u00f6nc\u00fc isimlerinden Halil Alt\u0131ndere\u2019nin \u201cAbrakadabra\u201d isimli ki\u015fisel sergisine ev sahipli\u011fi yap\u0131yor. D\u00fcnyan\u0131n<span class=\"excerpt-hellip\"> [\u2026]<\/span><\/p>\n","protected":false},"featured_media":0,"template":"","meta":{"_monsterinsights_skip_tracking":false,"_monsterinsights_sitenote_active":false,"_monsterinsights_sitenote_note":"","_monsterinsights_sitenote_category":0},"product_brand":[],"product_cat":[12408],"product_tag":[],"class_list":{"0":"post-719951","1":"product","2":"type-product","3":"status-publish","5":"product_cat-sanat","6":"pa_cilt-ciltsiz","7":"pa_tur-kitap","8":"pa_yayinevi-yapi-kredi-yayinlari-sanat","9":"pa_yazar-halil-altindere","11":"first","12":"instock","13":"sale","14":"shipping-taxable","15":"purchasable","16":"product-type-simple"},"_links":{"self":[{"href":"https:\/\/roveyayinevi.com.tr\/index.php\/wp-json\/wp\/v2\/product\/719951","targetHints":{"allow":["GET"]}}],"collection":[{"href":"https:\/\/roveyayinevi.com.tr\/index.php\/wp-json\/wp\/v2\/product"}],"about":[{"href":"https:\/\/roveyayinevi.com.tr\/index.php\/wp-json\/wp\/v2\/types\/product"}],"wp:attachment":[{"href":"https:\/\/roveyayinevi.com.tr\/index.php\/wp-json\/wp\/v2\/media?parent=719951"}],"wp:term":[{"taxonomy":"product_brand","embeddable":true,"href":"https:\/\/roveyayinevi.com.tr\/index.php\/wp-json\/wp\/v2\/product_brand?post=719951"},{"taxonomy":"product_cat","embeddable":true,"href":"https:\/\/roveyayinevi.com.tr\/index.php\/wp-json\/wp\/v2\/product_cat?post=719951"},{"taxonomy":"product_tag","embeddable":true,"href":"https:\/\/roveyayinevi.com.tr\/index.php\/wp-json\/wp\/v2\/product_tag?post=719951"}],"curies":[{"name":"wp","href":"https:\/\/api.w.org\/{rel}","templated":true}]}}