{"id":719918,"date":"2025-08-27T18:29:05","date_gmt":"2025-08-27T15:29:05","guid":{"rendered":"https:\/\/roveyayinevi.com.tr\/index.php\/urun\/allaha-donus\/"},"modified":"2026-04-16T02:27:56","modified_gmt":"2026-04-15T23:27:56","slug":"allaha-donus","status":"publish","type":"product","link":"https:\/\/roveyayinevi.com.tr\/index.php\/urun\/allaha-donus\/","title":{"rendered":"Allah&#8217;a D\u00f6n\u00fc\u015f"},"content":{"rendered":"<p>B\u00fcy\u00fck ruhaniyetli alim Haris el-Muhasibi, Hasan-\u0131 Basri hazretlerinin talebesi C\u00fcneyd-i Ba\u011fdadi ba\u015fta olmak \u00fczere bir\u00e7ok \u00fcnl\u00fc sufinin hocas\u0131d\u0131r. Abd\u00fclkadir Geylani ve \u0130mam Gazzali gibi maneviyat \u00fcstadlar\u0131n\u0131n da ilham ald\u0131klar\u0131 se\u00e7kin bir mutasavv\u0131ft\u0131r.B\u00fct\u00fcn \u0130slami ilimlerde zaman\u0131n\u0131n en bilgili ki\u015fisi olarak kabul edilmi\u015f, ayr\u0131ca kendisi ilim \u00e7evrelerince de \u00e2limlerin ve s\u00fbf\u00eelerin kutbu olarak g\u00f6r\u00fclm\u00fc\u015ft\u00fcr.\u0130nsan psikolojisini en iyi bilen, nefsin aldatmacalar\u0131n\u0131 ve ruhun hastal\u0131klar\u0131n\u0131 \u00e7ok iyi te\u015fhis eden ve nas\u0131l tedavi edilece\u011fi konusunda son derece yetkin olan Muhasibi, bu eserinde insan\u0131n Allah ile ba\u011f\u0131n\u0131 tekrar nas\u0131l kurabilece\u011finin ve insan\u0131n nas\u0131l kendisiyle bar\u0131\u015f\u0131k hale gelip ruh huzuruna erebilece\u011finin yolunu g\u00f6steriyor.<\/p>\n","protected":false},"excerpt":{"rendered":"<p>B\u00fcy\u00fck ruhaniyetli alim Haris el-Muhasibi, Hasan-\u0131 Basri hazretlerinin talebesi C\u00fcneyd-i Ba\u011fdadi ba\u015fta olmak \u00fczere bir\u00e7ok \u00fcnl\u00fc sufinin hocas\u0131d\u0131r. Abd\u00fclkadir Geylani ve \u0130mam Gazzali gibi maneviyat \u00fcstadlar\u0131n\u0131n<span class=\"excerpt-hellip\"> [\u2026]<\/span><\/p>\n","protected":false},"featured_media":0,"template":"","meta":{"_monsterinsights_skip_tracking":false,"_monsterinsights_sitenote_active":false,"_monsterinsights_sitenote_note":"","_monsterinsights_sitenote_category":0},"product_brand":[],"product_cat":[12718,12719,12720],"product_tag":[],"class_list":{"0":"post-719918","1":"product","2":"type-product","3":"status-publish","5":"product_cat-din","6":"product_cat-islam","7":"product_cat-tasavvuf-mezhepler-tarikatlar","8":"pa_cilt-ciltsiz","9":"pa_tur-kitap","10":"pa_yayinevi-sufi-kitap","11":"pa_yazar-haris-el-muhasibi","13":"first","14":"instock","15":"sale","16":"shipping-taxable","17":"purchasable","18":"product-type-simple"},"_links":{"self":[{"href":"https:\/\/roveyayinevi.com.tr\/index.php\/wp-json\/wp\/v2\/product\/719918","targetHints":{"allow":["GET"]}}],"collection":[{"href":"https:\/\/roveyayinevi.com.tr\/index.php\/wp-json\/wp\/v2\/product"}],"about":[{"href":"https:\/\/roveyayinevi.com.tr\/index.php\/wp-json\/wp\/v2\/types\/product"}],"wp:attachment":[{"href":"https:\/\/roveyayinevi.com.tr\/index.php\/wp-json\/wp\/v2\/media?parent=719918"}],"wp:term":[{"taxonomy":"product_brand","embeddable":true,"href":"https:\/\/roveyayinevi.com.tr\/index.php\/wp-json\/wp\/v2\/product_brand?post=719918"},{"taxonomy":"product_cat","embeddable":true,"href":"https:\/\/roveyayinevi.com.tr\/index.php\/wp-json\/wp\/v2\/product_cat?post=719918"},{"taxonomy":"product_tag","embeddable":true,"href":"https:\/\/roveyayinevi.com.tr\/index.php\/wp-json\/wp\/v2\/product_tag?post=719918"}],"curies":[{"name":"wp","href":"https:\/\/api.w.org\/{rel}","templated":true}]}}