{"id":719907,"date":"2025-08-27T18:28:56","date_gmt":"2025-08-27T15:28:56","guid":{"rendered":"https:\/\/roveyayinevi.com.tr\/index.php\/urun\/cehalet-bilimi\/"},"modified":"2026-04-16T02:27:56","modified_gmt":"2026-04-15T23:27:56","slug":"cehalet-bilimi","status":"publish","type":"product","link":"https:\/\/roveyayinevi.com.tr\/index.php\/urun\/cehalet-bilimi\/","title":{"rendered":"Cehalet Bilimi"},"content":{"rendered":"<p>Cehalet nedir, cahil kimdir?K\u00fcreselle\u015fme, bilimi ve bilimciyi nas\u0131l etkiledi?Akademisyenler cahil olabilir mi?Sanal bilimciler ve sahte bilim nedir?Bilim ve hukuk neden etik zeminde olmal\u0131?Ger\u00e7ek \u00f6tesi ve alg\u0131 y\u00f6netimiyle kastedilen nedir?D\u00fcnyay\u0131 hangi k\u00fcresel zek\u00e2 y\u00f6netiyor?Cehaleti yayma ve alg\u0131 y\u00f6netimi alan\u0131nda sosyal medya ne kadar g\u00fc\u00e7l\u00fc?\u0130nan\u00e7lar ve zaaflar alg\u0131y\u0131 y\u00f6netir mi?Google\u2019\u0131n her s\u00f6yledi\u011fi do\u011fru mu?G\u00fcvenilir bilgiye nas\u0131l ula\u015f\u0131l\u0131r?N\u00f6ropazarlama bir cehalet bilimi mi?Mikro \u015f\u00f6hret nedir, ne i\u015fe yarar?E\u011fitim ticari bir \u00fcr\u00fcnse, \u00f6\u011frenciler de m\u00fc\u015fteri mi?T\u0131bb\u0131n alternatifi olur mu?\u0130la\u00e7s\u0131z ve a\u015f\u0131s\u0131z bir d\u00fcnya m\u00fcmk\u00fcn m\u00fc?Zek\u00e2y\u0131 ve kavray\u0131\u015f\u0131 ila\u00e7la art\u0131rmak ne kadar do\u011fru?\u0130la\u00e7la mutluluk m\u00fcmk\u00fcn m\u00fc?Ba\u011f\u0131rsaklar beynimizi y\u00f6netebilir mi?Mikrobiyotan\u0131n d\u00fczenlenmesi Alzheimer ve kanseri tedavi eder mi?Tuz tansiyonu d\u00fc\u015f\u00fcr\u00fcr m\u00fc?Kolesterol d\u00fc\u015f\u00fcr\u00fcc\u00fc ila\u00e7lar palavra m\u0131?Kokore\u00e7 yemek depresyona iyi gelir mi?Sihirli diyetler, ne kadar sihirli?Yapay zek\u00e2 nereye gidiyor?Dijital \u00e7a\u011fda \u00f6zg\u00fcr olmak m\u00fcmk\u00fcn m\u00fc?Giderek amac\u0131ndan sapan \u201cbilim\u201d olgusu b\u00fcy\u00fck ekonomik stratejilerle birlikte entelekt\u00fcel sahtecili\u011fe maruz b\u0131rak\u0131l\u0131yor. \u00c7\u00fcnk\u00fc insan, do\u011fas\u0131 gere\u011fi aldatmaya ve aldanmaya meyilli. Bu aldanm\u0131\u015fl\u0131\u011f\u0131n yarataca\u011f\u0131 a\u011f\u0131r bedellerle okuru y\u00fczle\u015ftiren Prof. Dr. Tayfun Uzbay\u2019\u0131n kaleme ald\u0131\u011f\u0131 Cehalet Bilimi, cehaletin bilimsel y\u00f6ntemlerle nas\u0131l yayg\u0131nla\u015ft\u0131r\u0131ld\u0131\u011f\u0131 konusunda sa\u011flam ve duyarl\u0131 bir kaynak&#8230;<\/p>\n","protected":false},"excerpt":{"rendered":"<p>Cehalet nedir, cahil kimdir?K\u00fcreselle\u015fme, bilimi ve bilimciyi nas\u0131l etkiledi?Akademisyenler cahil olabilir mi?Sanal bilimciler ve sahte bilim nedir?Bilim ve hukuk neden etik zeminde olmal\u0131?Ger\u00e7ek \u00f6tesi ve alg\u0131<span class=\"excerpt-hellip\"> [\u2026]<\/span><\/p>\n","protected":false},"featured_media":0,"template":"","meta":{"_monsterinsights_skip_tracking":false,"_monsterinsights_sitenote_active":false,"_monsterinsights_sitenote_note":"","_monsterinsights_sitenote_category":0},"product_brand":[],"product_cat":[16038,12388],"product_tag":[],"class_list":{"0":"post-719907","1":"product","2":"type-product","3":"status-publish","5":"product_cat-arastirma-inceleme-referans-felsefe","6":"product_cat-felsefe","7":"pa_cilt-ciltsiz","8":"pa_tur-kitap","9":"pa_yayinevi-destek-yayinlari","10":"pa_yazar-tayfun-uzbay","12":"first","13":"instock","14":"sale","15":"shipping-taxable","16":"purchasable","17":"product-type-simple"},"_links":{"self":[{"href":"https:\/\/roveyayinevi.com.tr\/index.php\/wp-json\/wp\/v2\/product\/719907","targetHints":{"allow":["GET"]}}],"collection":[{"href":"https:\/\/roveyayinevi.com.tr\/index.php\/wp-json\/wp\/v2\/product"}],"about":[{"href":"https:\/\/roveyayinevi.com.tr\/index.php\/wp-json\/wp\/v2\/types\/product"}],"wp:attachment":[{"href":"https:\/\/roveyayinevi.com.tr\/index.php\/wp-json\/wp\/v2\/media?parent=719907"}],"wp:term":[{"taxonomy":"product_brand","embeddable":true,"href":"https:\/\/roveyayinevi.com.tr\/index.php\/wp-json\/wp\/v2\/product_brand?post=719907"},{"taxonomy":"product_cat","embeddable":true,"href":"https:\/\/roveyayinevi.com.tr\/index.php\/wp-json\/wp\/v2\/product_cat?post=719907"},{"taxonomy":"product_tag","embeddable":true,"href":"https:\/\/roveyayinevi.com.tr\/index.php\/wp-json\/wp\/v2\/product_tag?post=719907"}],"curies":[{"name":"wp","href":"https:\/\/api.w.org\/{rel}","templated":true}]}}