{"id":719886,"date":"2025-08-27T18:28:40","date_gmt":"2025-08-27T15:28:40","guid":{"rendered":"https:\/\/roveyayinevi.com.tr\/index.php\/urun\/cevaplar-sirketin-icinde\/"},"modified":"2026-04-16T02:27:55","modified_gmt":"2026-04-15T23:27:55","slug":"cevaplar-sirketin-icinde","status":"publish","type":"product","link":"https:\/\/roveyayinevi.com.tr\/index.php\/urun\/cevaplar-sirketin-icinde\/","title":{"rendered":"Cevaplar \u015eirketin \u0130\u00e7inde"},"content":{"rendered":"<p>Feyyaz \u00dcnal taraf\u0131ndan kaleme al\u0131nan bu eser, aile \u015firketlerinin yap\u0131s\u0131n\u0131 ele almay\u0131 ama\u00e7lamaktad\u0131r. Profesyonel olarak 2 y\u0131l d\u0131\u015far\u0131da \u00e7al\u0131\u015ft\u0131ktan sonra aile \u015firketindeki y\u00f6netici yeti\u015ftirme program\u0131na davet edilen bir aile bireyinin, \u015firketi ve \u015firketteki k\u00fclt\u00fcr\u00fc iyile\u015ftirme hikayesini okuyacaks\u0131n\u0131z Yazar hala \u00e7al\u0131\u015fmakta oldu\u011fu grup \u015firketlerine ad\u0131m att\u0131\u011f\u0131 ilk g\u00fcnden beri ne hatalar yapt\u0131\u011f\u0131n\u0131, kar\u015f\u0131la\u015ft\u0131\u011f\u0131 problemleri nas\u0131l \u00e7\u00f6zd\u00fc\u011f\u00fcn\u00fc ve bu s\u00fcre\u00e7te ya\u015fad\u0131klar\u0131n\u0131 samimiyetle anlatmaktad\u0131r.<\/p>\n","protected":false},"excerpt":{"rendered":"<p>Feyyaz \u00dcnal taraf\u0131ndan kaleme al\u0131nan bu eser, aile \u015firketlerinin yap\u0131s\u0131n\u0131 ele almay\u0131 ama\u00e7lamaktad\u0131r. Profesyonel olarak 2 y\u0131l d\u0131\u015far\u0131da \u00e7al\u0131\u015ft\u0131ktan sonra aile \u015firketindeki y\u00f6netici yeti\u015ftirme program\u0131na davet<span class=\"excerpt-hellip\"> [\u2026]<\/span><\/p>\n","protected":false},"featured_media":0,"template":"","meta":{"_monsterinsights_skip_tracking":false,"_monsterinsights_sitenote_active":false,"_monsterinsights_sitenote_note":"","_monsterinsights_sitenote_category":0},"product_brand":[],"product_cat":[13043,17647],"product_tag":[],"class_list":{"0":"post-719886","1":"product","2":"type-product","3":"status-publish","5":"product_cat-ekonomi","6":"product_cat-is-dunyasi","7":"pa_cilt-ciltsiz","8":"pa_tur-kitap","9":"pa_yayinevi-elma-yayinevi","10":"pa_yazar-feyyaz-unal","12":"first","13":"instock","14":"sale","15":"shipping-taxable","16":"purchasable","17":"product-type-simple"},"_links":{"self":[{"href":"https:\/\/roveyayinevi.com.tr\/index.php\/wp-json\/wp\/v2\/product\/719886","targetHints":{"allow":["GET"]}}],"collection":[{"href":"https:\/\/roveyayinevi.com.tr\/index.php\/wp-json\/wp\/v2\/product"}],"about":[{"href":"https:\/\/roveyayinevi.com.tr\/index.php\/wp-json\/wp\/v2\/types\/product"}],"wp:attachment":[{"href":"https:\/\/roveyayinevi.com.tr\/index.php\/wp-json\/wp\/v2\/media?parent=719886"}],"wp:term":[{"taxonomy":"product_brand","embeddable":true,"href":"https:\/\/roveyayinevi.com.tr\/index.php\/wp-json\/wp\/v2\/product_brand?post=719886"},{"taxonomy":"product_cat","embeddable":true,"href":"https:\/\/roveyayinevi.com.tr\/index.php\/wp-json\/wp\/v2\/product_cat?post=719886"},{"taxonomy":"product_tag","embeddable":true,"href":"https:\/\/roveyayinevi.com.tr\/index.php\/wp-json\/wp\/v2\/product_tag?post=719886"}],"curies":[{"name":"wp","href":"https:\/\/api.w.org\/{rel}","templated":true}]}}