{"id":719884,"date":"2025-08-27T18:28:39","date_gmt":"2025-08-27T15:28:39","guid":{"rendered":"https:\/\/roveyayinevi.com.tr\/index.php\/urun\/yasamin-icinden-cocuk-sarkilari\/"},"modified":"2026-04-16T02:27:55","modified_gmt":"2026-04-15T23:27:55","slug":"yasamin-icinden-cocuk-sarkilari","status":"publish","type":"product","link":"https:\/\/roveyayinevi.com.tr\/index.php\/urun\/yasamin-icinden-cocuk-sarkilari\/","title":{"rendered":"Ya\u015fam\u0131n \u0130\u00e7inden \u00c7ocuk \u015eark\u0131lar\u0131"},"content":{"rendered":"<p>\u00d6\u011frenciler \u015fark\u0131lar sayesinde fark\u0131nda olmadan temizlik, ya\u015fama ili\u015fkin olumlu tutum ve davran\u0131\u015flar, sevgi, karde\u015flik, bar\u0131\u015f, \u00e7al\u0131\u015fkanl\u0131k ve okula ilgi, aile sevgisi, hayvanlar\u0131 koruma, merhamet etme ve d\u00fczenli ya\u015fam al\u0131\u015fkanl\u0131klar\u0131 gibi olumlu duygu ve yetkinlikleri edinebilirler. Bu noktadan yola \u00e7\u0131karak kitaptaki \u015fark\u0131lar gelece\u011fimizin emaneti olan \u00e7ocuklar\u0131m\u0131z\u0131n k\u00fc\u00e7\u00fck ya\u015flarda \u00f6nemli ya\u015famsal tutum, sosyal al\u0131\u015fkanl\u0131k ve bilgileri kolayl\u0131kla kazanabilmeleri i\u00e7in bestelenmi\u015ftir. Bu kitapta tamam\u0131 piyano e\u015flikli ve beraberinde MP3 ses (e\u015flik) dosyalar\u0131 da bulunan 13 \u015fark\u0131 yer almaktad\u0131r. Bu \u015fark\u0131lar\u0131n isimleri ve konular\u0131 \u015f\u00f6yledir: Sabah, \u00c7ocuk Park\u0131, Okulum, G\u00fcne\u015f Batmadan Eve D\u00f6nelim, Ellerimi Y\u0131kad\u0131m, Okumay\u0131 Hat\u0131rla, Uyku Zaman\u0131, D\u00fczenli \u00c7ocuk Olal\u0131m, Ya\u015famak, Karde\u015fim, Minicik Ku\u015f, Baba, \u0130zzet Baysal Babam\u0131z. \u015eark\u0131lar\u0131n MP3 dosyalar\u0131n\u0131 yay\u0131nevi web sitesinden \u00fccretsiz olarak indirebilirsiniz. Anaokulu, ilkokul ve ortaokul kademelerinde e\u011fitim alan ve hatta \u00e7e\u015fitli a\u00e7\u0131lardan \u00f6zel gereksinime ihtiya\u00e7 duyan \u00e7ocuklar\u0131m\u0131z i\u00e7in de kullan\u0131labilecek olan bu \u015fark\u0131lar olabildi\u011fince basit bir dilde ve ezgi yap\u0131s\u0131nda olu\u015fturulmaya \u00e7al\u0131\u015f\u0131lm\u0131\u015ft\u0131r. \u015eark\u0131lar\u0131n \u00f6\u011fretimi s\u0131ras\u0131nda ezgilerin daha kolay anla\u015f\u0131labilmesi ve seslendirilebilmesi amac\u0131yla piyano e\u015fli\u011findeki sa\u011f el \u015fark\u0131n\u0131n birebir ezgisini \u00e7almaktad\u0131r. \u015eark\u0131lar\u0131n piyano e\u015flikleri her m\u00fczik e\u011fitimcisinin kolayl\u0131kla \u00e7alabilmesi i\u00e7in olabildi\u011fince basit yaz\u0131lm\u0131\u015ft\u0131r. Bu sayede m\u00fczik e\u011fitimcisi \u015fark\u0131 \u00f6\u011fretimi s\u0131ras\u0131nda s\u0131n\u0131f\u0131n\u0131 kolayl\u0131kla denetleyebilecek ve \u015fark\u0131n\u0131n performans\u0131n\u0131 da takip edebilecektir. <\/p>\n","protected":false},"excerpt":{"rendered":"<p>\u00d6\u011frenciler \u015fark\u0131lar sayesinde fark\u0131nda olmadan temizlik, ya\u015fama ili\u015fkin olumlu tutum ve davran\u0131\u015flar, sevgi, karde\u015flik, bar\u0131\u015f, \u00e7al\u0131\u015fkanl\u0131k ve okula ilgi, aile sevgisi, hayvanlar\u0131 koruma, merhamet etme ve<span class=\"excerpt-hellip\"> [\u2026]<\/span><\/p>\n","protected":false},"featured_media":0,"template":"","meta":{"_monsterinsights_skip_tracking":false,"_monsterinsights_sitenote_active":false,"_monsterinsights_sitenote_note":"","_monsterinsights_sitenote_category":0},"product_brand":[],"product_cat":[12274,12649],"product_tag":[],"class_list":{"0":"post-719884","1":"product","2":"type-product","3":"status-publish","5":"product_cat-cocuk-ve-genclik-kitaplari","6":"product_cat-hobi-muzik","7":"pa_cilt-ciltsiz","8":"pa_tur-kitap","9":"pa_yayinevi-muzik-egitimi-yayinlari","10":"pa_yazar-mehmet-sahin-akinci","12":"first","13":"instock","14":"sale","15":"shipping-taxable","16":"purchasable","17":"product-type-simple"},"_links":{"self":[{"href":"https:\/\/roveyayinevi.com.tr\/index.php\/wp-json\/wp\/v2\/product\/719884","targetHints":{"allow":["GET"]}}],"collection":[{"href":"https:\/\/roveyayinevi.com.tr\/index.php\/wp-json\/wp\/v2\/product"}],"about":[{"href":"https:\/\/roveyayinevi.com.tr\/index.php\/wp-json\/wp\/v2\/types\/product"}],"wp:attachment":[{"href":"https:\/\/roveyayinevi.com.tr\/index.php\/wp-json\/wp\/v2\/media?parent=719884"}],"wp:term":[{"taxonomy":"product_brand","embeddable":true,"href":"https:\/\/roveyayinevi.com.tr\/index.php\/wp-json\/wp\/v2\/product_brand?post=719884"},{"taxonomy":"product_cat","embeddable":true,"href":"https:\/\/roveyayinevi.com.tr\/index.php\/wp-json\/wp\/v2\/product_cat?post=719884"},{"taxonomy":"product_tag","embeddable":true,"href":"https:\/\/roveyayinevi.com.tr\/index.php\/wp-json\/wp\/v2\/product_tag?post=719884"}],"curies":[{"name":"wp","href":"https:\/\/api.w.org\/{rel}","templated":true}]}}