{"id":719851,"date":"2025-08-27T18:28:12","date_gmt":"2025-08-27T15:28:12","guid":{"rendered":"https:\/\/roveyayinevi.com.tr\/index.php\/urun\/afacan-tayfa-1-sinif-10-kitap-set\/"},"modified":"2026-04-16T02:27:55","modified_gmt":"2026-04-15T23:27:55","slug":"afacan-tayfa-1-sinif-10-kitap-set","status":"publish","type":"product","link":"https:\/\/roveyayinevi.com.tr\/index.php\/urun\/afacan-tayfa-1-sinif-10-kitap-set\/","title":{"rendered":"Afacan Tayfa (1.S\u0131n\u0131f 10 Kitap Set)"},"content":{"rendered":"<p>1. S\u0131n\u0131flara hitap eden bu 10 kitapta on farkl\u0131 maceraya yelken a\u00e7acaks\u0131n\u0131z.Fakat bu hikayelerde sadece macera m\u0131 var?Tabii ki hay\u0131r! Analitik ve bilimsel d\u00fc\u015f\u00fcnme , problem \u00e7\u00f6zme , payla\u015fma arkada\u015fl\u0131k gibi de\u011ferler bu kitaplar\u0131n i\u00e7inde&#8230; \u00dcstelik hikeyelere dair etkinlikler , bulmacalar , sorular birlikte&#8230;Okumak isteyene, okumas\u0131n\u0131 bilene&#8230;<\/p>\n","protected":false},"excerpt":{"rendered":"<p>1. S\u0131n\u0131flara hitap eden bu 10 kitapta on farkl\u0131 maceraya yelken a\u00e7acaks\u0131n\u0131z.Fakat bu hikayelerde sadece macera m\u0131 var?Tabii ki hay\u0131r! Analitik ve bilimsel d\u00fc\u015f\u00fcnme , problem<span class=\"excerpt-hellip\"> [\u2026]<\/span><\/p>\n","protected":false},"featured_media":0,"template":"","meta":{"_monsterinsights_skip_tracking":false,"_monsterinsights_sitenote_active":false,"_monsterinsights_sitenote_note":"","_monsterinsights_sitenote_category":0},"product_brand":[],"product_cat":[12274,12284],"product_tag":[],"class_list":{"0":"post-719851","1":"product","2":"type-product","3":"status-publish","5":"product_cat-cocuk-ve-genclik-kitaplari","6":"product_cat-hikayeler","7":"pa_cilt-ciltsiz","8":"pa_tur-kitap","9":"pa_yayinevi-mavi-kirpi-yayinlari","10":"pa_yazar-vildan-ozdemir","12":"first","13":"instock","14":"sale","15":"shipping-taxable","16":"purchasable","17":"product-type-simple"},"_links":{"self":[{"href":"https:\/\/roveyayinevi.com.tr\/index.php\/wp-json\/wp\/v2\/product\/719851","targetHints":{"allow":["GET"]}}],"collection":[{"href":"https:\/\/roveyayinevi.com.tr\/index.php\/wp-json\/wp\/v2\/product"}],"about":[{"href":"https:\/\/roveyayinevi.com.tr\/index.php\/wp-json\/wp\/v2\/types\/product"}],"wp:attachment":[{"href":"https:\/\/roveyayinevi.com.tr\/index.php\/wp-json\/wp\/v2\/media?parent=719851"}],"wp:term":[{"taxonomy":"product_brand","embeddable":true,"href":"https:\/\/roveyayinevi.com.tr\/index.php\/wp-json\/wp\/v2\/product_brand?post=719851"},{"taxonomy":"product_cat","embeddable":true,"href":"https:\/\/roveyayinevi.com.tr\/index.php\/wp-json\/wp\/v2\/product_cat?post=719851"},{"taxonomy":"product_tag","embeddable":true,"href":"https:\/\/roveyayinevi.com.tr\/index.php\/wp-json\/wp\/v2\/product_tag?post=719851"}],"curies":[{"name":"wp","href":"https:\/\/api.w.org\/{rel}","templated":true}]}}