{"id":719850,"date":"2025-08-27T18:28:12","date_gmt":"2025-08-27T15:28:12","guid":{"rendered":"https:\/\/roveyayinevi.com.tr\/index.php\/urun\/sinemasal-2\/"},"modified":"2026-04-16T02:27:55","modified_gmt":"2026-04-15T23:27:55","slug":"sinemasal-2","status":"publish","type":"product","link":"https:\/\/roveyayinevi.com.tr\/index.php\/urun\/sinemasal-2\/","title":{"rendered":"Sinemasal 2"},"content":{"rendered":"<p>SineMasaL\u2019\u0131n ikinci kitab\u0131 olan Zihniyet ile kars\u0327\u0131n\u0131zday\u0131z. Zihniyet kavram\u0131n\u0131 sinema ile olan ilis\u0327kisi bag\u0306lam\u0131nda, farkl\u0131 boyutlarda tart\u0131s\u0327maya c\u0327al\u0131s\u0327t\u0131k. Bu kitab\u0131n haz\u0131rlanmas\u0131 noktas\u0131nda, go\u0308nderdikleri yaz\u0131larla katk\u0131 sag\u0306layan, iletis\u0327imleri sag\u0306layan, yay\u0131na haz\u0131rlayan herkese emekleri ic\u0327in tes\u0327ekku\u0308r ediyoruz. SineMasaL ilk gu\u0308nden beri maddi c\u0327\u0131karlar\u0131 olmayan insanlar\u0131n ortak emeklerinin u\u0308ru\u0308nu\u0308 ve gec\u0327mis\u0327te oldug\u0306u gibi bugu\u0308n de herkesin emeg\u0306ine ac\u0327\u0131k.Zihniyet u\u0308zerine haz\u0131rlad\u0131g\u0306\u0131m\u0131z bu kitab\u0131, c\u0327ag\u0306r\u0131 metninde de belirttig\u0306imiz gibi, deg\u0306erli hocam\u0131z Og\u0306uz Adan\u0131r\u2019a armag\u0306an ediyoruz. Kendisinin c\u0327al\u0131s\u0327ma alan\u0131n\u0131n en o\u0308nemli kavramlar\u0131ndan birisi olan zihniyetin, o\u0308zellikle gelenek ile modernlik aras\u0131ndaki tart\u0131s\u0327mas\u0131n\u0131 yog\u0306un bic\u0327imde su\u0308rdu\u0308ren Tu\u0308rkiye gibi u\u0308lkelerin sinemasal u\u0308retimlerini anlamak ac\u0327\u0131s\u0131ndan o\u0308nemli oldug\u0306unu du\u0308s\u0327u\u0308nu\u0308yoruz. Og\u0306uz Adan\u0131r\u2019a hem bu tart\u0131s\u0327malar\u0131n su\u0308rmesini sag\u0306lad\u0131g\u0306\u0131 hem de bu kitaba yapt\u0131g\u0306\u0131 katk\u0131lar ic\u0327in bir kez daha tes\u0327ekku\u0308r ederiz.Bu kitab\u0131n yay\u0131na haz\u0131rlanmas\u0131 su\u0308recinde sevgili arkadas\u0327\u0131m\u0131z Deniz Dalk\u0131l\u0131c\u0327\u2019\u0131 maalesef kaybettik.SineMasaL\u2019\u0131n ilk c\u0327\u0131kmaya bas\u0327lad\u0131g\u0306\u0131 gu\u0308nden itibaren her as\u0327amas\u0131nda Deniz Dalk\u0131l\u0131c\u0327\u2019\u0131n yog\u0306un emeg\u0306i vard\u0131. Onu SineMasaL derginin ilk say\u0131s\u0131nda yay\u0131mlanm\u0131s\u0327 olan \u201cYaral\u0131 Bilinc\u0327\u201d u\u0308zerine yazm\u0131s\u0327 oldug\u0306u \u201cSahte Modernlik\u201d yaz\u0131s\u0131 ile ya\u0302d etmek istiyoruz ve bir kez daha tu\u0308m ailesine ve sevenlerine bas\u0327sag\u0306l\u0131g\u0306\u0131 diliyoruz.Zihniyet kitab\u0131n\u0131n ard\u0131ndan SineMasaL u\u0308c\u0327u\u0308ncu\u0308 kitab\u0131 olan Yeni u\u0308zerine c\u0327al\u0131s\u0327malar\u0131na bas\u0327lam\u0131s\u0327t\u0131r. C\u0327ok k\u0131sa bir su\u0308re ic\u0327inde c\u0327ag\u0306r\u0131 metnimizi yay\u0131mlayacag\u0306\u0131z. SineMasaL kendi yay\u0131n ilkeleri ve politikas\u0131 bag\u0306lam\u0131nda her tu\u0308rlu\u0308 katk\u0131y\u0131 bekliyor. O\u0308nu\u0308mu\u0308zdeki kitaplarda go\u0308ru\u0308s\u0327mek dileg\u0306iyle.<\/p>\n","protected":false},"excerpt":{"rendered":"<p>SineMasaL\u2019\u0131n ikinci kitab\u0131 olan Zihniyet ile kars\u0327\u0131n\u0131zday\u0131z. Zihniyet kavram\u0131n\u0131 sinema ile olan ilis\u0327kisi bag\u0306lam\u0131nda, farkl\u0131 boyutlarda tart\u0131s\u0327maya c\u0327al\u0131s\u0327t\u0131k. Bu kitab\u0131n haz\u0131rlanmas\u0131 noktas\u0131nda, go\u0308nderdikleri yaz\u0131larla katk\u0131 sag\u0306layan,<span class=\"excerpt-hellip\"> [\u2026]<\/span><\/p>\n","protected":false},"featured_media":0,"template":"","meta":{"_monsterinsights_skip_tracking":false,"_monsterinsights_sitenote_active":false,"_monsterinsights_sitenote_note":"","_monsterinsights_sitenote_category":0},"product_brand":[],"product_cat":[30023,13527],"product_tag":[],"class_list":{"0":"post-719850","1":"product","2":"type-product","3":"status-publish","5":"product_cat-edebiyat-sureli-yayinlar","6":"product_cat-sureli-yayinlar","7":"pa_cilt-ciltsiz","8":"pa_tur-dergi","9":"pa_yayinevi-dogu-bati-yayinlari","10":"pa_yazar-kolektif","12":"first","13":"instock","14":"sale","15":"shipping-taxable","16":"purchasable","17":"product-type-simple"},"_links":{"self":[{"href":"https:\/\/roveyayinevi.com.tr\/index.php\/wp-json\/wp\/v2\/product\/719850","targetHints":{"allow":["GET"]}}],"collection":[{"href":"https:\/\/roveyayinevi.com.tr\/index.php\/wp-json\/wp\/v2\/product"}],"about":[{"href":"https:\/\/roveyayinevi.com.tr\/index.php\/wp-json\/wp\/v2\/types\/product"}],"wp:attachment":[{"href":"https:\/\/roveyayinevi.com.tr\/index.php\/wp-json\/wp\/v2\/media?parent=719850"}],"wp:term":[{"taxonomy":"product_brand","embeddable":true,"href":"https:\/\/roveyayinevi.com.tr\/index.php\/wp-json\/wp\/v2\/product_brand?post=719850"},{"taxonomy":"product_cat","embeddable":true,"href":"https:\/\/roveyayinevi.com.tr\/index.php\/wp-json\/wp\/v2\/product_cat?post=719850"},{"taxonomy":"product_tag","embeddable":true,"href":"https:\/\/roveyayinevi.com.tr\/index.php\/wp-json\/wp\/v2\/product_tag?post=719850"}],"curies":[{"name":"wp","href":"https:\/\/api.w.org\/{rel}","templated":true}]}}

<p>SineMasaL’ın ikinci kitabı olan Zihniyet ile karşınızdayız. Zihniyet kavramını sinema ile olan ilişkisi bağlamında, farklı boyutlarda tartışmaya çalıştık. Bu kitabın hazırlanması noktasında, gönderdikleri yazılarla katkı sağlayan, iletişimleri sağlayan, yayına hazırlayan herkese emekleri için teşekkür ediyoruz. SineMasaL ilk günden beri maddi çıkarları olmayan insanların ortak emeklerinin ürünü ve geçmişte olduğu gibi bugün de herkesin emeğine açık.Zihniyet üzerine hazırladığımız bu kitabı, çağrı metninde de belirttiğimiz gibi, değerli hocamız Oğuz Adanır’a armağan ediyoruz. Kendisinin çalışma alanının en önemli kavramlarından birisi olan zihniyetin, özellikle gelenek ile modernlik arasındaki tartışmasını yoğun biçimde sürdüren Türkiye gibi ülkelerin sinemasal üretimlerini anlamak açısından önemli olduğunu düşünüyoruz. Oğuz Adanır’a hem bu tartışmaların sürmesini sağladığı hem de bu kitaba yaptığı katkılar için bir kez daha teşekkür ederiz.Bu kitabın yayına hazırlanması sürecinde sevgili arkadaşımız Deniz Dalkılıç’ı maalesef kaybettik.SineMasaL’ın ilk çıkmaya başladığı günden itibaren her aşamasında Deniz Dalkılıç’ın yoğun emeği vardı. Onu SineMasaL derginin ilk sayısında yayımlanmış olan “Yaralı Bilinç” üzerine yazmış olduğu “Sahte Modernlik” yazısı ile yâd etmek istiyoruz ve bir kez daha tüm ailesine ve sevenlerine başsağlığı diliyoruz.Zihniyet kitabının ardından SineMasaL üçüncü kitabı olan Yeni üzerine çalışmalarına başlamıştır. Çok kısa bir süre içinde çağrı metnimizi yayımlayacağız. SineMasaL kendi yayın ilkeleri ve politikası bağlamında her türlü katkıyı bekliyor. Önümüzdeki kitaplarda görüşmek dileğiyle.</p>

<p>SineMasaL’ın ikinci kitabı olan Zihniyet ile karşınızdayız. Zihniyet kavramını sinema ile olan ilişkisi bağlamında, farklı boyutlarda tartışmaya çalıştık. Bu kitabın hazırlanması noktasında, gönderdikleri yazılarla katkı sağlayan,<span class="excerpt-hellip"> […]</span></p>
