{"id":719826,"date":"2025-08-27T18:27:13","date_gmt":"2025-08-27T15:27:13","guid":{"rendered":"https:\/\/roveyayinevi.com.tr\/index.php\/urun\/uyku-rutini\/"},"modified":"2025-11-09T05:28:12","modified_gmt":"2025-11-09T02:28:12","slug":"uyku-rutini","status":"publish","type":"product","link":"https:\/\/roveyayinevi.com.tr\/index.php\/urun\/uyku-rutini\/","title":{"rendered":"Uyku Rutini"},"content":{"rendered":"<p>Bebe\u011finiz a\u011flaya a\u011flaya uyudu\u011funda ne hisseder? Bir bebek i\u00e7in ideal uyku s\u00fcresi nedir? Bebe\u011finizin uykusu s\u0131k s\u0131k b\u00f6l\u00fcn\u00fcyorsa ne yapmal\u0131s\u0131n\u0131z? Uykusuzlu\u011fa yol a\u00e7an fiziksel sorunlar neler olabilir? Uyku rutini nas\u0131l olu\u015fturulur? Uykusuzluk, bebe\u011fin ya\u015fam\u0131n\u0131n ilk y\u0131llar\u0131nda anne babalar\u0131 en \u00e7ok zorlayan konular\u0131n ba\u015f\u0131nda gelir. O y\u0131llar\u0131 anne babalar genellikle hi\u00e7 uyumam\u0131\u015f gibi hissettikleri zamanlar olarak hat\u0131rlarlar.  Elizabeth Pantley\u2019nin kaleme ald\u0131\u011f\u0131 Uyku Rutini, yorgunluktan bitkin d\u00fc\u015fm\u00fc\u015f anne babalara bebeklerinin gece boyunca hi\u00e7 a\u011flamadan m\u0131\u015f\u0131l m\u0131\u015f\u0131l uyumas\u0131n\u0131 sa\u011flayacak \u015fefkatli bir y\u00f6ntem sunuyor. Uykusuzlu\u011fun dayan\u0131lmaz oldu\u011fu bu d\u00f6nemde anne baban\u0131n kendi ruh sa\u011fl\u0131klar\u0131n\u0131 nas\u0131l koruyaca\u011f\u0131yla ilgili de e\u015fsiz \u00f6neriler payla\u015f\u0131yor.  <\/p>\n","protected":false},"excerpt":{"rendered":"<p>Bebe\u011finiz a\u011flaya a\u011flaya uyudu\u011funda ne hisseder? Bir bebek i\u00e7in ideal uyku s\u00fcresi nedir? Bebe\u011finizin uykusu s\u0131k s\u0131k b\u00f6l\u00fcn\u00fcyorsa ne yapmal\u0131s\u0131n\u0131z? Uykusuzlu\u011fa yol a\u00e7an fiziksel sorunlar neler<span class=\"excerpt-hellip\"> [\u2026]<\/span><\/p>\n","protected":false},"featured_media":0,"template":"","meta":{"_monsterinsights_skip_tracking":false,"_monsterinsights_sitenote_active":false,"_monsterinsights_sitenote_note":"","_monsterinsights_sitenote_category":0},"product_brand":[],"product_cat":[14902,13365],"product_tag":[],"class_list":{"0":"post-719826","1":"product","2":"type-product","3":"status-publish","5":"product_cat-annelik-ve-cocuk-bakimi","6":"product_cat-saglik","7":"pa_cilt-ciltsiz","8":"pa_tur-kitap","9":"pa_yayinevi-dogan-kitap","10":"pa_yazar-elizabeth-pantley","12":"first","13":"instock","14":"sale","15":"shipping-taxable","16":"purchasable","17":"product-type-simple"},"_links":{"self":[{"href":"https:\/\/roveyayinevi.com.tr\/index.php\/wp-json\/wp\/v2\/product\/719826","targetHints":{"allow":["GET"]}}],"collection":[{"href":"https:\/\/roveyayinevi.com.tr\/index.php\/wp-json\/wp\/v2\/product"}],"about":[{"href":"https:\/\/roveyayinevi.com.tr\/index.php\/wp-json\/wp\/v2\/types\/product"}],"wp:attachment":[{"href":"https:\/\/roveyayinevi.com.tr\/index.php\/wp-json\/wp\/v2\/media?parent=719826"}],"wp:term":[{"taxonomy":"product_brand","embeddable":true,"href":"https:\/\/roveyayinevi.com.tr\/index.php\/wp-json\/wp\/v2\/product_brand?post=719826"},{"taxonomy":"product_cat","embeddable":true,"href":"https:\/\/roveyayinevi.com.tr\/index.php\/wp-json\/wp\/v2\/product_cat?post=719826"},{"taxonomy":"product_tag","embeddable":true,"href":"https:\/\/roveyayinevi.com.tr\/index.php\/wp-json\/wp\/v2\/product_tag?post=719826"}],"curies":[{"name":"wp","href":"https:\/\/api.w.org\/{rel}","templated":true}]}}