{"id":719813,"date":"2025-08-27T18:27:02","date_gmt":"2025-08-27T15:27:02","guid":{"rendered":"https:\/\/roveyayinevi.com.tr\/index.php\/urun\/aru-shah-ve-zamanin-sonu-ciltli\/"},"modified":"2025-12-30T10:24:51","modified_gmt":"2025-12-30T07:24:51","slug":"aru-shah-ve-zamanin-sonu-ciltli","status":"publish","type":"product","link":"https:\/\/roveyayinevi.com.tr\/index.php\/urun\/aru-shah-ve-zamanin-sonu-ciltli\/","title":{"rendered":"Aru Shah ve Zaman\u0131n Sonu (Ciltli)"},"content":{"rendered":"<p>Aru Shah, ortaokula giden ve annesinin m\u00fcd\u00fcr olarak \u00e7al\u0131\u015ft\u0131\u011f\u0131 Antik Hint Sanat ve K\u00fclt\u00fcr M\u00fczesi\u2019ndeki ufak bir dairede ya\u015fayan, s\u0131radan bir k\u0131zd\u0131. Yani en az\u0131ndan o \u00f6yle san\u0131yordu! Bir g\u00fcn okulda rezil olmamak ve arkada\u015flar\u0131na hava atmak isterken m\u00fczedeki eski bir lambay\u0131 yakt\u0131. Annesinin, lanetli oldu\u011funu ve asla ama asla yak\u0131lmamas\u0131 gerekti\u011fini s\u00f6yledi\u011fi lambay\u0131! \u0130\u015fte o zaman i\u015fler \u00e7\u0131\u011f\u0131r\u0131ndan \u00f6yle bir \u00e7\u0131kt\u0131 ki Aru, kendisini Hindu mitolojisiyle \u00e7evrili bir maceran\u0131n i\u00e7inde buldu!\u015eimdi b\u00fct\u00fcn hastal\u0131klardan korkan ruh karde\u015fiyle birlikte bir s\u00fcr\u00fc do\u011fa\u00fcst\u00fc g\u00f6revi yerine getirmesi ve zaman\u0131n sonu gelmesin diye \u00f6l\u00fcmle burun buruna gelmesi gerekiyordu. Ama bunlar\u0131n hepsini, \u00fczerindeki \u00d6r\u00fcmcek Adam pijamas\u0131yla yapabilecek miydi?Aru Shah ve Zaman\u0131n Sonu\u2019na \u00d6vg\u00fcler\u201cYeni bir y\u0131ld\u0131z do\u011fuyor. Aru Shah ve Zaman\u0131n Sonu ak\u0131l almaz ve d\u00e2hiyane. Orijinal ve b\u00fcy\u00fcleyici olan bu hik\u00e2ye, zek\u00e2 ve sihirle par\u0131ld\u0131yor. Fantastik kurgu hi\u00e7 bu kadar e\u011flenceli olmam\u0131\u015ft\u0131.\u201dEoin Colfer\u201c\u00c7ok komik ve d\u00e2hiyane, zek\u00e2 ve s\u0131cakl\u0131k dolu, hayret verici. Aru Shah efsanelerin b\u00fcy\u00fck kahramanlar\u0131n\u0131n yan\u0131nda bir yer hak eden zeki ve inand\u0131r\u0131c\u0131 bir kahramani\u00e7e. Bu kitap var oldu\u011fu ve devam\u0131 da gelece\u011fi i\u00e7in \u00e7ok memnunum!\u201dShannon Messenger<\/p>\n","protected":false},"excerpt":{"rendered":"<p>Aru Shah, ortaokula giden ve annesinin m\u00fcd\u00fcr olarak \u00e7al\u0131\u015ft\u0131\u011f\u0131 Antik Hint Sanat ve K\u00fclt\u00fcr M\u00fczesi\u2019ndeki ufak bir dairede ya\u015fayan, s\u0131radan bir k\u0131zd\u0131. Yani en az\u0131ndan o<span class=\"excerpt-hellip\"> [\u2026]<\/span><\/p>\n","protected":false},"featured_media":0,"template":"","meta":{"_monsterinsights_skip_tracking":false,"_monsterinsights_sitenote_active":false,"_monsterinsights_sitenote_note":"","_monsterinsights_sitenote_category":0},"product_brand":[],"product_cat":[12274,12284],"product_tag":[],"class_list":{"0":"post-719813","1":"product","2":"type-product","3":"status-publish","5":"product_cat-cocuk-ve-genclik-kitaplari","6":"product_cat-hikayeler","7":"pa_cilt-ciltli","8":"pa_tur-kitap","9":"pa_yayinevi-ithaki-yayinlari","10":"pa_yazar-roshani-chokshi","12":"first","13":"instock","14":"sale","15":"shipping-taxable","16":"purchasable","17":"product-type-simple"},"_links":{"self":[{"href":"https:\/\/roveyayinevi.com.tr\/index.php\/wp-json\/wp\/v2\/product\/719813","targetHints":{"allow":["GET"]}}],"collection":[{"href":"https:\/\/roveyayinevi.com.tr\/index.php\/wp-json\/wp\/v2\/product"}],"about":[{"href":"https:\/\/roveyayinevi.com.tr\/index.php\/wp-json\/wp\/v2\/types\/product"}],"wp:attachment":[{"href":"https:\/\/roveyayinevi.com.tr\/index.php\/wp-json\/wp\/v2\/media?parent=719813"}],"wp:term":[{"taxonomy":"product_brand","embeddable":true,"href":"https:\/\/roveyayinevi.com.tr\/index.php\/wp-json\/wp\/v2\/product_brand?post=719813"},{"taxonomy":"product_cat","embeddable":true,"href":"https:\/\/roveyayinevi.com.tr\/index.php\/wp-json\/wp\/v2\/product_cat?post=719813"},{"taxonomy":"product_tag","embeddable":true,"href":"https:\/\/roveyayinevi.com.tr\/index.php\/wp-json\/wp\/v2\/product_tag?post=719813"}],"curies":[{"name":"wp","href":"https:\/\/api.w.org\/{rel}","templated":true}]}}