{"id":719808,"date":"2025-08-27T18:26:59","date_gmt":"2025-08-27T15:26:59","guid":{"rendered":"https:\/\/roveyayinevi.com.tr\/index.php\/urun\/ataturkten-son-emir\/"},"modified":"2026-04-16T02:27:54","modified_gmt":"2026-04-15T23:27:54","slug":"ataturkten-son-emir","status":"publish","type":"product","link":"https:\/\/roveyayinevi.com.tr\/index.php\/urun\/ataturkten-son-emir\/","title":{"rendered":"Atat\u00fcrk\u2019ten Son Emir"},"content":{"rendered":"<p>Atat\u00fcrk\u2019\u00fcn bar\u0131\u015f anlay\u0131\u015f\u0131n\u0131 \u0130ngiliz B\u00fcy\u00fckel\u00e7isi Loraine 10 Kas\u0131m 1942 tarihinde \u015fu \u015fekilde tan\u0131mlamaktad\u0131r: \u201cOnun politikas\u0131 bar\u0131\u015f, dostluk, uzla\u015fma politikas\u0131yd\u0131. Kom\u015fular\u0131 olan di\u011fer \u00fclkelerin, yeni T\u00fcrkiye Devleti\u2019ni kabul etmeleri ve s\u0131n\u0131rlar\u0131na sayg\u0131 g\u00f6stermeleri ko\u015fulu ile de daima onun d\u0131\u015f politikas\u0131 sava\u015f kar\u015f\u0131s\u0131nda bir garanti idi&#8230;\u201d Mustafa Kemal Atat\u00fcrk\u2019\u00fcn bar\u0131\u015f\u0131 koruma \u00e7abalar\u0131 Venizelos taraf\u0131ndan da takdir edilmi\u015f, hatta 12 Ocak 1934 tarihinde \u201cSamimi bar\u0131\u015f arzusuyla dolu olduklar\u0131nda, en derin farkl\u0131l\u0131klara sahip halklar\u0131n bile tekrar yak\u0131nla\u015fabileceklerini g\u00f6steren bu yeniden birbirimize yak\u0131nla\u015fma faaliyeti hem iki \u00fclke i\u00e7in hem de Yak\u0131ndo\u011fu\u2019daki bar\u0131\u015f\u0131 s\u00fcrd\u00fcrmek i\u00e7in faydal\u0131 oldu. Bar\u0131\u015f\u0131 tesis etmek i\u00e7in yap\u0131lan bu paha bi\u00e7ilmez katk\u0131y\u0131 ger\u00e7ekle\u015ftiren ki\u015fi elbette T\u00fcrkiye Cumhuriyeti Cumhurba\u015fkan\u0131 Mustafa Kemal Pa\u015fa\u2019d\u0131r&#8230;\u201d diyerek onu Nobel Bar\u0131\u015f \u00d6d\u00fcl\u00fc\u2019ne aday g\u00f6stermi\u015ftir. Andrew Mango, \u201cHer \u015feyden \u00f6tesi, o bir kurucudur, modern zamanlar\u0131n en b\u00fcy\u00fck ulus kurucusudur, zaman \u00f6tesidir&#8230;\u201d diyor onun i\u00e7in, yani zaman yolcusu. Zaman yolcusu oldu\u011fu s\u00f6ylenen bir ki\u015finin y\u00fcz y\u0131lda bir gelebilece\u011fini s\u00f6yleyen \u0130ngilizler az veya \u00e7ok bir \u015feyler anlatmaya \u00e7al\u0131\u015fm\u0131\u015flar. Hem de en b\u00fcy\u00fck d\u00fc\u015fman g\u00f6rd\u00fckleri Atat\u00fcrk ad\u0131na bunlar\u0131 s\u00f6ylemi\u015f olmalar\u0131 bize her \u015feyi anlatmaya yetiyor. Tesla\u2019n\u0131n s\u00f6yledi\u011fi gibi evrenin t\u00fcm s\u0131rr\u0131 9 rakam\u0131nda ise kitab\u0131m\u0131zda tesad\u00fcf olmayan bir\u00e7ok bilgiyle kar\u015f\u0131la\u015facaks\u0131n\u0131z. \u0130kinci a\u015famada ise 19 rakam\u0131 ile ilgili bilgilerle&#8230; Milli M\u00fccadele\u2019nin y\u00fcz\u00fcnc\u00fc y\u0131l\u0131nda Atat\u00fcrk\u2019ten bize aktar\u0131lan emirleri g\u00f6rmemiz ve uygulay\u0131c\u0131s\u0131 olmam\u0131z gerekiyor. Bel\u00e7ikal\u0131 yazar Daniel Dumoulin diyor ki: \u201cT\u00fcrkiye, Atat\u00fcrk\u2019\u00fc Tanr\u0131\u2019ya bor\u00e7lusun. Geriye kalan her \u015feyi de Atat\u00fcrk\u2019e&#8230;\u201d <\/p>\n","protected":false},"excerpt":{"rendered":"<p>Atat\u00fcrk\u2019\u00fcn bar\u0131\u015f anlay\u0131\u015f\u0131n\u0131 \u0130ngiliz B\u00fcy\u00fckel\u00e7isi Loraine 10 Kas\u0131m 1942 tarihinde \u015fu \u015fekilde tan\u0131mlamaktad\u0131r: \u201cOnun politikas\u0131 bar\u0131\u015f, dostluk, uzla\u015fma politikas\u0131yd\u0131. Kom\u015fular\u0131 olan di\u011fer \u00fclkelerin, yeni T\u00fcrkiye Devleti\u2019ni<span class=\"excerpt-hellip\"> [\u2026]<\/span><\/p>\n","protected":false},"featured_media":0,"template":"","meta":{"_monsterinsights_skip_tracking":false,"_monsterinsights_sitenote_active":false,"_monsterinsights_sitenote_note":"","_monsterinsights_sitenote_category":0},"product_brand":[],"product_cat":[12530,12304],"product_tag":[],"class_list":{"0":"post-719808","1":"product","2":"type-product","3":"status-publish","5":"product_cat-mustafa-kemal-ataturk","6":"product_cat-tarih","7":"pa_cilt-ciltsiz","8":"pa_tur-kitap","9":"pa_yayinevi-destek-yayinlari","10":"pa_yazar-huseyin-hakki-kahveci","12":"first","13":"instock","14":"sale","15":"shipping-taxable","16":"purchasable","17":"product-type-simple"},"_links":{"self":[{"href":"https:\/\/roveyayinevi.com.tr\/index.php\/wp-json\/wp\/v2\/product\/719808","targetHints":{"allow":["GET"]}}],"collection":[{"href":"https:\/\/roveyayinevi.com.tr\/index.php\/wp-json\/wp\/v2\/product"}],"about":[{"href":"https:\/\/roveyayinevi.com.tr\/index.php\/wp-json\/wp\/v2\/types\/product"}],"wp:attachment":[{"href":"https:\/\/roveyayinevi.com.tr\/index.php\/wp-json\/wp\/v2\/media?parent=719808"}],"wp:term":[{"taxonomy":"product_brand","embeddable":true,"href":"https:\/\/roveyayinevi.com.tr\/index.php\/wp-json\/wp\/v2\/product_brand?post=719808"},{"taxonomy":"product_cat","embeddable":true,"href":"https:\/\/roveyayinevi.com.tr\/index.php\/wp-json\/wp\/v2\/product_cat?post=719808"},{"taxonomy":"product_tag","embeddable":true,"href":"https:\/\/roveyayinevi.com.tr\/index.php\/wp-json\/wp\/v2\/product_tag?post=719808"}],"curies":[{"name":"wp","href":"https:\/\/api.w.org\/{rel}","templated":true}]}}