{"id":719799,"date":"2025-08-27T18:26:52","date_gmt":"2025-08-27T15:26:52","guid":{"rendered":"https:\/\/roveyayinevi.com.tr\/index.php\/urun\/dipten-gelen-dalga-2\/"},"modified":"2026-03-03T02:40:42","modified_gmt":"2026-03-02T23:40:42","slug":"dipten-gelen-dalga-2","status":"publish","type":"product","link":"https:\/\/roveyayinevi.com.tr\/index.php\/urun\/dipten-gelen-dalga-2\/","title":{"rendered":"Dipten Gelen Dalga -2"},"content":{"rendered":"<p>Paris D\u00fc\u015ferken, F\u0131rt\u0131na ve Dipten Gelen Dalga\u2019dan olu\u015fan nehir roman, 20. y\u00fczy\u0131l\u0131n en hareketli d\u00f6nemini t\u00fcm taraflar\u0131 ve \u00e7e\u015fitli y\u00f6nleriyle tasvir eden dev bir eserdir. \u00dc\u00e7lemenin bu son cildi, \u0130kinci D\u00fcnya Sava\u015f\u0131 sonras\u0131nda kurulan yeni d\u00fcnyay\u0131 anlat\u0131yor. 20. y\u00fczy\u0131l\u0131n ortas\u0131nda b\u00fcy\u00fck bir yara a\u00e7arak beliren deh\u015fet bitmi\u015ftir ama, \u015fimdi daha sinsi ve daha gizli bir sava\u015f ba\u015flam\u0131\u015ft\u0131r. Dolay\u0131s\u0131yla, o \u00f6n\u00fcne \u00e7\u0131kan her \u015feyi yak\u0131p kavuran f\u0131rt\u0131na dinmi\u015f gibi g\u00f6r\u00fcnse de k\u00fcller aras\u0131nda kalan kordan yeni f\u0131rt\u0131nalar k\u00f6r\u00fcklenmektedir. Ehrenburg bu kitab\u0131nda So\u011fuk Sava\u015f\u2019\u0131n ilk y\u0131llar\u0131na ayna tutuyor. Fa\u015fizmin y\u0131kamad\u0131\u011f\u0131 Sovyetler Birli\u011fi\u2019ne kar\u015f\u0131 ABD\u2019de yap\u0131lan planlar, Pentagon\u2019dan Paris H\u00fck\u00fcmeti\u2019ne kadar uzanan entrikalar ekseninde hayata ge\u00e7irilirken, sosyalizm ve kapitalizm aras\u0131ndaki sava\u015f\u0131n yeni cephesinde ya\u015fayan direni\u015f g\u00fc\u00e7leri de yeni durum i\u00e7in mevzilenmektedir. Y\u00fczy\u0131l\u0131n en b\u00fcy\u00fck romanlar\u0131ndan say\u0131lan ve say\u0131s\u0131z dilde bas\u0131larak milyonlarca insan taraf\u0131ndan be\u011feniyle okunan bir klasik. Serinin Dipten Gelen Dalga ciltleri usta \u00e7evirmen Mazlum Beyhan\u2019\u0131n Rus\u00e7a asl\u0131ndan yapt\u0131\u011f\u0131 \u00e7eviriyle okurlarla bulu\u015fuyor. <\/p>\n","protected":false},"excerpt":{"rendered":"<p>Paris D\u00fc\u015ferken, F\u0131rt\u0131na ve Dipten Gelen Dalga\u2019dan olu\u015fan nehir roman, 20. y\u00fczy\u0131l\u0131n en hareketli d\u00f6nemini t\u00fcm taraflar\u0131 ve \u00e7e\u015fitli y\u00f6nleriyle tasvir eden dev bir eserdir. \u00dc\u00e7lemenin<span class=\"excerpt-hellip\"> [\u2026]<\/span><\/p>\n","protected":false},"featured_media":0,"template":"","meta":{"_monsterinsights_skip_tracking":false,"_monsterinsights_sitenote_active":false,"_monsterinsights_sitenote_note":"","_monsterinsights_sitenote_category":0},"product_brand":[],"product_cat":[12291,12711],"product_tag":[],"class_list":{"0":"post-719799","1":"product","2":"type-product","3":"status-publish","5":"product_cat-edebiyat","6":"product_cat-roman-oyku","7":"pa_cilt-ciltsiz","8":"pa_tur-kitap","9":"pa_yayinevi-kor-kitap","10":"pa_yazar-ilya-ehrenburg","12":"first","13":"instock","14":"sale","15":"shipping-taxable","16":"purchasable","17":"product-type-simple"},"_links":{"self":[{"href":"https:\/\/roveyayinevi.com.tr\/index.php\/wp-json\/wp\/v2\/product\/719799","targetHints":{"allow":["GET"]}}],"collection":[{"href":"https:\/\/roveyayinevi.com.tr\/index.php\/wp-json\/wp\/v2\/product"}],"about":[{"href":"https:\/\/roveyayinevi.com.tr\/index.php\/wp-json\/wp\/v2\/types\/product"}],"wp:attachment":[{"href":"https:\/\/roveyayinevi.com.tr\/index.php\/wp-json\/wp\/v2\/media?parent=719799"}],"wp:term":[{"taxonomy":"product_brand","embeddable":true,"href":"https:\/\/roveyayinevi.com.tr\/index.php\/wp-json\/wp\/v2\/product_brand?post=719799"},{"taxonomy":"product_cat","embeddable":true,"href":"https:\/\/roveyayinevi.com.tr\/index.php\/wp-json\/wp\/v2\/product_cat?post=719799"},{"taxonomy":"product_tag","embeddable":true,"href":"https:\/\/roveyayinevi.com.tr\/index.php\/wp-json\/wp\/v2\/product_tag?post=719799"}],"curies":[{"name":"wp","href":"https:\/\/api.w.org\/{rel}","templated":true}]}}