{"id":719774,"date":"2025-08-27T18:26:32","date_gmt":"2025-08-27T15:26:32","guid":{"rendered":"https:\/\/roveyayinevi.com.tr\/index.php\/urun\/cizgiyi-okumak\/"},"modified":"2026-04-16T02:27:53","modified_gmt":"2026-04-15T23:27:53","slug":"cizgiyi-okumak","status":"publish","type":"product","link":"https:\/\/roveyayinevi.com.tr\/index.php\/urun\/cizgiyi-okumak\/","title":{"rendered":"\u00c7izgiyi Okumak"},"content":{"rendered":"<p>Baz\u0131 ili\u015fkiler bir ortak payda etraf\u0131nda geli\u015fir. Bu ortak payda ili\u015fkinin yasland\u0131\u011f\u0131 ana ilke gibidir. Hasan Ayc\u0131n; ben, \u00d6mer Lekesiz ve Mete \u00c7amdereli\u2019yle aram\u0131zdaki ili\u015fkinin ortak paydas\u0131 olmu\u015ftur. Yolun ba\u015f\u0131nda hi\u00e7 d\u00fc\u015f\u00fcnmedi\u011fimiz, hesaplamad\u0131\u011f\u0131m\u0131z bir \u015fey oldu ve \u00fc\u00e7\u00fcm\u00fcz de Hasan Ayc\u0131n\u2019la ilgili birer monografi yazm\u0131\u015f olduk. \u00d6mer\u2019inki kavramlardan hareketle, \u00f6zellikle imge ve simgenin merkeze al\u0131nd\u0131\u011f\u0131 bir \u00e7\u00f6z\u00fcmleme oldu. Benimkisi, \u00e7izgileri belirli kategorilerde toplay\u0131p anlam\u0131n derdine d\u00fc\u015fmekti. Mete\u2019ninki \u00e7izgileri bir y\u00f6ntem d\u00e2hilinde okumak oldu. Sanki bu \u00fc\u00e7 kitap yan yana kondu\u011funda kendi eksikliklerini birbiriyle tamamlayacak bir yap\u0131 arz ediyor; t\u0131pk\u0131 birbirimizle ili\u015fkilerimizde oldu\u011fu gibi. Dikkatli okur, kitaplar aras\u0131ndaki ortak payday\u0131 rahatl\u0131kla g\u00f6rebilecektir.Cemal \u015eakar<\/p>\n","protected":false},"excerpt":{"rendered":"<p>Baz\u0131 ili\u015fkiler bir ortak payda etraf\u0131nda geli\u015fir. Bu ortak payda ili\u015fkinin yasland\u0131\u011f\u0131 ana ilke gibidir. Hasan Ayc\u0131n; ben, \u00d6mer Lekesiz ve Mete \u00c7amdereli\u2019yle aram\u0131zdaki ili\u015fkinin ortak<span class=\"excerpt-hellip\"> [\u2026]<\/span><\/p>\n","protected":false},"featured_media":0,"template":"","meta":{"_monsterinsights_skip_tracking":false,"_monsterinsights_sitenote_active":false,"_monsterinsights_sitenote_note":"","_monsterinsights_sitenote_category":0},"product_brand":[],"product_cat":[13072,12291],"product_tag":[],"class_list":{"0":"post-719774","1":"product","2":"type-product","3":"status-publish","5":"product_cat-arastirma-inceleme-referans","6":"product_cat-edebiyat","7":"pa_cilt-ciltsiz","8":"pa_tur-kitap","9":"pa_yayinevi-ketebe-yayinlari","10":"pa_yazar-mete-camdereli","12":"first","13":"instock","14":"sale","15":"shipping-taxable","16":"purchasable","17":"product-type-simple"},"_links":{"self":[{"href":"https:\/\/roveyayinevi.com.tr\/index.php\/wp-json\/wp\/v2\/product\/719774","targetHints":{"allow":["GET"]}}],"collection":[{"href":"https:\/\/roveyayinevi.com.tr\/index.php\/wp-json\/wp\/v2\/product"}],"about":[{"href":"https:\/\/roveyayinevi.com.tr\/index.php\/wp-json\/wp\/v2\/types\/product"}],"wp:attachment":[{"href":"https:\/\/roveyayinevi.com.tr\/index.php\/wp-json\/wp\/v2\/media?parent=719774"}],"wp:term":[{"taxonomy":"product_brand","embeddable":true,"href":"https:\/\/roveyayinevi.com.tr\/index.php\/wp-json\/wp\/v2\/product_brand?post=719774"},{"taxonomy":"product_cat","embeddable":true,"href":"https:\/\/roveyayinevi.com.tr\/index.php\/wp-json\/wp\/v2\/product_cat?post=719774"},{"taxonomy":"product_tag","embeddable":true,"href":"https:\/\/roveyayinevi.com.tr\/index.php\/wp-json\/wp\/v2\/product_tag?post=719774"}],"curies":[{"name":"wp","href":"https:\/\/api.w.org\/{rel}","templated":true}]}}