{"id":719765,"date":"2025-08-27T18:26:25","date_gmt":"2025-08-27T15:26:25","guid":{"rendered":"https:\/\/roveyayinevi.com.tr\/index.php\/urun\/grev\/"},"modified":"2026-04-16T02:27:53","modified_gmt":"2026-04-15T23:27:53","slug":"grev","status":"publish","type":"product","link":"https:\/\/roveyayinevi.com.tr\/index.php\/urun\/grev\/","title":{"rendered":"Grev"},"content":{"rendered":"<p>JeremyBrecher bize bir arma\u011fan ve bir alet verdi. Bu kitapta tarihimizin kuvvetli ve betimleyici bir arma\u011fan\u0131 yat\u0131yor: Yo\u011fun ve yarat\u0131c\u0131 militan m\u00fccadelenin bir arma\u011fan\u0131. Bu hik\u00e2yenin i\u00e7inde, bu m\u00fccadeleyi daha iyi anlamam\u0131za ve yorumlamam\u0131za yard\u0131m edecek, ba\u015fka d\u00fcnyalar kurmakta kullanabilece\u011fimiz bir alet.Bizler, yani i\u015f\u00e7iler, kolay tan\u0131mlan\u0131r bir kategoridir \u00e7al\u0131\u015fanlar\u0131m\u0131z\u0131n baz\u0131lar\u0131 hayatta kalmak i\u00e7in \u00e7al\u0131\u015fmaya mecburdur ve toplumdaki hemen hi\u00e7bir \u015fey hakk\u0131nda karar vermez: ne yap\u0131ls\u0131n, ne kadar, kim \u00fcretsin, nerede \u00fcretelim. Occupy\u2019da bahsedilen bu %99\u2019dur. Grev! bize tarihimizi, yani tarihi yapanlar, sava\u015f\u00e7\u0131lar, d\u00fc\u015f kuranlar ve d\u00fcnyay\u0131 de\u011fi\u015ftirenler olarak rol\u00fcm\u00fcz\u00fc geri verir. Genellikle bizden gizlenen bir tarih. Grev!\u2019in yenilenmi\u015f bask\u0131s\u0131nda bulaca\u011f\u0131n\u0131z grevler ve m\u00fccadelelerin anlat\u0131m\u0131, tarihin tam bu an\u0131na \u2013Occupy, Wisconsin, g\u00f6\u00e7men haklar\u0131 hareketlili\u011fi ve k\u00fcresel finans kurumlar\u0131na kar\u015f\u0131 do\u011frudan eylemlere denk d\u00fc\u015fer; JeremyBrecher\u2019\u0131n \u201cmini devrimler\u201d dedi\u011fi \u015feylerle dolu \u00e7a\u011fda\u015f tarih.Bazen ge\u00e7mi\u015fle ili\u015fkimizde devlerin omuzlar\u0131nda oturdu\u011fumuz s\u00f6ylenir. Bu kitap, ger\u00e7ekten, ba\u015fka bir d\u00fcnya i\u00e7in sava\u015fan ve onu yaratan s\u0131radan insanlarla omuz omuza durdu\u011fumuzu g\u00f6steriyor. Grev! hepimiz i\u00e7in ve \u00f6zellikle sava\u015f\u00e7\u0131lar, \u00f6rg\u00fct\u00e7\u00fcler ve hayal kuranlar\u0131n bug\u00fcnk\u00fc ve gelecekteki ku\u015faklar\u0131 i\u00e7in bir arma\u011fand\u0131r. Bu sayfalarda tarihimizi okuyoruz, onun i\u00e7indeki yerimizi buluyoruz, kitlesel grevlerden ve mini devrimlerden \u00f6\u011freniyoruz ve oradan omuz omuza gelece\u011fe y\u00fcr\u00fcyoruz. <\/p>\n","protected":false},"excerpt":{"rendered":"<p>JeremyBrecher bize bir arma\u011fan ve bir alet verdi. Bu kitapta tarihimizin kuvvetli ve betimleyici bir arma\u011fan\u0131 yat\u0131yor: Yo\u011fun ve yarat\u0131c\u0131 militan m\u00fccadelenin bir arma\u011fan\u0131. Bu hik\u00e2yenin<span class=\"excerpt-hellip\"> [\u2026]<\/span><\/p>\n","protected":false},"featured_media":0,"template":"","meta":{"_monsterinsights_skip_tracking":false,"_monsterinsights_sitenote_active":false,"_monsterinsights_sitenote_note":"","_monsterinsights_sitenote_category":0},"product_brand":[],"product_cat":[13590,12337],"product_tag":[],"class_list":{"0":"post-719765","1":"product","2":"type-product","3":"status-publish","5":"product_cat-arastirma-inceleme-politika-siyaset","6":"product_cat-politika-siyaset","7":"pa_cilt-ciltsiz","8":"pa_tur-kitap","9":"pa_yayinevi-ayrinti-yayinlari","10":"pa_yazar-jeremy-brecher","12":"first","13":"instock","14":"sale","15":"shipping-taxable","16":"purchasable","17":"product-type-simple"},"_links":{"self":[{"href":"https:\/\/roveyayinevi.com.tr\/index.php\/wp-json\/wp\/v2\/product\/719765","targetHints":{"allow":["GET"]}}],"collection":[{"href":"https:\/\/roveyayinevi.com.tr\/index.php\/wp-json\/wp\/v2\/product"}],"about":[{"href":"https:\/\/roveyayinevi.com.tr\/index.php\/wp-json\/wp\/v2\/types\/product"}],"wp:attachment":[{"href":"https:\/\/roveyayinevi.com.tr\/index.php\/wp-json\/wp\/v2\/media?parent=719765"}],"wp:term":[{"taxonomy":"product_brand","embeddable":true,"href":"https:\/\/roveyayinevi.com.tr\/index.php\/wp-json\/wp\/v2\/product_brand?post=719765"},{"taxonomy":"product_cat","embeddable":true,"href":"https:\/\/roveyayinevi.com.tr\/index.php\/wp-json\/wp\/v2\/product_cat?post=719765"},{"taxonomy":"product_tag","embeddable":true,"href":"https:\/\/roveyayinevi.com.tr\/index.php\/wp-json\/wp\/v2\/product_tag?post=719765"}],"curies":[{"name":"wp","href":"https:\/\/api.w.org\/{rel}","templated":true}]}}