{"id":719758,"date":"2025-08-27T18:26:20","date_gmt":"2025-08-27T15:26:20","guid":{"rendered":"https:\/\/roveyayinevi.com.tr\/index.php\/urun\/ermis-6\/"},"modified":"2026-04-16T02:27:53","modified_gmt":"2026-04-15T23:27:53","slug":"ermis-6","status":"publish","type":"product","link":"https:\/\/roveyayinevi.com.tr\/index.php\/urun\/ermis-6\/","title":{"rendered":"Ermi\u015f"},"content":{"rendered":"<p>L\u00fcbnan as\u0131ll\u0131 Amerikal\u0131 yazar, d\u00fc\u015f\u00fcn\u00fcr, \u015fair ve ressam Halil Cibran\u2019\u0131n pek \u00e7ok dile \u00e7evrilen kitab\u0131 Ermi\u015f, ilk kez yay\u0131mland\u0131\u011f\u0131 1923 y\u0131l\u0131ndan beri b\u00fcy\u00fck ilgi g\u00f6rmektedir. Kitab\u0131n en \u00f6nemli \u00f6zelli\u011fi, yazar\u0131n, ya\u015fam ve insan \u00fczerine (a\u015fk, evlilik, \u00e7ocuk, sevin\u00e7\/keder, su\u00e7\/ceza, \u00f6zg\u00fcrl\u00fck vb.) pek \u00e7ok konuda d\u00fc\u015f\u00fcnd\u00fcklerini kitab\u0131n kahraman\u0131 Ermi\u015f El Mustafa\u2019n\u0131n a\u011fz\u0131ndan aktarmas\u0131d\u0131r.\u0130\u00e7inizdeki iyiden s\u00f6z edebilirim ama k\u00f6t\u00fcden de\u011fil. \u00c7\u00fcnk\u00fc k\u00f6t\u00fc nedir ki kendi a\u00e7l\u0131\u011f\u0131n\u0131n ve susuzlu\u011funun \u0131st\u0131rab\u0131yla k\u0131vranan iyiden ba\u015fka? E\u011fer taht\u0131ndan indirmek istedi\u011finiz bir despotsa, \u00f6nce onun i\u00e7inizde kurulu taht\u0131n\u0131 kald\u0131r\u0131n. Bir zorba, gururlu ve \u00f6zg\u00fcr insanlar\u0131 nas\u0131l y\u00f6netebilir, e\u011fer onlar\u0131n kendi \u00f6zg\u00fcrl\u00fcklerinde bir zorbal\u0131k, kendi gururlar\u0131nda bir utan\u00e7 yoksa? E\u011fer kurtulmak istedi\u011finiz \u015fey bir y\u00fck\u00fcml\u00fcl\u00fckse, bu y\u00fck\u00fcml\u00fcl\u00fck size dayat\u0131lmad\u0131, onu siz se\u00e7tiniz.<\/p>\n","protected":false},"excerpt":{"rendered":"<p>L\u00fcbnan as\u0131ll\u0131 Amerikal\u0131 yazar, d\u00fc\u015f\u00fcn\u00fcr, \u015fair ve ressam Halil Cibran\u2019\u0131n pek \u00e7ok dile \u00e7evrilen kitab\u0131 Ermi\u015f, ilk kez yay\u0131mland\u0131\u011f\u0131 1923 y\u0131l\u0131ndan beri b\u00fcy\u00fck ilgi g\u00f6rmektedir. Kitab\u0131n<span class=\"excerpt-hellip\"> [\u2026]<\/span><\/p>\n","protected":false},"featured_media":0,"template":"","meta":{"_monsterinsights_skip_tracking":false,"_monsterinsights_sitenote_active":false,"_monsterinsights_sitenote_note":"","_monsterinsights_sitenote_category":0},"product_brand":[],"product_cat":[12291,12711],"product_tag":[],"class_list":{"0":"post-719758","1":"product","2":"type-product","3":"status-publish","5":"product_cat-edebiyat","6":"product_cat-roman-oyku","7":"pa_cilt-ciltsiz","8":"pa_tur-kitap","9":"pa_yayinevi-bilgi-yayinevi","10":"pa_yazar-halil-cibran","12":"first","13":"instock","14":"sale","15":"shipping-taxable","16":"purchasable","17":"product-type-simple"},"_links":{"self":[{"href":"https:\/\/roveyayinevi.com.tr\/index.php\/wp-json\/wp\/v2\/product\/719758","targetHints":{"allow":["GET"]}}],"collection":[{"href":"https:\/\/roveyayinevi.com.tr\/index.php\/wp-json\/wp\/v2\/product"}],"about":[{"href":"https:\/\/roveyayinevi.com.tr\/index.php\/wp-json\/wp\/v2\/types\/product"}],"wp:attachment":[{"href":"https:\/\/roveyayinevi.com.tr\/index.php\/wp-json\/wp\/v2\/media?parent=719758"}],"wp:term":[{"taxonomy":"product_brand","embeddable":true,"href":"https:\/\/roveyayinevi.com.tr\/index.php\/wp-json\/wp\/v2\/product_brand?post=719758"},{"taxonomy":"product_cat","embeddable":true,"href":"https:\/\/roveyayinevi.com.tr\/index.php\/wp-json\/wp\/v2\/product_cat?post=719758"},{"taxonomy":"product_tag","embeddable":true,"href":"https:\/\/roveyayinevi.com.tr\/index.php\/wp-json\/wp\/v2\/product_tag?post=719758"}],"curies":[{"name":"wp","href":"https:\/\/api.w.org\/{rel}","templated":true}]}}