{"id":719746,"date":"2025-08-27T18:26:10","date_gmt":"2025-08-27T15:26:10","guid":{"rendered":"https:\/\/roveyayinevi.com.tr\/index.php\/urun\/kalem-tutma-becerisi-etkinlik-kitabi\/"},"modified":"2026-04-16T02:27:52","modified_gmt":"2026-04-15T23:27:52","slug":"kalem-tutma-becerisi-etkinlik-kitabi","status":"publish","type":"product","link":"https:\/\/roveyayinevi.com.tr\/index.php\/urun\/kalem-tutma-becerisi-etkinlik-kitabi\/","title":{"rendered":"Kalem Tutma Becerisi Etkinlik Kitab\u0131"},"content":{"rendered":"<p>\u00d6\u011eRETMENLER TARAFINDAN ONAYLIDIR. Kalem tutma becerisini geli\u015ftirmek hi\u00e7 bu kadar e\u011flenceli olmad\u0131! Bu kitap \u00e7ocu\u011funuzun kalem tutma becerisine katk\u0131 sa\u011flarken her bir aktiviteyle hem e\u011flecek hemde \u00f6zel sorularla bili\u015fsel s\u00fcre\u00e7lerine katk\u0131 sa\u011flayacakt\u0131r. Ya\u015f\u0131na uygun, ince motor becerisini geli\u015ftiren ve \u00f6zg\u00fcveni artt\u0131ran aktivitelerle \u00e7izgi \u00e7al\u0131\u015fmas\u0131 ve etkinlikler sunuyor. Kal\u0131n noktal\u0131 \u00e7izgileri takip edin, labirentleri \u00e7\u00f6z\u00fcn ve resimleri tamamlayarak kalem tutma becerisine yard\u0131mc\u0131 olun. Bunun yan\u0131 s\u0131ra d\u00fc\u015f\u00fcnme becerisi sorular\u0131yla e\u011fleceli dakikalar sizi bekliyor. Baz\u0131 d\u00fc\u015f\u00fcnme becerisi sorular\u0131;- Dalg\u0131\u00e7lar neden \u00f6zel elbise giyerler?- Kar\u015f\u0131dan kar\u015f\u0131ya bir nehri nas\u0131l ge\u00e7ebiliriz?- Ba\u015fka hangi hayvanlar yumurtadan \u00e7\u0131kar?- Annene ne diye seslenirsin?gibi her etkinlikten sonra d\u00fc\u015f\u00fcnd\u00fcren sorular yer al\u0131yor.<\/p>\n","protected":false},"excerpt":{"rendered":"<p>\u00d6\u011eRETMENLER TARAFINDAN ONAYLIDIR. Kalem tutma becerisini geli\u015ftirmek hi\u00e7 bu kadar e\u011flenceli olmad\u0131! Bu kitap \u00e7ocu\u011funuzun kalem tutma becerisine katk\u0131 sa\u011flarken her bir aktiviteyle hem e\u011flecek hemde<span class=\"excerpt-hellip\"> [\u2026]<\/span><\/p>\n","protected":false},"featured_media":0,"template":"","meta":{"_monsterinsights_skip_tracking":false,"_monsterinsights_sitenote_active":false,"_monsterinsights_sitenote_note":"","_monsterinsights_sitenote_category":0},"product_brand":[],"product_cat":[12274,12518],"product_tag":[],"class_list":{"0":"post-719746","1":"product","2":"type-product","3":"status-publish","5":"product_cat-cocuk-ve-genclik-kitaplari","6":"product_cat-okul-oncesi-kitaplar","7":"pa_cilt-ciltsiz","8":"pa_tur-kitap","9":"pa_yayinevi-dikkat-atolyesi-yayinlari","10":"pa_yazar-kolektif","12":"first","13":"instock","14":"sale","15":"shipping-taxable","16":"purchasable","17":"product-type-simple"},"_links":{"self":[{"href":"https:\/\/roveyayinevi.com.tr\/index.php\/wp-json\/wp\/v2\/product\/719746","targetHints":{"allow":["GET"]}}],"collection":[{"href":"https:\/\/roveyayinevi.com.tr\/index.php\/wp-json\/wp\/v2\/product"}],"about":[{"href":"https:\/\/roveyayinevi.com.tr\/index.php\/wp-json\/wp\/v2\/types\/product"}],"wp:attachment":[{"href":"https:\/\/roveyayinevi.com.tr\/index.php\/wp-json\/wp\/v2\/media?parent=719746"}],"wp:term":[{"taxonomy":"product_brand","embeddable":true,"href":"https:\/\/roveyayinevi.com.tr\/index.php\/wp-json\/wp\/v2\/product_brand?post=719746"},{"taxonomy":"product_cat","embeddable":true,"href":"https:\/\/roveyayinevi.com.tr\/index.php\/wp-json\/wp\/v2\/product_cat?post=719746"},{"taxonomy":"product_tag","embeddable":true,"href":"https:\/\/roveyayinevi.com.tr\/index.php\/wp-json\/wp\/v2\/product_tag?post=719746"}],"curies":[{"name":"wp","href":"https:\/\/api.w.org\/{rel}","templated":true}]}}