{"id":719722,"date":"2025-08-27T18:25:54","date_gmt":"2025-08-27T15:25:54","guid":{"rendered":"https:\/\/roveyayinevi.com.tr\/index.php\/urun\/gobeklitepe\/"},"modified":"2026-04-16T02:27:52","modified_gmt":"2026-04-15T23:27:52","slug":"gobeklitepe","status":"publish","type":"product","link":"https:\/\/roveyayinevi.com.tr\/index.php\/urun\/gobeklitepe\/","title":{"rendered":"G\u00f6beklitepe"},"content":{"rendered":"<p>\u201cTufan ge\u00e7ti, Kurtulu\u015f da\u011f\u0131nday\u0131z, diyordu Ninagal, Ziusudra\u2019ya. Su ge\u00e7irmez kapa\u011f\u0131 a\u00e7\u0131p \u00e7\u0131kt\u0131 gemiden Ziusudra. G\u00f6ky\u00fcz\u00fc a\u00e7\u0131kt\u0131, G\u00fcne\u015f parl\u0131yordu, hafif bir r\u00fczgar esmekteydi. Derhal seslendi kar\u0131s\u0131na ve \u00e7ocuklar\u0131na, d\u0131\u015far\u0131 \u00e7\u0131ks\u0131nlar diye. Efendi Enki\u2019ye hamd edelim, ona \u015f\u00fckranlar\u0131m\u0131z\u0131 sunal\u0131m, dedi Ziusudra onlara. O\u011fullar\u0131yla birlikte ta\u015f toplad\u0131; bu ta\u015flarla bir sunak dikti, Ard\u0131ndan sunakta bir ate\u015f yakt\u0131, kokulu t\u00fcts\u00fclerle yakt\u0131 ate\u015fi \u2026\u201d S\u00fcmer Tabletleri, 10. Tablet Ge\u00e7mi\u015f gelecek midir?  Biz, D\u00fcnyal\u0131lar i\u00e7in sadece bir el\u00e7iymi\u015fiz. D\u00fcnya, d\u00fcnyal\u0131lara ait, onlar\u0131 korumak ve ilerletmek i\u00e7in buraday\u0131z. G\u00f6revimiz bu ise e\u011fer, buna g\u00f6re davranal\u0131m. Kaderin tayin etti\u011fi bir zamanda gelecek nesiller bu kayd\u0131 okusun, ge\u00e7mi\u015fi hat\u0131rlas\u0131n ve gelecek i\u00e7in kehanet olarak anlas\u0131n. Ge\u00e7mi\u015fin gelece\u011fi olsun yarg\u0131\u00e7!  Nibiru\u2019lu Anu\u2019nun ilk o\u011flu Enki\u2019nin s\u00f6zleri budur. S\u00fcmer Tabletleri, 14. Tablet <\/p>\n","protected":false},"excerpt":{"rendered":"<p>\u201cTufan ge\u00e7ti, Kurtulu\u015f da\u011f\u0131nday\u0131z, diyordu Ninagal, Ziusudra\u2019ya. Su ge\u00e7irmez kapa\u011f\u0131 a\u00e7\u0131p \u00e7\u0131kt\u0131 gemiden Ziusudra. G\u00f6ky\u00fcz\u00fc a\u00e7\u0131kt\u0131, G\u00fcne\u015f parl\u0131yordu, hafif bir r\u00fczgar esmekteydi. Derhal seslendi kar\u0131s\u0131na ve<span class=\"excerpt-hellip\"> [\u2026]<\/span><\/p>\n","protected":false},"featured_media":0,"template":"","meta":{"_monsterinsights_skip_tracking":false,"_monsterinsights_sitenote_active":false,"_monsterinsights_sitenote_note":"","_monsterinsights_sitenote_category":0},"product_brand":[],"product_cat":[15499,13488],"product_tag":[],"class_list":{"0":"post-719722","1":"product","2":"type-product","3":"status-publish","5":"product_cat-antropoloji","6":"product_cat-toplum-ve-insan","7":"pa_cilt-ciltsiz","8":"pa_tur-kitap","9":"pa_yayinevi-la-kitap-yayinlari","10":"pa_yazar-ismail-metin","12":"first","13":"instock","14":"sale","15":"shipping-taxable","16":"purchasable","17":"product-type-simple"},"_links":{"self":[{"href":"https:\/\/roveyayinevi.com.tr\/index.php\/wp-json\/wp\/v2\/product\/719722","targetHints":{"allow":["GET"]}}],"collection":[{"href":"https:\/\/roveyayinevi.com.tr\/index.php\/wp-json\/wp\/v2\/product"}],"about":[{"href":"https:\/\/roveyayinevi.com.tr\/index.php\/wp-json\/wp\/v2\/types\/product"}],"wp:attachment":[{"href":"https:\/\/roveyayinevi.com.tr\/index.php\/wp-json\/wp\/v2\/media?parent=719722"}],"wp:term":[{"taxonomy":"product_brand","embeddable":true,"href":"https:\/\/roveyayinevi.com.tr\/index.php\/wp-json\/wp\/v2\/product_brand?post=719722"},{"taxonomy":"product_cat","embeddable":true,"href":"https:\/\/roveyayinevi.com.tr\/index.php\/wp-json\/wp\/v2\/product_cat?post=719722"},{"taxonomy":"product_tag","embeddable":true,"href":"https:\/\/roveyayinevi.com.tr\/index.php\/wp-json\/wp\/v2\/product_tag?post=719722"}],"curies":[{"name":"wp","href":"https:\/\/api.w.org\/{rel}","templated":true}]}}