{"id":719718,"date":"2025-08-27T18:25:52","date_gmt":"2025-08-27T15:25:52","guid":{"rendered":"https:\/\/roveyayinevi.com.tr\/index.php\/urun\/yanlis-bilinen-kapitalizm\/"},"modified":"2026-04-16T02:27:52","modified_gmt":"2026-04-15T23:27:52","slug":"yanlis-bilinen-kapitalizm","status":"publish","type":"product","link":"https:\/\/roveyayinevi.com.tr\/index.php\/urun\/yanlis-bilinen-kapitalizm\/","title":{"rendered":"Yanl\u0131\u015f Bilinen Kapitalizm"},"content":{"rendered":"<p>Ekonomik faaliyetlere kat\u0131lmak g\u00fcnl\u00fck hayat\u0131n bir par\u00e7as\u0131; ancak iktisad\u00ee a\u00e7\u0131dan neyin do\u011fru oldu\u011funa dair yayg\u0131n kanaatlerin \u00e7o\u011fu yanl\u0131\u015f. Keynesyen e\u011fitimciler ve piyasa kar\u015f\u0131t\u0131 medya d\u00fcnyay\u0131 do\u011fru zannedilen yanl\u0131\u015flarla dolduruyor. Profes\u00f6r Robert Murphy Yanl\u0131\u015f Bilinen Kapitalizm kitab\u0131nda bu mitlere tek tek meydan okuyor:   &#8211; Kapitalizm, \u0131rk\u00e7\u0131l\u0131\u011f\u0131 bertaraf eder, \u00e7evreyi geli\u015ftirir ve \u00f6zg\u00fcr toplumun n\u00fcvesini olu\u015fturur. &#8211; Ucuz ithalat, istihdam\u0131 geriletmez. &#8211; &#8220;H\u0131rs\u0131z patronlar&#8221; esasen fakirlere yard\u0131m etmi\u015ftir (hem de devletlerin edemedi kadar) &#8211; 1980&#8217;ler &#8220;a\u00e7g\u00f6zl\u00fcl\u00fck ony\u0131l\u0131&#8221; de\u011fildi. &#8211; Sporcular, ald\u0131klar\u0131 y\u00fcksek \u00fccretleri hak ederler. &#8211; B\u00fcy\u00fck Buhran&#8217;a kapitalizm sebep olmad\u0131\u011f\u0131 gibi, krizin ilac\u0131 da Yeni D\u00fczen [kanunlar\u0131] de\u011fildi. <\/p>\n","protected":false},"excerpt":{"rendered":"<p>Ekonomik faaliyetlere kat\u0131lmak g\u00fcnl\u00fck hayat\u0131n bir par\u00e7as\u0131; ancak iktisad\u00ee a\u00e7\u0131dan neyin do\u011fru oldu\u011funa dair yayg\u0131n kanaatlerin \u00e7o\u011fu yanl\u0131\u015f. Keynesyen e\u011fitimciler ve piyasa kar\u015f\u0131t\u0131 medya d\u00fcnyay\u0131 do\u011fru<span class=\"excerpt-hellip\"> [\u2026]<\/span><\/p>\n","protected":false},"featured_media":0,"template":"","meta":{"_monsterinsights_skip_tracking":false,"_monsterinsights_sitenote_active":false,"_monsterinsights_sitenote_note":"","_monsterinsights_sitenote_category":0},"product_brand":[],"product_cat":[14841,13043],"product_tag":[],"class_list":{"0":"post-719718","1":"product","2":"type-product","3":"status-publish","5":"product_cat-arastirma-inceleme-kuram","6":"product_cat-ekonomi","7":"pa_cilt-ciltsiz","8":"pa_tur-kitap","9":"pa_yayinevi-liberte-yayinlari","10":"pa_yazar-robert-p-murphy","12":"first","13":"instock","14":"sale","15":"shipping-taxable","16":"purchasable","17":"product-type-simple"},"_links":{"self":[{"href":"https:\/\/roveyayinevi.com.tr\/index.php\/wp-json\/wp\/v2\/product\/719718","targetHints":{"allow":["GET"]}}],"collection":[{"href":"https:\/\/roveyayinevi.com.tr\/index.php\/wp-json\/wp\/v2\/product"}],"about":[{"href":"https:\/\/roveyayinevi.com.tr\/index.php\/wp-json\/wp\/v2\/types\/product"}],"wp:attachment":[{"href":"https:\/\/roveyayinevi.com.tr\/index.php\/wp-json\/wp\/v2\/media?parent=719718"}],"wp:term":[{"taxonomy":"product_brand","embeddable":true,"href":"https:\/\/roveyayinevi.com.tr\/index.php\/wp-json\/wp\/v2\/product_brand?post=719718"},{"taxonomy":"product_cat","embeddable":true,"href":"https:\/\/roveyayinevi.com.tr\/index.php\/wp-json\/wp\/v2\/product_cat?post=719718"},{"taxonomy":"product_tag","embeddable":true,"href":"https:\/\/roveyayinevi.com.tr\/index.php\/wp-json\/wp\/v2\/product_tag?post=719718"}],"curies":[{"name":"wp","href":"https:\/\/api.w.org\/{rel}","templated":true}]}}