{"id":719708,"date":"2025-08-27T18:25:45","date_gmt":"2025-08-27T15:25:45","guid":{"rendered":"https:\/\/roveyayinevi.com.tr\/index.php\/urun\/gelecekten-beyin-oykuleri\/"},"modified":"2026-04-16T02:27:40","modified_gmt":"2026-04-15T23:27:40","slug":"gelecekten-beyin-oykuleri","status":"publish","type":"product","link":"https:\/\/roveyayinevi.com.tr\/index.php\/urun\/gelecekten-beyin-oykuleri\/","title":{"rendered":"Gelecekten Beyin \u00d6yk\u00fcleri"},"content":{"rendered":"<p>Hayal kurun!\u00c7\u00fcnk\u00fc gelece\u011fi hayal etmeyen, onu in\u015fa edemez!Sizi hayallerin \u00f6zg\u00fcr oldu\u011fu, s\u0131n\u0131rlar\u0131n ve kal\u0131plar\u0131n olmad\u0131\u011f\u0131, gelece\u011fe uzanan bir d\u00fcnyaya davet ediyoruz.\u00c7ok uzakta de\u011fil, tam da bu sayfalarda\u20262013\u2019ten beri, bizi insan yapan en \u00f6nemli par\u00e7am\u0131z olan beynimizi, yediden yetmi\u015fe t\u00fcm merakl\u0131lara en anla\u015f\u0131l\u0131r ve e\u011flenceli \u015fekilde anlatan ve anlatmaya da devam eden [n]Beyin, ortak gelece\u011fimize dair hayal kuran t\u00fcm zihinleri \u201cZihin ve Beyin\u201d ana temas\u0131yla 1. [n]Beyin Bilimkurgu \u00d6yk\u00fc Yar\u0131\u015fmas\u0131\u2019na davet etti. T\u00fcrkiye\u2019nin ve d\u00fcnyan\u0131n \u00e7e\u015fitli yerlerinden gelen tam 147 \u00f6yk\u00fc aras\u0131ndan hayli zor bir s\u00fcre\u00e7le se\u00e7ebildi\u011fimiz en iyi 21 \u00f6yk\u00fc, bu kitapta sizleri bekliyor.Hayalleri k\u00fc\u00e7\u00fcmsemeyin.Biz hayal kurduk\u00e7a yar\u0131n \u00e7ok daha g\u00fczel olacak&#8230;<\/p>\n","protected":false},"excerpt":{"rendered":"<p>Hayal kurun!\u00c7\u00fcnk\u00fc gelece\u011fi hayal etmeyen, onu in\u015fa edemez!Sizi hayallerin \u00f6zg\u00fcr oldu\u011fu, s\u0131n\u0131rlar\u0131n ve kal\u0131plar\u0131n olmad\u0131\u011f\u0131, gelece\u011fe uzanan bir d\u00fcnyaya davet ediyoruz.\u00c7ok uzakta de\u011fil, tam da bu<span class=\"excerpt-hellip\"> [\u2026]<\/span><\/p>\n","protected":false},"featured_media":0,"template":"","meta":{"_monsterinsights_skip_tracking":false,"_monsterinsights_sitenote_active":false,"_monsterinsights_sitenote_note":"","_monsterinsights_sitenote_category":0},"product_brand":[],"product_cat":[12291,12711],"product_tag":[],"class_list":{"0":"post-719708","1":"product","2":"type-product","3":"status-publish","5":"product_cat-edebiyat","6":"product_cat-roman-oyku","7":"pa_cilt-ciltsiz","8":"pa_tur-kitap","9":"pa_yayinevi-tuti-kitap","10":"pa_yazar-kolektif","12":"first","13":"instock","14":"sale","15":"shipping-taxable","16":"purchasable","17":"product-type-simple"},"_links":{"self":[{"href":"https:\/\/roveyayinevi.com.tr\/index.php\/wp-json\/wp\/v2\/product\/719708","targetHints":{"allow":["GET"]}}],"collection":[{"href":"https:\/\/roveyayinevi.com.tr\/index.php\/wp-json\/wp\/v2\/product"}],"about":[{"href":"https:\/\/roveyayinevi.com.tr\/index.php\/wp-json\/wp\/v2\/types\/product"}],"wp:attachment":[{"href":"https:\/\/roveyayinevi.com.tr\/index.php\/wp-json\/wp\/v2\/media?parent=719708"}],"wp:term":[{"taxonomy":"product_brand","embeddable":true,"href":"https:\/\/roveyayinevi.com.tr\/index.php\/wp-json\/wp\/v2\/product_brand?post=719708"},{"taxonomy":"product_cat","embeddable":true,"href":"https:\/\/roveyayinevi.com.tr\/index.php\/wp-json\/wp\/v2\/product_cat?post=719708"},{"taxonomy":"product_tag","embeddable":true,"href":"https:\/\/roveyayinevi.com.tr\/index.php\/wp-json\/wp\/v2\/product_tag?post=719708"}],"curies":[{"name":"wp","href":"https:\/\/api.w.org\/{rel}","templated":true}]}}