{"id":719670,"date":"2025-08-27T18:25:21","date_gmt":"2025-08-27T15:25:21","guid":{"rendered":"https:\/\/roveyayinevi.com.tr\/index.php\/urun\/hepsini-istiyorum-hemen-istiyorum\/"},"modified":"2026-04-16T02:27:39","modified_gmt":"2026-04-15T23:27:39","slug":"hepsini-istiyorum-hemen-istiyorum","status":"publish","type":"product","link":"https:\/\/roveyayinevi.com.tr\/index.php\/urun\/hepsini-istiyorum-hemen-istiyorum\/","title":{"rendered":"Hepsini \u0130stiyorum Hemen \u0130stiyorum"},"content":{"rendered":"<p>Her zaman kendini hakl\u0131 g\u00f6rmek!Ba\u015fkalar\u0131n\u0131n dedi\u011fini \u00e7ok \u00f6nemsemekD\u00fcrt\u00fcsel al\u0131\u015fkanl\u0131klardan vazge\u00e7meye g\u00f6n\u00fcls\u00fczl\u00fckHer konuda en iyi olmak zorunda hissetmek\u2026Bu kitapta erteleme, akademik ba\u015far\u0131s\u0131zl\u0131k, madde k\u00f6t\u00fcye kullan\u0131m\u0131, a\u015f\u0131r\u0131 kilo al\u0131p verme, internet ba\u011f\u0131ml\u0131l\u0131\u011f\u0131, d\u00fczenli spor yapamama, ili\u015fkilerde sadakatsizlik, ayr\u0131cal\u0131k arama ve b\u00fcy\u00fcklenme gibi sorunlar\u0131n k\u00f6keninde yatan nedenler ve \u00e7\u00f6z\u00fcm yollar\u0131 tart\u0131\u015f\u0131l\u0131yor. Yazar Dr. H. Alp Karaosmano\u011flu bu t\u00fcr sorunlar\u0131n k\u00f6keninde atalar\u0131m\u0131zdan bize miras kalan esir veya k\u00f6le durumuna d\u00fc\u015fme korkusu oldu\u011funu klinikten ve g\u00fcncel ya\u015famdan \u00f6rneklerle a\u00e7\u0131kl\u0131yor. Bununla beraber, engellenmeye ve mecbur b\u0131rak\u0131lmaya kar\u015f\u0131 a\u015f\u0131r\u0131 hassas ki\u015filerin hissetti\u011fi abart\u0131l\u0131 \u00f6zg\u00fcrl\u00fck ihtiyac\u0131 tan\u0131mlanarak ba\u015f etme y\u00f6ntemleri g\u00f6steriliyor.Kitap, g\u00fcnl\u00fck ya\u015fam\u0131n rutinine katlanmakta zorlanan ki\u015filer i\u00e7in bir rehber olma \u00f6zelli\u011fini ta\u015f\u0131yor.<\/p>\n","protected":false},"excerpt":{"rendered":"<p>Her zaman kendini hakl\u0131 g\u00f6rmek!Ba\u015fkalar\u0131n\u0131n dedi\u011fini \u00e7ok \u00f6nemsemekD\u00fcrt\u00fcsel al\u0131\u015fkanl\u0131klardan vazge\u00e7meye g\u00f6n\u00fcls\u00fczl\u00fckHer konuda en iyi olmak zorunda hissetmek\u2026Bu kitapta erteleme, akademik ba\u015far\u0131s\u0131zl\u0131k, madde k\u00f6t\u00fcye kullan\u0131m\u0131, a\u015f\u0131r\u0131 kilo<span class=\"excerpt-hellip\"> [\u2026]<\/span><\/p>\n","protected":false},"featured_media":0,"template":"","meta":{"_monsterinsights_skip_tracking":false,"_monsterinsights_sitenote_active":false,"_monsterinsights_sitenote_note":"","_monsterinsights_sitenote_category":0},"product_brand":[],"product_cat":[20502,12357],"product_tag":[],"class_list":{"0":"post-719670","1":"product","2":"type-product","3":"status-publish","5":"product_cat-basvuru-kitaplari-psikoloji","6":"product_cat-psikoloji","7":"pa_cilt-ciltsiz","8":"pa_tur-kitap","9":"pa_yayinevi-psikonet-yayinlari","10":"pa_yazar-hasan-alp-karaosmanoglu","12":"first","13":"instock","14":"sale","15":"shipping-taxable","16":"purchasable","17":"product-type-simple"},"_links":{"self":[{"href":"https:\/\/roveyayinevi.com.tr\/index.php\/wp-json\/wp\/v2\/product\/719670","targetHints":{"allow":["GET"]}}],"collection":[{"href":"https:\/\/roveyayinevi.com.tr\/index.php\/wp-json\/wp\/v2\/product"}],"about":[{"href":"https:\/\/roveyayinevi.com.tr\/index.php\/wp-json\/wp\/v2\/types\/product"}],"wp:attachment":[{"href":"https:\/\/roveyayinevi.com.tr\/index.php\/wp-json\/wp\/v2\/media?parent=719670"}],"wp:term":[{"taxonomy":"product_brand","embeddable":true,"href":"https:\/\/roveyayinevi.com.tr\/index.php\/wp-json\/wp\/v2\/product_brand?post=719670"},{"taxonomy":"product_cat","embeddable":true,"href":"https:\/\/roveyayinevi.com.tr\/index.php\/wp-json\/wp\/v2\/product_cat?post=719670"},{"taxonomy":"product_tag","embeddable":true,"href":"https:\/\/roveyayinevi.com.tr\/index.php\/wp-json\/wp\/v2\/product_tag?post=719670"}],"curies":[{"name":"wp","href":"https:\/\/api.w.org\/{rel}","templated":true}]}}