{"id":719659,"date":"2025-08-27T18:25:13","date_gmt":"2025-08-27T15:25:13","guid":{"rendered":"https:\/\/roveyayinevi.com.tr\/index.php\/urun\/ailemiz-ve-degerlerimiz-okul-oncesi-boya-ogren\/"},"modified":"2026-04-16T02:27:39","modified_gmt":"2026-04-15T23:27:39","slug":"ailemiz-ve-degerlerimiz-okul-oncesi-boya-ogren","status":"publish","type":"product","link":"https:\/\/roveyayinevi.com.tr\/index.php\/urun\/ailemiz-ve-degerlerimiz-okul-oncesi-boya-ogren\/","title":{"rendered":"Ailemiz ve De\u011ferlerimiz &#8211; Okul \u00d6ncesi Boya-\u00d6\u011fren"},"content":{"rendered":"<p>Okul \u00d6ncesi Boya-\u00d6\u011fren kitaplar\u0131m\u0131z, \u00e7ocuklar\u0131n kalem kullanma becerisini geli\u015ftirmek i\u00e7in haz\u0131rlanm\u0131\u015ft\u0131r. Okula haz\u0131rl\u0131k olarak d\u00fc\u015f\u00fcnebilece\u011fimiz bu kitaplarda; boyama, kesik \u00e7izgileri birle\u015ftirme, \u00e7\u0131kartma yap\u0131\u015ft\u0131rma \u00e7al\u0131\u015fmalar\u0131 bulunuyor. Bunun yan\u0131 s\u0131ra \u00e7ocuklar\u0131m\u0131z\u0131n harflerle tan\u0131\u015fmalar\u0131n\u0131 sa\u011flayacak etkinlikler de yer al\u0131yor. \u0130lkokula haz\u0131rl\u0131k \u00f6ncesinde yap\u0131lan bu \u00e7al\u0131\u015fmalarla \u00e7ocuklar\u0131m\u0131z el-g\u00f6z koordinasyonu kazanacak; ince motor becerilerini geli\u015ftirecekler ve e\u011flenerek \u00f6\u011frenecekler.<\/p>\n","protected":false},"excerpt":{"rendered":"<p>Okul \u00d6ncesi Boya-\u00d6\u011fren kitaplar\u0131m\u0131z, \u00e7ocuklar\u0131n kalem kullanma becerisini geli\u015ftirmek i\u00e7in haz\u0131rlanm\u0131\u015ft\u0131r. Okula haz\u0131rl\u0131k olarak d\u00fc\u015f\u00fcnebilece\u011fimiz bu kitaplarda; boyama, kesik \u00e7izgileri birle\u015ftirme, \u00e7\u0131kartma yap\u0131\u015ft\u0131rma \u00e7al\u0131\u015fmalar\u0131 bulunuyor. Bunun<span class=\"excerpt-hellip\"> [\u2026]<\/span><\/p>\n","protected":false},"featured_media":0,"template":"","meta":{"_monsterinsights_skip_tracking":false,"_monsterinsights_sitenote_active":false,"_monsterinsights_sitenote_note":"","_monsterinsights_sitenote_category":0},"product_brand":[],"product_cat":[12644,12274],"product_tag":[],"class_list":{"0":"post-719659","1":"product","2":"type-product","3":"status-publish","5":"product_cat-boyama-kitaplari","6":"product_cat-cocuk-ve-genclik-kitaplari","7":"pa_cilt-ciltsiz","8":"pa_tur-kitap","9":"pa_yayinevi-beyaz-balina-yayinlari","10":"pa_yazar-kolektif","12":"first","13":"instock","14":"sale","15":"shipping-taxable","16":"purchasable","17":"product-type-simple"},"_links":{"self":[{"href":"https:\/\/roveyayinevi.com.tr\/index.php\/wp-json\/wp\/v2\/product\/719659","targetHints":{"allow":["GET"]}}],"collection":[{"href":"https:\/\/roveyayinevi.com.tr\/index.php\/wp-json\/wp\/v2\/product"}],"about":[{"href":"https:\/\/roveyayinevi.com.tr\/index.php\/wp-json\/wp\/v2\/types\/product"}],"wp:attachment":[{"href":"https:\/\/roveyayinevi.com.tr\/index.php\/wp-json\/wp\/v2\/media?parent=719659"}],"wp:term":[{"taxonomy":"product_brand","embeddable":true,"href":"https:\/\/roveyayinevi.com.tr\/index.php\/wp-json\/wp\/v2\/product_brand?post=719659"},{"taxonomy":"product_cat","embeddable":true,"href":"https:\/\/roveyayinevi.com.tr\/index.php\/wp-json\/wp\/v2\/product_cat?post=719659"},{"taxonomy":"product_tag","embeddable":true,"href":"https:\/\/roveyayinevi.com.tr\/index.php\/wp-json\/wp\/v2\/product_tag?post=719659"}],"curies":[{"name":"wp","href":"https:\/\/api.w.org\/{rel}","templated":true}]}}