{"id":719654,"date":"2025-08-27T18:25:10","date_gmt":"2025-08-27T15:25:10","guid":{"rendered":"https:\/\/roveyayinevi.com.tr\/index.php\/urun\/hayat-sana-ne-anlatiyor\/"},"modified":"2026-04-08T02:34:48","modified_gmt":"2026-04-07T23:34:48","slug":"hayat-sana-ne-anlatiyor","status":"publish","type":"product","link":"https:\/\/roveyayinevi.com.tr\/index.php\/urun\/hayat-sana-ne-anlatiyor\/","title":{"rendered":"Hayat Sana Ne Anlat\u0131yor"},"content":{"rendered":"<p>Duygular\u0131ndan korkma&#8230;\u00c7\u00fcnk\u00fc her duygu bir ihtiya\u00e7tan do\u011far.Bu y\u00fczden bir duyguyu tan\u0131mak, asl\u0131nda bir ihtiyac\u0131 bilmektir.Neye ihtiyac\u0131 oldu\u011funu bilmeyen, rasgele eylemlerde bulunarak, anl\u0131k reaksiyonlarla de\u011fi\u015ftiremeyece\u011fi sonu\u00e7lar yarat\u0131yordur hayat\u0131nda.Oysa duygular, elementlerle konu\u015fur. Her element, bir duyguyu hatta davran\u0131\u015f\u0131 temsil eder.Toplum i\u00e7inde dikkat \u00e7ekenlerin hangi elementi y\u00fcksek \u00e7al\u0131\u015f\u0131r?Ate\u015f&#8230;Hangi element eksildi\u011finde a\u015fk ihtiyac\u0131 do\u011far?Toprak&#8230;Hangi element dengeli \u00e7al\u0131\u015ft\u0131\u011f\u0131nda m\u00fckemmel ileti\u015fim yakalanabilir?Hava&#8230;Cinsellikte romantizmi art\u0131ran element hangisi?Su&#8230;Peki, elementleri dengeleyerek bir davran\u0131\u015f\u0131, deneyimi ve sonucu de\u011fi\u015ftirmek m\u00fcmk\u00fcn m\u00fc?Elbette m\u00fcmk\u00fcn&#8230;T\u00fcrkiye\u2019de ilk kez bir Brahma\u00e7arya\u2019n\u0131n (m\u00fcnzevi) kaleme ald\u0131\u011f\u0131 bu kitap, elementlerin mucizelerle dolu b\u00fcy\u00fcl\u00fc d\u00fcnyas\u0131n\u0131n kap\u0131lar\u0131n\u0131 aral\u0131yor.Ate\u015f, toprak, hava, su ve t\u00fcm bu elementlere alan a\u00e7an element aka\u015fa&#8230;\u0130\u015fte bu be\u015f element, hayat\u0131n alfabesi&#8230;\u00d6\u011frendi\u011finde kendi hik\u00e2yenin izleyicisi de\u011fil, yazar\u0131 olursun&#8230;<\/p>\n","protected":false},"excerpt":{"rendered":"<p>Duygular\u0131ndan korkma&#8230;\u00c7\u00fcnk\u00fc her duygu bir ihtiya\u00e7tan do\u011far.Bu y\u00fczden bir duyguyu tan\u0131mak, asl\u0131nda bir ihtiyac\u0131 bilmektir.Neye ihtiyac\u0131 oldu\u011funu bilmeyen, rasgele eylemlerde bulunarak, anl\u0131k reaksiyonlarla de\u011fi\u015ftiremeyece\u011fi sonu\u00e7lar yarat\u0131yordur<span class=\"excerpt-hellip\"> [\u2026]<\/span><\/p>\n","protected":false},"featured_media":0,"template":"","meta":{"_monsterinsights_skip_tracking":false,"_monsterinsights_sitenote_active":false,"_monsterinsights_sitenote_note":"","_monsterinsights_sitenote_category":0},"product_brand":[],"product_cat":[12364,12376],"product_tag":[],"class_list":{"0":"post-719654","1":"product","2":"type-product","3":"status-publish","5":"product_cat-genel-konular","6":"product_cat-kisisel-gelisim","7":"pa_cilt-ciltsiz","8":"pa_tur-kitap","9":"pa_yayinevi-destek-yayinlari","10":"pa_yazar-cetin-cetintas","12":"first","13":"instock","14":"sale","15":"shipping-taxable","16":"purchasable","17":"product-type-simple"},"_links":{"self":[{"href":"https:\/\/roveyayinevi.com.tr\/index.php\/wp-json\/wp\/v2\/product\/719654","targetHints":{"allow":["GET"]}}],"collection":[{"href":"https:\/\/roveyayinevi.com.tr\/index.php\/wp-json\/wp\/v2\/product"}],"about":[{"href":"https:\/\/roveyayinevi.com.tr\/index.php\/wp-json\/wp\/v2\/types\/product"}],"wp:attachment":[{"href":"https:\/\/roveyayinevi.com.tr\/index.php\/wp-json\/wp\/v2\/media?parent=719654"}],"wp:term":[{"taxonomy":"product_brand","embeddable":true,"href":"https:\/\/roveyayinevi.com.tr\/index.php\/wp-json\/wp\/v2\/product_brand?post=719654"},{"taxonomy":"product_cat","embeddable":true,"href":"https:\/\/roveyayinevi.com.tr\/index.php\/wp-json\/wp\/v2\/product_cat?post=719654"},{"taxonomy":"product_tag","embeddable":true,"href":"https:\/\/roveyayinevi.com.tr\/index.php\/wp-json\/wp\/v2\/product_tag?post=719654"}],"curies":[{"name":"wp","href":"https:\/\/api.w.org\/{rel}","templated":true}]}}