{"id":719606,"date":"2025-08-27T18:24:02","date_gmt":"2025-08-27T15:24:02","guid":{"rendered":"https:\/\/roveyayinevi.com.tr\/index.php\/urun\/bir-meydan-oykusu-beyait-1914-1964\/"},"modified":"2026-04-16T02:27:38","modified_gmt":"2026-04-15T23:27:38","slug":"bir-meydan-oykusu-beyait-1914-1964","status":"publish","type":"product","link":"https:\/\/roveyayinevi.com.tr\/index.php\/urun\/bir-meydan-oykusu-beyait-1914-1964\/","title":{"rendered":"Bir Meydan \u00d6yk\u00fcs\u00fc Beya\u0131t (1914-1964)"},"content":{"rendered":"<p>Meydanlar kimi ger\u00e7ekleri a\u00e7\u0131\u011fa \u00e7\u0131kar\u0131r, kimilerini de gizler.B\u00fcy\u00fck Konstantin devrine kadar uzanan kadim bir tarihi bulunan Beyaz\u0131t Meydan\u0131 (\u00f6nce Forum Tauri, sonra Forum Theodosius) hem bu tarihsel s\u00fcreciyle hem de modern kentte uzunca s\u00fcre oynad\u0131\u011f\u0131 merkezi rolle, \u0130stanbul ile \u00f6zde\u015fle\u015fmi\u015f meydanlardan biridir. Sevince Bayrak, bu uzun tarih i\u00e7inde elli y\u0131ll\u0131k \u00e7ok s\u0131n\u0131rl\u0131 bir zaman aral\u0131\u011f\u0131n\u0131 se\u00e7iyor: 1914-1964. Bu s\u0131k\u0131\u015ft\u0131r\u0131lm\u0131\u015f zaman ve kentin b\u00fct\u00fcn\u00fcne g\u00f6re s\u0131n\u0131rlar\u0131 belli bir mek\u00e2ndan yola \u00e7\u0131karak Beyaz\u0131t Meydan\u0131\u2019n\u0131n ba\u015f\u0131ndan ge\u00e7enler \u00fczerinden bir meydan, asl\u0131nda bir kent \u00f6yk\u00fcs\u00fc payla\u015f\u0131yor bizlerle.Osmanl\u0131\u2019dan Cumhuriyet\u2019e bir meydana y\u00fcklenen i\u015flev ve de\u011ferlerin de\u011fi\u015fim s\u00fcrecini titiz bir ar\u015fiv \u00e7al\u0131\u015fmas\u0131na dayanarak izleyen yazar, \u201ckamusal alan\u201dlar\u0131n belirlenmesinde iktidarlar ve ideolojiler kadar, g\u00fcndelik ya\u015fam\u0131n \u00e7ok \u00e7e\u015fitli akt\u00f6rlerinin de rol oynayabildi\u011fini g\u00f6steriyor. Bir Meydan \u00d6yk\u00fcs\u00fc. Beyaz\u0131t (1914-1964), metropollerin de t\u0131pk\u0131 \u00fcnl\u00fc ki\u015filer gibi hayalet yazarlara ihtiyac\u0131 oldu\u011fu fikrinden yola \u00e7\u0131kan, onca g\u00fcr\u00fclt\u00fc pat\u0131rt\u0131n\u0131n arkas\u0131nda bir meydanda ya\u015fanan de\u011fi\u015fimi farkl\u0131 taraflar\u0131yla, yazarlar\u0131, mimarlar\u0131, valileri, belediye ba\u015fkanlar\u0131, \u015f\u00f6f\u00f6rleri, esnaf\u0131, \u00f6\u011frencileriyle bir arada okuyarak, kentin sesini duymaya ve duyurmaya \u00e7al\u0131\u015fan \u00e7ok \u00f6zg\u00fcn bir \u00e7al\u0131\u015fma. <\/p>\n","protected":false},"excerpt":{"rendered":"<p>Meydanlar kimi ger\u00e7ekleri a\u00e7\u0131\u011fa \u00e7\u0131kar\u0131r, kimilerini de gizler.B\u00fcy\u00fck Konstantin devrine kadar uzanan kadim bir tarihi bulunan Beyaz\u0131t Meydan\u0131 (\u00f6nce Forum Tauri, sonra Forum Theodosius) hem bu<span class=\"excerpt-hellip\"> [\u2026]<\/span><\/p>\n","protected":false},"featured_media":0,"template":"","meta":{"_monsterinsights_skip_tracking":false,"_monsterinsights_sitenote_active":false,"_monsterinsights_sitenote_note":"","_monsterinsights_sitenote_category":0},"product_brand":[],"product_cat":[12370,12304],"product_tag":[],"class_list":{"0":"post-719606","1":"product","2":"type-product","3":"status-publish","5":"product_cat-arastirma-inceleme","6":"product_cat-tarih","7":"pa_cilt-ciltsiz","8":"pa_tur-kitap","9":"pa_yayinevi-is-bankasi-kultur-yayinlari","10":"pa_yazar-sevince-bayrak","12":"first","13":"instock","14":"sale","15":"shipping-taxable","16":"purchasable","17":"product-type-simple"},"_links":{"self":[{"href":"https:\/\/roveyayinevi.com.tr\/index.php\/wp-json\/wp\/v2\/product\/719606","targetHints":{"allow":["GET"]}}],"collection":[{"href":"https:\/\/roveyayinevi.com.tr\/index.php\/wp-json\/wp\/v2\/product"}],"about":[{"href":"https:\/\/roveyayinevi.com.tr\/index.php\/wp-json\/wp\/v2\/types\/product"}],"wp:attachment":[{"href":"https:\/\/roveyayinevi.com.tr\/index.php\/wp-json\/wp\/v2\/media?parent=719606"}],"wp:term":[{"taxonomy":"product_brand","embeddable":true,"href":"https:\/\/roveyayinevi.com.tr\/index.php\/wp-json\/wp\/v2\/product_brand?post=719606"},{"taxonomy":"product_cat","embeddable":true,"href":"https:\/\/roveyayinevi.com.tr\/index.php\/wp-json\/wp\/v2\/product_cat?post=719606"},{"taxonomy":"product_tag","embeddable":true,"href":"https:\/\/roveyayinevi.com.tr\/index.php\/wp-json\/wp\/v2\/product_tag?post=719606"}],"curies":[{"name":"wp","href":"https:\/\/api.w.org\/{rel}","templated":true}]}}