{"id":719602,"date":"2025-08-27T18:23:59","date_gmt":"2025-08-27T15:23:59","guid":{"rendered":"https:\/\/roveyayinevi.com.tr\/index.php\/urun\/ask-kadinlar-ve-iliskiler\/"},"modified":"2026-04-16T02:27:38","modified_gmt":"2026-04-15T23:27:38","slug":"ask-kadinlar-ve-iliskiler","status":"publish","type":"product","link":"https:\/\/roveyayinevi.com.tr\/index.php\/urun\/ask-kadinlar-ve-iliskiler\/","title":{"rendered":"A\u015fk Kad\u0131nlar ve \u0130li\u015fkiler"},"content":{"rendered":"<p>G\u00fcn\u00fcm\u00fczde erkeklerin, a\u015fk ve ili\u015fki konusunda geleneksel, y\u00fczeysel ve yanl\u0131\u015f y\u00f6nlendiren inan\u00e7lar ve \u00f6nerilerle kad\u0131nlara nas\u0131l davran\u0131lmas\u0131 gerekti\u011fi hakk\u0131ndaki al\u0131\u015f\u0131ld\u0131k nutuklar\u0131n \u00f6tesinde bilgi ve yorumlara ihtiya\u00e7lar\u0131 var. \u0130li\u015fkilerini mant\u0131k yoluyla anlamaya \u00e7al\u0131\u015fan erkekler yenilecektir ve kafalar\u0131 kar\u0131\u015facakt\u0131r. \u0130li\u015fkinin y\u00f6n\u00fcn\u00fc ve ili\u015fkideki duygular\u0131 belirleyen \u015fey, erke\u011fin yapt\u0131klar\u0131 de\u011fil y\u00f6ntemleri ve bunun sonucunda hissetti\u011fi tecr\u00fcbelerdir. Kad\u0131n\u0131n bir erkekle ya\u015fad\u0131\u011f\u0131 tecr\u00fcbe ve duygular, genellikle erke\u011fin niyeti ya da sahip oldu\u011funu sand\u0131\u011f\u0131 etkiyle fazla ilgili de\u011fildir.Bu kitap kad\u0131nlarla ili\u015fkilerinde h\u00e2l\u00e2 nas\u0131l do\u011fru tepki verece\u011fini bilmedi\u011fi i\u00e7in kafas\u0131 kar\u0131\u015fan t\u00fcm erkekler i\u00e7in bir rehber niteli\u011finde ve onlar i\u00e7in yaz\u0131ld\u0131. Hem kad\u0131n hem erkeklerin ili\u015fki s\u00fcre\u00e7lerini anlat\u0131rken, bu s\u00fcrecin nas\u0131l yorumlanmas\u0131, anla\u015f\u0131lmas\u0131 ve kar\u015f\u0131l\u0131k verilmesinin de ipu\u00e7lar\u0131n\u0131 veriyor. Bu s\u00fcre\u00e7lerin ili\u015fki prizmalar\u0131n\u0131, k\u00f6r noktalar\u0131n\u0131, kendini baltalama davran\u0131\u015flar\u0131n\u0131, savunmac\u0131 tepkilerini ve davran\u0131\u015f kal\u0131plar\u0131n\u0131 yaratt\u0131\u011f\u0131n\u0131 da anlat\u0131yor.A\u015fk, kad\u0131nlar ve ili\u015fkiler hakk\u0131nda erkeklerin h\u00e2l\u00e2 bilmediklerini teker teker g\u00f6zler \u00f6n\u00fcne sererken, kar\u015f\u0131l\u0131kl\u0131 olarak birbirleri i\u00e7in bir gizem olduklar\u0131n\u0131 ya da farkl\u0131 d\u00fcnyalardan geldikleri g\u00f6r\u00fc\u015f\u00fcn\u00fc de silmeye yard\u0131mc\u0131 olaca\u011f\u0131n\u0131 umuyorum. Geleneksel erkek mant\u0131\u011f\u0131 kullanarak kad\u0131nlar\u0131 anlamak imk\u00e2ns\u0131z olsa da erkeklerin hem kendilerinin hem de kad\u0131nlar\u0131n s\u00fcre\u00e7lerinin do\u011fas\u0131n\u0131n fark\u0131na vararak ili\u015fkilerini etkili ve do\u011fru okumalar\u0131 ve kar\u015f\u0131l\u0131k vermeleri m\u00fcmk\u00fcn.L\u00fctfen okuyun, keyfini \u00e7\u0131kar\u0131n ve dikkate al\u0131n!Dr. Herb Goldberg<\/p>\n","protected":false},"excerpt":{"rendered":"<p>G\u00fcn\u00fcm\u00fczde erkeklerin, a\u015fk ve ili\u015fki konusunda geleneksel, y\u00fczeysel ve yanl\u0131\u015f y\u00f6nlendiren inan\u00e7lar ve \u00f6nerilerle kad\u0131nlara nas\u0131l davran\u0131lmas\u0131 gerekti\u011fi hakk\u0131ndaki al\u0131\u015f\u0131ld\u0131k nutuklar\u0131n \u00f6tesinde bilgi ve yorumlara ihtiya\u00e7lar\u0131<span class=\"excerpt-hellip\"> [\u2026]<\/span><\/p>\n","protected":false},"featured_media":0,"template":"","meta":{"_monsterinsights_skip_tracking":false,"_monsterinsights_sitenote_active":false,"_monsterinsights_sitenote_note":"","_monsterinsights_sitenote_category":0},"product_brand":[],"product_cat":[26396,13488],"product_tag":[],"class_list":{"0":"post-719602","1":"product","2":"type-product","3":"status-publish","5":"product_cat-kadin-erkek-iliskileri","6":"product_cat-toplum-ve-insan","7":"pa_cilt-ciltsiz","8":"pa_tur-kitap","9":"pa_yayinevi-totem-yayinlari","10":"pa_yazar-herb-goldberg","12":"first","13":"instock","14":"sale","15":"shipping-taxable","16":"purchasable","17":"product-type-simple"},"_links":{"self":[{"href":"https:\/\/roveyayinevi.com.tr\/index.php\/wp-json\/wp\/v2\/product\/719602","targetHints":{"allow":["GET"]}}],"collection":[{"href":"https:\/\/roveyayinevi.com.tr\/index.php\/wp-json\/wp\/v2\/product"}],"about":[{"href":"https:\/\/roveyayinevi.com.tr\/index.php\/wp-json\/wp\/v2\/types\/product"}],"wp:attachment":[{"href":"https:\/\/roveyayinevi.com.tr\/index.php\/wp-json\/wp\/v2\/media?parent=719602"}],"wp:term":[{"taxonomy":"product_brand","embeddable":true,"href":"https:\/\/roveyayinevi.com.tr\/index.php\/wp-json\/wp\/v2\/product_brand?post=719602"},{"taxonomy":"product_cat","embeddable":true,"href":"https:\/\/roveyayinevi.com.tr\/index.php\/wp-json\/wp\/v2\/product_cat?post=719602"},{"taxonomy":"product_tag","embeddable":true,"href":"https:\/\/roveyayinevi.com.tr\/index.php\/wp-json\/wp\/v2\/product_tag?post=719602"}],"curies":[{"name":"wp","href":"https:\/\/api.w.org\/{rel}","templated":true}]}}