{"id":719601,"date":"2025-08-27T18:23:58","date_gmt":"2025-08-27T15:23:58","guid":{"rendered":"https:\/\/roveyayinevi.com.tr\/index.php\/urun\/batman-beyaz-sovalye-sayi-6\/"},"modified":"2026-04-16T02:27:38","modified_gmt":"2026-04-15T23:27:38","slug":"batman-beyaz-sovalye-sayi-6","status":"publish","type":"product","link":"https:\/\/roveyayinevi.com.tr\/index.php\/urun\/batman-beyaz-sovalye-sayi-6\/","title":{"rendered":"Batman Beyaz \u015e\u00f6valye Say\u0131 6"},"content":{"rendered":"<p>Gotham\u2019\u0131n en g\u00fc\u00e7l\u00fc ittifak\u0131, Gordon\u2019\u0131n Batman\u2019e duydu\u011fu g\u00fcveni kaybetmesiyle sona ermi\u015ftir. \u0130stifan\u0131n e\u015fi\u011findeki komiser, son g\u00f6revinin \u00fczerinde \u00e7al\u0131\u015f\u0131rken beklenmedik bir m\u00fcdahale Kara \u015e\u00f6valye\u2019yle sava\u015fmaya devam etmesini sa\u011flar. \u0130la\u00e7lar etkisini yitirince Jack\u2019in plan\u0131 tehlikeye girer \u2013 ve t\u00fcm bu karga\u015fadan faydalanan Neo Joker, \u015fehri ele ge\u00e7irmeye kalkar.<\/p>\n","protected":false},"excerpt":{"rendered":"<p>Gotham\u2019\u0131n en g\u00fc\u00e7l\u00fc ittifak\u0131, Gordon\u2019\u0131n Batman\u2019e duydu\u011fu g\u00fcveni kaybetmesiyle sona ermi\u015ftir. \u0130stifan\u0131n e\u015fi\u011findeki komiser, son g\u00f6revinin \u00fczerinde \u00e7al\u0131\u015f\u0131rken beklenmedik bir m\u00fcdahale Kara \u015e\u00f6valye\u2019yle sava\u015fmaya devam etmesini<span class=\"excerpt-hellip\"> [\u2026]<\/span><\/p>\n","protected":false},"featured_media":0,"template":"","meta":{"_monsterinsights_skip_tracking":false,"_monsterinsights_sitenote_active":false,"_monsterinsights_sitenote_note":"","_monsterinsights_sitenote_category":0},"product_brand":[],"product_cat":[12416,12291],"product_tag":[],"class_list":{"0":"post-719601","1":"product","2":"type-product","3":"status-publish","5":"product_cat-cizgi-roman","6":"product_cat-edebiyat","7":"pa_cilt-ciltsiz","8":"pa_tur-kitap","9":"pa_yayinevi-jbc-yayincilik","10":"pa_yazar-sean-murphy","12":"first","13":"instock","14":"sale","15":"shipping-taxable","16":"purchasable","17":"product-type-simple"},"_links":{"self":[{"href":"https:\/\/roveyayinevi.com.tr\/index.php\/wp-json\/wp\/v2\/product\/719601","targetHints":{"allow":["GET"]}}],"collection":[{"href":"https:\/\/roveyayinevi.com.tr\/index.php\/wp-json\/wp\/v2\/product"}],"about":[{"href":"https:\/\/roveyayinevi.com.tr\/index.php\/wp-json\/wp\/v2\/types\/product"}],"wp:attachment":[{"href":"https:\/\/roveyayinevi.com.tr\/index.php\/wp-json\/wp\/v2\/media?parent=719601"}],"wp:term":[{"taxonomy":"product_brand","embeddable":true,"href":"https:\/\/roveyayinevi.com.tr\/index.php\/wp-json\/wp\/v2\/product_brand?post=719601"},{"taxonomy":"product_cat","embeddable":true,"href":"https:\/\/roveyayinevi.com.tr\/index.php\/wp-json\/wp\/v2\/product_cat?post=719601"},{"taxonomy":"product_tag","embeddable":true,"href":"https:\/\/roveyayinevi.com.tr\/index.php\/wp-json\/wp\/v2\/product_tag?post=719601"}],"curies":[{"name":"wp","href":"https:\/\/api.w.org\/{rel}","templated":true}]}}