{"id":719598,"date":"2025-08-27T18:23:57","date_gmt":"2025-08-27T15:23:57","guid":{"rendered":"https:\/\/roveyayinevi.com.tr\/index.php\/urun\/dusuncenin-gucu\/"},"modified":"2026-04-03T02:34:02","modified_gmt":"2026-04-02T23:34:02","slug":"dusuncenin-gucu","status":"publish","type":"product","link":"https:\/\/roveyayinevi.com.tr\/index.php\/urun\/dusuncenin-gucu\/","title":{"rendered":"D\u00fc\u015f\u00fcncenin G\u00fcc\u00fc"},"content":{"rendered":"<p>James Allen\u2019\u0131n \u00f6l\u00fcms\u00fcz eseri D\u00fc\u015f\u00fcncenin G\u00fcc\u00fc ya da kendi deyimiyle bu \u201cK\u00fc\u00e7\u00fck B\u00fcy\u00fck Kitap\u201d, y\u00fcz y\u0131l\u0131 a\u015fk\u0131n s\u00fcredir t\u00fcm d\u00fcnyada milyonlarca insana esin kayna\u011f\u0131 olmu\u015f, bir\u00e7ok dile \u00e7evrilmi\u015f bir klasiktir. Alan\u0131nda \u00e7\u0131\u011f\u0131r a\u00e7m\u0131\u015f ve Norman Vincent Peale, Denis Waitley ve Tony Robbins gibi \u00e7ok say\u0131da \u00e7a\u011fda\u015f yazar\u0131 etkilemi\u015f olan bu kitab\u0131, Og Mandino\u2019nun t\u00fcm zamanlar\u0131n en iyi on kitab\u0131 aras\u0131nda g\u00f6stermesi nedensiz de\u011fildir. \u0130lave olarak sundu\u011fumuz ve yazar\u0131n ilk yap\u0131t\u0131 olan Ba\u015far\u0131ya Giden Yol ise d\u00fc\u015f\u00fcnce g\u00fcc\u00fcyle hayat\u0131na y\u00f6n vermek isteyenlerin yoluna \u0131\u015f\u0131k tutarak, tutum ve tepkilerindeki de\u011fi\u015fikliklerle huzur ve ba\u015far\u0131y\u0131 nas\u0131l yakalayacaklar\u0131na dair s\u0131rlar\u0131 a\u00e7\u0131kl\u0131yor.  Bu e\u015fsiz yazar\u0131n bilgeli\u011fine ba\u015fvurmak i\u00e7in yeni y\u00fcz y\u0131l\u0131n f\u0131rsat\u0131 \u015fimdi elinizde. Akl\u0131n\u0131zda y\u00fcceltti\u011finiz hayal, y\u00fcre\u011finizde ta\u00e7land\u0131rd\u0131\u011f\u0131n\u0131z ideal her ne ise, hayat\u0131n\u0131z\u0131 bunlarla in\u015fa edersiniz; bunlar olursunuz. <\/p>\n","protected":false},"excerpt":{"rendered":"<p>James Allen\u2019\u0131n \u00f6l\u00fcms\u00fcz eseri D\u00fc\u015f\u00fcncenin G\u00fcc\u00fc ya da kendi deyimiyle bu \u201cK\u00fc\u00e7\u00fck B\u00fcy\u00fck Kitap\u201d, y\u00fcz y\u0131l\u0131 a\u015fk\u0131n s\u00fcredir t\u00fcm d\u00fcnyada milyonlarca insana esin kayna\u011f\u0131 olmu\u015f, bir\u00e7ok<span class=\"excerpt-hellip\"> [\u2026]<\/span><\/p>\n","protected":false},"featured_media":0,"template":"","meta":{"_monsterinsights_skip_tracking":false,"_monsterinsights_sitenote_active":false,"_monsterinsights_sitenote_note":"","_monsterinsights_sitenote_category":0},"product_brand":[],"product_cat":[12364,12376],"product_tag":[],"class_list":{"0":"post-719598","1":"product","2":"type-product","3":"status-publish","5":"product_cat-genel-konular","6":"product_cat-kisisel-gelisim","7":"pa_cilt-ciltsiz","8":"pa_tur-kitap","9":"pa_yayinevi-diyojen-yayincilik","10":"pa_yazar-james-allen","12":"first","13":"instock","14":"sale","15":"shipping-taxable","16":"purchasable","17":"product-type-simple"},"_links":{"self":[{"href":"https:\/\/roveyayinevi.com.tr\/index.php\/wp-json\/wp\/v2\/product\/719598","targetHints":{"allow":["GET"]}}],"collection":[{"href":"https:\/\/roveyayinevi.com.tr\/index.php\/wp-json\/wp\/v2\/product"}],"about":[{"href":"https:\/\/roveyayinevi.com.tr\/index.php\/wp-json\/wp\/v2\/types\/product"}],"wp:attachment":[{"href":"https:\/\/roveyayinevi.com.tr\/index.php\/wp-json\/wp\/v2\/media?parent=719598"}],"wp:term":[{"taxonomy":"product_brand","embeddable":true,"href":"https:\/\/roveyayinevi.com.tr\/index.php\/wp-json\/wp\/v2\/product_brand?post=719598"},{"taxonomy":"product_cat","embeddable":true,"href":"https:\/\/roveyayinevi.com.tr\/index.php\/wp-json\/wp\/v2\/product_cat?post=719598"},{"taxonomy":"product_tag","embeddable":true,"href":"https:\/\/roveyayinevi.com.tr\/index.php\/wp-json\/wp\/v2\/product_tag?post=719598"}],"curies":[{"name":"wp","href":"https:\/\/api.w.org\/{rel}","templated":true}]}}