{"id":719597,"date":"2025-08-27T18:23:56","date_gmt":"2025-08-27T15:23:56","guid":{"rendered":"https:\/\/roveyayinevi.com.tr\/index.php\/urun\/ekonominin-temelleri\/"},"modified":"2026-04-16T02:27:38","modified_gmt":"2026-04-15T23:27:38","slug":"ekonominin-temelleri","status":"publish","type":"product","link":"https:\/\/roveyayinevi.com.tr\/index.php\/urun\/ekonominin-temelleri\/","title":{"rendered":"Ekonominin Temelleri"},"content":{"rendered":"<p>Ekonomi alan\u0131nda ne nedir, kurumlar nas\u0131l i\u015fler&#8230; Dr. Mahfi E\u011filmez bu kitapta, ekonominin temellerini olu\u015fturan kavramlar\u0131, hipotezleri, yakla\u015f\u0131mlar\u0131, teorileri, endeksleri, g\u00f6stergeleri ve kurumlar\u0131 ele al\u0131yor. Ekonomiyle do\u011frudan ya da dolayl\u0131 olarak ilgilenenlere, ekonomi derslerini izleyenlere olabildi\u011fince basit bir bi\u00e7imde temel bilgileri vermeyi ama\u00e7l\u0131yor. Ekonominin Temelleri, ekonomi \u00f6\u011frenenler i\u00e7in rehber niteli\u011fi ta\u015f\u0131man\u0131n yan\u0131 s\u0131ra bu alanda belli bir d\u00fczeyde olanlar i\u00e7in de \u00e7e\u015fitli kavram ve kurumlar\u0131 hat\u0131rlamak, bilgi tazelemek a\u00e7\u0131s\u0131ndan bir referans kitab\u0131 olma \u00f6zelli\u011fi ta\u015f\u0131yor. <\/p>\n","protected":false},"excerpt":{"rendered":"<p>Ekonomi alan\u0131nda ne nedir, kurumlar nas\u0131l i\u015fler&#8230; Dr. Mahfi E\u011filmez bu kitapta, ekonominin temellerini olu\u015fturan kavramlar\u0131, hipotezleri, yakla\u015f\u0131mlar\u0131, teorileri, endeksleri, g\u00f6stergeleri ve kurumlar\u0131 ele al\u0131yor. Ekonomiyle<span class=\"excerpt-hellip\"> [\u2026]<\/span><\/p>\n","protected":false},"featured_media":0,"template":"","meta":{"_monsterinsights_skip_tracking":false,"_monsterinsights_sitenote_active":false,"_monsterinsights_sitenote_note":"","_monsterinsights_sitenote_category":0},"product_brand":[],"product_cat":[20333,13043],"product_tag":[],"class_list":{"0":"post-719597","1":"product","2":"type-product","3":"status-publish","5":"product_cat-diger-ekonomi","6":"product_cat-ekonomi","7":"pa_cilt-ciltsiz","8":"pa_tur-kitap","9":"pa_yayinevi-remzi-kitabevi","10":"pa_yazar-mahfi-egilmez","12":"first","13":"instock","14":"sale","15":"shipping-taxable","16":"purchasable","17":"product-type-simple"},"_links":{"self":[{"href":"https:\/\/roveyayinevi.com.tr\/index.php\/wp-json\/wp\/v2\/product\/719597","targetHints":{"allow":["GET"]}}],"collection":[{"href":"https:\/\/roveyayinevi.com.tr\/index.php\/wp-json\/wp\/v2\/product"}],"about":[{"href":"https:\/\/roveyayinevi.com.tr\/index.php\/wp-json\/wp\/v2\/types\/product"}],"wp:attachment":[{"href":"https:\/\/roveyayinevi.com.tr\/index.php\/wp-json\/wp\/v2\/media?parent=719597"}],"wp:term":[{"taxonomy":"product_brand","embeddable":true,"href":"https:\/\/roveyayinevi.com.tr\/index.php\/wp-json\/wp\/v2\/product_brand?post=719597"},{"taxonomy":"product_cat","embeddable":true,"href":"https:\/\/roveyayinevi.com.tr\/index.php\/wp-json\/wp\/v2\/product_cat?post=719597"},{"taxonomy":"product_tag","embeddable":true,"href":"https:\/\/roveyayinevi.com.tr\/index.php\/wp-json\/wp\/v2\/product_tag?post=719597"}],"curies":[{"name":"wp","href":"https:\/\/api.w.org\/{rel}","templated":true}]}}