{"id":719586,"date":"2025-08-27T18:23:48","date_gmt":"2025-08-27T15:23:48","guid":{"rendered":"https:\/\/roveyayinevi.com.tr\/index.php\/urun\/cagdas-yunan-siiri-antrolojisi\/"},"modified":"2026-04-16T02:27:37","modified_gmt":"2026-04-15T23:27:37","slug":"cagdas-yunan-siiri-antrolojisi","status":"publish","type":"product","link":"https:\/\/roveyayinevi.com.tr\/index.php\/urun\/cagdas-yunan-siiri-antrolojisi\/","title":{"rendered":"\u00c7a\u011fda\u015f Yunan \u015eiiri Antrolojisi"},"content":{"rendered":"<p>\u0130lk olarak 1963\u2019te YorgoSeferis\u2019le, sonra OdisseusElitis\u2019le (1979) Nobel Edebiyat \u00d6d\u00fcl\u00fc\u2019ne de\u011fer g\u00f6r\u00fclen bir \u015fiirdir \u00e7a\u011fda\u015f Yunan \u015fiiri. Kavafis\u2019tenKazancakis\u2019e, Ritsos\u2019tanGatsos\u2019a 20. y\u00fczy\u0131l d\u00fcnya \u015fiirine izini b\u0131rakm\u0131\u015f birbirinden \u00f6nemli \u015fairleri bar\u0131nd\u0131ran bu \u015fiir, Akdenizlili\u011fiyle T\u00fcrk \u015fiirine de dokunan bir yap\u0131ya sahiptir. Cevat \u00c7apan ilki 1982 y\u0131l\u0131nda yay\u0131mlanan ve bu yeni bask\u0131s\u0131nda bir\u00e7ok a\u00e7\u0131dan geni\u015fletti\u011fi \u00c7a\u011fda\u015f Yunan \u015eiiri Antolojisi\u2019nde 1863 do\u011fumlu KonstantinosKavafis\u2019ten ba\u015flay\u0131p 1955 do\u011fumlu YannisVarveris\u2019e gelerek 20. y\u00fczy\u0131l Yunan \u015fiirinin en \u00f6nemli adlar\u0131n\u0131 bir araya getiriyor. \u00c7a\u011fda\u015f Yunan \u015eiiri Antolojisi, g\u00fcn\u00fcm\u00fcz Yunan \u015fiirinin ba\u015fl\u0131ca ak\u0131mlar\u0131 ile en se\u00e7kin ustalar\u0131n\u0131 bulaca\u011f\u0131n\u0131z bir temel kaynak olmaya devam ediyor.  <\/p>\n","protected":false},"excerpt":{"rendered":"<p>\u0130lk olarak 1963\u2019te YorgoSeferis\u2019le, sonra OdisseusElitis\u2019le (1979) Nobel Edebiyat \u00d6d\u00fcl\u00fc\u2019ne de\u011fer g\u00f6r\u00fclen bir \u015fiirdir \u00e7a\u011fda\u015f Yunan \u015fiiri. Kavafis\u2019tenKazancakis\u2019e, Ritsos\u2019tanGatsos\u2019a 20. y\u00fczy\u0131l d\u00fcnya \u015fiirine izini b\u0131rakm\u0131\u015f birbirinden<span class=\"excerpt-hellip\"> [\u2026]<\/span><\/p>\n","protected":false},"featured_media":0,"template":"","meta":{"_monsterinsights_skip_tracking":false,"_monsterinsights_sitenote_active":false,"_monsterinsights_sitenote_note":"","_monsterinsights_sitenote_category":0},"product_brand":[],"product_cat":[12291,12509],"product_tag":[],"class_list":{"0":"post-719586","1":"product","2":"type-product","3":"status-publish","5":"product_cat-edebiyat","6":"product_cat-siir","7":"pa_cilt-ciltsiz","8":"pa_tur-kitap","9":"pa_yayinevi-kirmizi-kedi-yayinevi","10":"pa_yazar-cevat-capan","12":"first","13":"instock","14":"sale","15":"shipping-taxable","16":"purchasable","17":"product-type-simple"},"_links":{"self":[{"href":"https:\/\/roveyayinevi.com.tr\/index.php\/wp-json\/wp\/v2\/product\/719586","targetHints":{"allow":["GET"]}}],"collection":[{"href":"https:\/\/roveyayinevi.com.tr\/index.php\/wp-json\/wp\/v2\/product"}],"about":[{"href":"https:\/\/roveyayinevi.com.tr\/index.php\/wp-json\/wp\/v2\/types\/product"}],"wp:attachment":[{"href":"https:\/\/roveyayinevi.com.tr\/index.php\/wp-json\/wp\/v2\/media?parent=719586"}],"wp:term":[{"taxonomy":"product_brand","embeddable":true,"href":"https:\/\/roveyayinevi.com.tr\/index.php\/wp-json\/wp\/v2\/product_brand?post=719586"},{"taxonomy":"product_cat","embeddable":true,"href":"https:\/\/roveyayinevi.com.tr\/index.php\/wp-json\/wp\/v2\/product_cat?post=719586"},{"taxonomy":"product_tag","embeddable":true,"href":"https:\/\/roveyayinevi.com.tr\/index.php\/wp-json\/wp\/v2\/product_tag?post=719586"}],"curies":[{"name":"wp","href":"https:\/\/api.w.org\/{rel}","templated":true}]}}