{"id":719583,"date":"2025-08-27T18:23:46","date_gmt":"2025-08-27T15:23:46","guid":{"rendered":"https:\/\/roveyayinevi.com.tr\/index.php\/urun\/biz-3\/"},"modified":"2026-04-16T02:27:37","modified_gmt":"2026-04-15T23:27:37","slug":"biz-3","status":"publish","type":"product","link":"https:\/\/roveyayinevi.com.tr\/index.php\/urun\/biz-3\/","title":{"rendered":"Biz"},"content":{"rendered":"<p>\u201cRomantik, yarat\u0131c\u0131, zek\u00e2 dolu, g\u00fc\u00e7l\u00fc ve g\u00fczel bir kitap\u2026 Muhtemelen \u015fimdiye dek yaz\u0131lm\u0131\u015f en iyi bilimkurgu roman\u0131.\u201d  Ursula K. Le Guin   \u201cZamyatin belli bir \u00fclkeyi de\u011fil, sanayi uygarl\u0131\u011f\u0131n\u0131n hedeflerini ele al\u0131yor. Bu kitab\u0131n konusu asl\u0131nda Makine, yani insan\u0131n d\u00fc\u015f\u00fcncesizce \u015fi\u015fesinden \u00e7\u0131kard\u0131\u011f\u0131 ve tekrar \u015fi\u015fesine sokamad\u0131\u011f\u0131 o cin\u2026\u201d George Orwell &#8220;Herkesin akl\u0131n\u0131 ka\u00e7\u0131rmas\u0131 gerekli , en k\u0131sa zamanda herkesin delirmesi laz\u0131m&#8221;!Yevgeni Zamyatin \u00fctopyalar\u0131n nas\u0131l tepetaklak olabilece\u011fini fark eden belki de ilk yazar. Orwell, Huxley, Le Guin ve daha bir\u00e7o\u011funa \u00fctopyaya farkl\u0131, ters bir a\u00e7\u0131dan bakma ilham\u0131n\u0131 veren Biz ise \u201cdistopya\u201d kelimesinin alt\u0131n\u0131 dolduran ve onca y\u0131l sonra bile hakk\u0131n\u0131 vermeye devam eden bir \u015faheser.   Ya\u015fam\u0131n bitmez t\u00fckenmez kaosunun dizginlendi\u011fi bir gelecek\u2026 Bu gelecekte ne \u00f6zg\u00fcrl\u00fck ne demokrasi ne de birey; sadece matematik ve mant\u0131\u011f\u0131n h\u00fck\u00fcmranl\u0131\u011f\u0131 ge\u00e7erli. Mahremiyetlerini ve cezaland\u0131r\u0131lma hakk\u0131 d\u0131\u015f\u0131ndaki b\u00fct\u00fcn haklar\u0131n\u0131 Tek Devlet ve onun sureti Velinimet\u2019in demir eline teslim eden insanlar ise sadece birer Numara\u2019dan ibaret.   Hem Numaralar\u0131n kutsal kitap yerine koyduklar\u0131 Saat Tableti\u2019ne g\u00f6re ya\u015fad\u0131\u011f\u0131  bu mutlak iktidar\u0131n hem de son devrimin di\u011fer gezegenlere m\u00fcjdelenmesi i\u00e7in camdan bir uzay arac\u0131 in\u015fa edilir. \u0130ntegral ad\u0131ndaki bu arac\u0131n ba\u015fm\u00fchendisi D-503, \u00f6teki gezegenlerdeki ilkel okurlar\u0131na Tek Devlet\u2019i anlatmak \u00fczere bir g\u00fcnl\u00fck tutmaya ba\u015flar. Hayal g\u00fcc\u00fc denen bir hastal\u0131ktan mustarip oldu\u011funu d\u00fc\u015f\u00fcnen D-503, kusursuz bildi\u011fi denklemde baz\u0131 hatalar, mutlak devrimde baz\u0131 eksiklikler fark eder. Bu hastal\u0131ktan kurtulmaya \u00e7al\u0131\u015ft\u0131k\u00e7a inanc\u0131n\u0131 da kaybetmeye ba\u015flar. Biz, distopyan\u0131n \u015fafa\u011f\u0131.   Ursula K. Le Guin\u2019in \u00f6ns\u00f6z\u00fcyle Yevgeni Zamyatin\u2019in makaleleriyle <\/p>\n","protected":false},"excerpt":{"rendered":"<p>\u201cRomantik, yarat\u0131c\u0131, zek\u00e2 dolu, g\u00fc\u00e7l\u00fc ve g\u00fczel bir kitap\u2026 Muhtemelen \u015fimdiye dek yaz\u0131lm\u0131\u015f en iyi bilimkurgu roman\u0131.\u201d Ursula K. Le Guin \u201cZamyatin belli bir \u00fclkeyi de\u011fil,<span class=\"excerpt-hellip\"> [\u2026]<\/span><\/p>\n","protected":false},"featured_media":0,"template":"","meta":{"_monsterinsights_skip_tracking":false,"_monsterinsights_sitenote_active":false,"_monsterinsights_sitenote_note":"","_monsterinsights_sitenote_category":0},"product_brand":[],"product_cat":[12540,12291],"product_tag":[],"class_list":{"0":"post-719583","1":"product","2":"type-product","3":"status-publish","5":"product_cat-bilim-kurgu","6":"product_cat-edebiyat","7":"pa_cilt-ciltsiz","8":"pa_tur-kitap","9":"pa_yayinevi-ithaki-yayinlari","10":"pa_yazar-yevgeni-zamyatin","12":"first","13":"instock","14":"sale","15":"shipping-taxable","16":"purchasable","17":"product-type-simple"},"_links":{"self":[{"href":"https:\/\/roveyayinevi.com.tr\/index.php\/wp-json\/wp\/v2\/product\/719583","targetHints":{"allow":["GET"]}}],"collection":[{"href":"https:\/\/roveyayinevi.com.tr\/index.php\/wp-json\/wp\/v2\/product"}],"about":[{"href":"https:\/\/roveyayinevi.com.tr\/index.php\/wp-json\/wp\/v2\/types\/product"}],"wp:attachment":[{"href":"https:\/\/roveyayinevi.com.tr\/index.php\/wp-json\/wp\/v2\/media?parent=719583"}],"wp:term":[{"taxonomy":"product_brand","embeddable":true,"href":"https:\/\/roveyayinevi.com.tr\/index.php\/wp-json\/wp\/v2\/product_brand?post=719583"},{"taxonomy":"product_cat","embeddable":true,"href":"https:\/\/roveyayinevi.com.tr\/index.php\/wp-json\/wp\/v2\/product_cat?post=719583"},{"taxonomy":"product_tag","embeddable":true,"href":"https:\/\/roveyayinevi.com.tr\/index.php\/wp-json\/wp\/v2\/product_tag?post=719583"}],"curies":[{"name":"wp","href":"https:\/\/api.w.org\/{rel}","templated":true}]}}