{"id":719574,"date":"2025-08-27T18:23:40","date_gmt":"2025-08-27T15:23:40","guid":{"rendered":"https:\/\/roveyayinevi.com.tr\/index.php\/urun\/masal-yolu\/"},"modified":"2026-04-16T02:27:37","modified_gmt":"2026-04-15T23:27:37","slug":"masal-yolu","status":"publish","type":"product","link":"https:\/\/roveyayinevi.com.tr\/index.php\/urun\/masal-yolu\/","title":{"rendered":"Masal Yolu"},"content":{"rendered":"<p>Masal Yolu \u015fimdiye kadar okuduklar\u0131n\u0131zdan \u00e7ok farkl\u0131 bir kitap, \u00e7\u00fcnk\u00fc bu masalda kiminle tan\u0131\u015faca\u011f\u0131n\u0131za, nereye gidece\u011finize ve ne yapaca\u011f\u0131n\u0131za siz karar veriyorsunuz. Masal\u0131m\u0131z okurun bir ba\u015f karakter se\u00e7mesiyle ba\u015fl\u0131yor. Prenses, astronot ve ahtapot gibi farkl\u0131 karakterler aras\u0131ndan se\u00e7ilen kahraman uzun ve maceralarla dolu bir yola \u00e7\u0131k\u0131yor. Kitapta k\u0131sa y\u00f6nlendirmelerle okura masal\u0131n gidi\u015fat\u0131 konusunda ipu\u00e7lar\u0131 veriliyor. \u00c7ocuklar masaldaki bo\u015fluklar\u0131 doldurarak kendi maceralar\u0131n\u0131 olu\u015fturuyorlar. Ayr\u0131ca sayfalar\u0131n kenar\u0131nda okura y\u00f6neltilen \u201cHangisini se\u00e7tin?\u201d ve \u201cNas\u0131l g\u00f6r\u00fcn\u00fcyor?\u201d gibi k\u0131sa sorular da \u00e7ocuklar\u0131n masallar\u0131n\u0131 detayland\u0131rmalar\u0131na yard\u0131mc\u0131 oluyor.Okur bu kitapta farkl\u0131 yollardan gitmeyi se\u00e7erek defalarca yeni bir masal anlatabiliyor; \u00f6yle ki kitaptaki alternatif karakterler, mek\u00e2nlar ve nesnelerle 3 milyardan fazla masal \u00fcretilebiliyor. \u00d6d\u00fcll\u00fc \u00e7izer Madalena Matoso\u2019nun s\u0131rad\u0131\u015f\u0131 \u00e7izimleriyle s\u00fcslenmi\u015f bu kitap her ya\u015ftan \u00e7ocu\u011fa, bir oyun oynar gibi kendi hik\u00e2yesini anlatma f\u0131rsat\u0131 sunuyor.<\/p>\n","protected":false},"excerpt":{"rendered":"<p>Masal Yolu \u015fimdiye kadar okuduklar\u0131n\u0131zdan \u00e7ok farkl\u0131 bir kitap, \u00e7\u00fcnk\u00fc bu masalda kiminle tan\u0131\u015faca\u011f\u0131n\u0131za, nereye gidece\u011finize ve ne yapaca\u011f\u0131n\u0131za siz karar veriyorsunuz. Masal\u0131m\u0131z okurun bir ba\u015f<span class=\"excerpt-hellip\"> [\u2026]<\/span><\/p>\n","protected":false},"featured_media":0,"template":"","meta":{"_monsterinsights_skip_tracking":false,"_monsterinsights_sitenote_active":false,"_monsterinsights_sitenote_note":"","_monsterinsights_sitenote_category":0},"product_brand":[],"product_cat":[12913,12274],"product_tag":[],"class_list":{"0":"post-719574","1":"product","2":"type-product","3":"status-publish","5":"product_cat-3-6-yas-kitaplari","6":"product_cat-cocuk-ve-genclik-kitaplari","7":"pa_cilt-ciltsiz","8":"pa_tur-kitap","9":"pa_yayinevi-redhouse-kidz-yayinlari","10":"pa_yazar-kate-baker","12":"first","13":"instock","14":"sale","15":"shipping-taxable","16":"purchasable","17":"product-type-simple"},"_links":{"self":[{"href":"https:\/\/roveyayinevi.com.tr\/index.php\/wp-json\/wp\/v2\/product\/719574","targetHints":{"allow":["GET"]}}],"collection":[{"href":"https:\/\/roveyayinevi.com.tr\/index.php\/wp-json\/wp\/v2\/product"}],"about":[{"href":"https:\/\/roveyayinevi.com.tr\/index.php\/wp-json\/wp\/v2\/types\/product"}],"wp:attachment":[{"href":"https:\/\/roveyayinevi.com.tr\/index.php\/wp-json\/wp\/v2\/media?parent=719574"}],"wp:term":[{"taxonomy":"product_brand","embeddable":true,"href":"https:\/\/roveyayinevi.com.tr\/index.php\/wp-json\/wp\/v2\/product_brand?post=719574"},{"taxonomy":"product_cat","embeddable":true,"href":"https:\/\/roveyayinevi.com.tr\/index.php\/wp-json\/wp\/v2\/product_cat?post=719574"},{"taxonomy":"product_tag","embeddable":true,"href":"https:\/\/roveyayinevi.com.tr\/index.php\/wp-json\/wp\/v2\/product_tag?post=719574"}],"curies":[{"name":"wp","href":"https:\/\/api.w.org\/{rel}","templated":true}]}}