{"id":719560,"date":"2025-08-27T18:23:31","date_gmt":"2025-08-27T15:23:31","guid":{"rendered":"https:\/\/roveyayinevi.com.tr\/index.php\/urun\/bilgi-kupu-5-sinif-genel-yetenek\/"},"modified":"2026-04-16T02:27:37","modified_gmt":"2026-04-15T23:27:37","slug":"bilgi-kupu-5-sinif-genel-yetenek","status":"publish","type":"product","link":"https:\/\/roveyayinevi.com.tr\/index.php\/urun\/bilgi-kupu-5-sinif-genel-yetenek\/","title":{"rendered":"Bilgi K\u00fcp\u00fc 5.S\u0131n\u0131f Genel Yetenek"},"content":{"rendered":"<p>S\u00f6zel yetenekSay\u0131sal yetenek\u015eekil yetene\u011fi\u00c7oklu yetenekBu kitapta 45&#8217;i \u00e7\u00f6z\u00fcml\u00fc ,137 s\u00f6zel yetenek sorusu , 44&#8217;\u00fc \u00e7\u00f6z\u00fcml\u00fc 137 say\u0131sal yetenek sorusu , 35&#8217;i \u00e7\u00f6z\u00fcml\u00fc 107 \u015fekil yetene\u011fi sorusu , 19&#8217;u \u00e7\u00f6z\u00fcml\u00fc 37 \u00e7oklu yetenek sorusu , 88 karma test sorusu ve hepsi \u00e7\u00f6z\u00fcml\u00fc 10 bilgi k\u00fcp\u00fc sorusu olarak 513 soru vard\u0131r.<\/p>\n","protected":false},"excerpt":{"rendered":"<p>S\u00f6zel yetenekSay\u0131sal yetenek\u015eekil yetene\u011fi\u00c7oklu yetenekBu kitapta 45&#8217;i \u00e7\u00f6z\u00fcml\u00fc ,137 s\u00f6zel yetenek sorusu , 44&#8217;\u00fc \u00e7\u00f6z\u00fcml\u00fc 137 say\u0131sal yetenek sorusu , 35&#8217;i \u00e7\u00f6z\u00fcml\u00fc 107 \u015fekil yetene\u011fi sorusu<span class=\"excerpt-hellip\"> [\u2026]<\/span><\/p>\n","protected":false},"featured_media":0,"template":"","meta":{"_monsterinsights_skip_tracking":false,"_monsterinsights_sitenote_active":false,"_monsterinsights_sitenote_note":"","_monsterinsights_sitenote_category":0},"product_brand":[],"product_cat":[12566,42911,13473],"product_tag":[],"class_list":{"0":"post-719560","1":"product","2":"type-product","3":"status-publish","5":"product_cat-egitim","6":"product_cat-ilkogretim-yardimci-kitaplar","7":"product_cat-sinavlara-hazirlik-okula-yardimci-kaynaklar","8":"pa_cilt-ciltsiz","9":"pa_tur-kitap","10":"pa_yayinevi-bilgi-kupu","11":"pa_yazar-kadir-gulcu","13":"first","14":"instock","15":"sale","16":"shipping-taxable","17":"purchasable","18":"product-type-simple"},"_links":{"self":[{"href":"https:\/\/roveyayinevi.com.tr\/index.php\/wp-json\/wp\/v2\/product\/719560","targetHints":{"allow":["GET"]}}],"collection":[{"href":"https:\/\/roveyayinevi.com.tr\/index.php\/wp-json\/wp\/v2\/product"}],"about":[{"href":"https:\/\/roveyayinevi.com.tr\/index.php\/wp-json\/wp\/v2\/types\/product"}],"wp:attachment":[{"href":"https:\/\/roveyayinevi.com.tr\/index.php\/wp-json\/wp\/v2\/media?parent=719560"}],"wp:term":[{"taxonomy":"product_brand","embeddable":true,"href":"https:\/\/roveyayinevi.com.tr\/index.php\/wp-json\/wp\/v2\/product_brand?post=719560"},{"taxonomy":"product_cat","embeddable":true,"href":"https:\/\/roveyayinevi.com.tr\/index.php\/wp-json\/wp\/v2\/product_cat?post=719560"},{"taxonomy":"product_tag","embeddable":true,"href":"https:\/\/roveyayinevi.com.tr\/index.php\/wp-json\/wp\/v2\/product_tag?post=719560"}],"curies":[{"name":"wp","href":"https:\/\/api.w.org\/{rel}","templated":true}]}}