{"id":719557,"date":"2025-08-27T18:23:29","date_gmt":"2025-08-27T15:23:29","guid":{"rendered":"https:\/\/roveyayinevi.com.tr\/index.php\/urun\/bilgi-kupu-3-sinif-genel-yetenek\/"},"modified":"2026-04-16T02:27:37","modified_gmt":"2026-04-15T23:27:37","slug":"bilgi-kupu-3-sinif-genel-yetenek","status":"publish","type":"product","link":"https:\/\/roveyayinevi.com.tr\/index.php\/urun\/bilgi-kupu-3-sinif-genel-yetenek\/","title":{"rendered":"Bilgi K\u00fcp\u00fc 3.S\u0131n\u0131f Genel Yetenek"},"content":{"rendered":"<p>S\u00f6zel yetenek Say\u0131sal yetenek\u015eekil yetenek\u00c7oklu yetenekBu kitapta 30&#8217;si \u00e7\u00f6z\u00fcml\u00fc 125 s\u00f6zel yetenek sorusu , 32&#8217;si \u00e7\u00f6z\u00fcml\u00fc 127 say\u0131sal yetenek sorusu ,30&#8217;u \u00e7\u00f6z\u00fcml\u00fc 110 \u00e7oklu yetenek ve karma test sorusu ve hepsi \u00e7\u00f6z\u00fcml\u00fc 13 bilgi k\u00fcp\u00fc sorulu olarak toplam 477 soru vard\u0131r.&#8221;Yetenek testleri , zor veya kolay olarak s\u0131n\u0131fland\u0131r\u0131lmamal\u0131d\u0131r.Soru \u00fczerinde ula\u015f\u0131lacak yarg\u0131 i\u00e7in gerekli \u00f6n bilgisi olan her birey , hangi ya\u015fta olursa olsun zihinsel yetisini kullanmal\u0131d\u0131r.4. s\u0131n\u0131fa y\u00f6nelik bir say\u0131 sorusunun \u00e7\u00f6z\u00fcm\u00fc  , \u00e7arpma i\u015fleminin kullan\u0131lmas\u0131n\u0131 gerektiriyorsa \u00e7arpma i\u015flemi bilen t\u00fcm bireyler bu soru \u00fczerinde ak\u0131l y\u00fcr\u00fctebilmelidir. Bu nedenle , kitaptaki sorular 4. s\u0131n\u0131f d\u00fczeyine g\u00f6re d\u00fczenlenmi\u015f olmakla birlikte daha \u00fcst s\u0131n\u0131flardaki \u00f6\u011frenciler i\u00e7in de \u00f6nemli bir kaynat\u0131r.&#8221;<\/p>\n","protected":false},"excerpt":{"rendered":"<p>S\u00f6zel yetenek Say\u0131sal yetenek\u015eekil yetenek\u00c7oklu yetenekBu kitapta 30&#8217;si \u00e7\u00f6z\u00fcml\u00fc 125 s\u00f6zel yetenek sorusu , 32&#8217;si \u00e7\u00f6z\u00fcml\u00fc 127 say\u0131sal yetenek sorusu ,30&#8217;u \u00e7\u00f6z\u00fcml\u00fc 110 \u00e7oklu yetenek ve<span class=\"excerpt-hellip\"> [\u2026]<\/span><\/p>\n","protected":false},"featured_media":0,"template":"","meta":{"_monsterinsights_skip_tracking":false,"_monsterinsights_sitenote_active":false,"_monsterinsights_sitenote_note":"","_monsterinsights_sitenote_category":0},"product_brand":[],"product_cat":[12566,42912,42911,13473],"product_tag":[],"class_list":{"0":"post-719557","1":"product","2":"type-product","3":"status-publish","5":"product_cat-egitim","6":"product_cat-ilkogretim-3-sinif","7":"product_cat-ilkogretim-yardimci-kitaplar","8":"product_cat-sinavlara-hazirlik-okula-yardimci-kaynaklar","9":"pa_cilt-ciltsiz","10":"pa_tur-kitap","11":"pa_yayinevi-bilgi-kupu","12":"pa_yazar-kadir-gulcu","14":"first","15":"instock","16":"sale","17":"shipping-taxable","18":"purchasable","19":"product-type-simple"},"_links":{"self":[{"href":"https:\/\/roveyayinevi.com.tr\/index.php\/wp-json\/wp\/v2\/product\/719557","targetHints":{"allow":["GET"]}}],"collection":[{"href":"https:\/\/roveyayinevi.com.tr\/index.php\/wp-json\/wp\/v2\/product"}],"about":[{"href":"https:\/\/roveyayinevi.com.tr\/index.php\/wp-json\/wp\/v2\/types\/product"}],"wp:attachment":[{"href":"https:\/\/roveyayinevi.com.tr\/index.php\/wp-json\/wp\/v2\/media?parent=719557"}],"wp:term":[{"taxonomy":"product_brand","embeddable":true,"href":"https:\/\/roveyayinevi.com.tr\/index.php\/wp-json\/wp\/v2\/product_brand?post=719557"},{"taxonomy":"product_cat","embeddable":true,"href":"https:\/\/roveyayinevi.com.tr\/index.php\/wp-json\/wp\/v2\/product_cat?post=719557"},{"taxonomy":"product_tag","embeddable":true,"href":"https:\/\/roveyayinevi.com.tr\/index.php\/wp-json\/wp\/v2\/product_tag?post=719557"}],"curies":[{"name":"wp","href":"https:\/\/api.w.org\/{rel}","templated":true}]}}