{"id":719553,"date":"2025-08-27T18:23:27","date_gmt":"2025-08-27T15:23:27","guid":{"rendered":"https:\/\/roveyayinevi.com.tr\/index.php\/urun\/batman-beyaz-sovalye-sayi-8\/"},"modified":"2026-04-16T02:27:37","modified_gmt":"2026-04-15T23:27:37","slug":"batman-beyaz-sovalye-sayi-8","status":"publish","type":"product","link":"https:\/\/roveyayinevi.com.tr\/index.php\/urun\/batman-beyaz-sovalye-sayi-8\/","title":{"rendered":"Batman Beyaz \u015e\u00f6valye Say\u0131 8"},"content":{"rendered":"<p>Sean Murphy\u2019nin b\u00fcy\u00fck be\u011feni toplayan mini serisinin finalinde, Jack Napier\u2019\u0131n ku\u015fkulu y\u00f6ntemlerle Gotham\u2019\u0131 ba\u015ftan \u00e7\u0131kard\u0131\u011f\u0131 b\u00fcy\u00fck plan\u0131; beklenmedik bir \u015fekilde son buluyor! \u015eehir, GTO i\u00e7in buzlarla kapl\u0131 bir mezara d\u00f6n\u00fc\u015fmek \u00fczereyken, Batgirl\u2019\u00fcn kritik bir andaki deste\u011fiyle, Gordon daha fazla insan\u0131n iyili\u011fi i\u00e7in Batman hakk\u0131ndaki d\u00fc\u015f\u00fcncelerini g\u00f6zden ge\u00e7irmek zorunda kal\u0131r. Ger\u00e7ek Joker\u2019in d\u00f6n\u00fc\u015f\u00fc yakla\u015f\u0131rken Harley, intikam pe\u015fine d\u00fc\u015fer ve sevdiklerini bekleyen karanl\u0131k gelecekle y\u00fczle\u015fir.<\/p>\n","protected":false},"excerpt":{"rendered":"<p>Sean Murphy\u2019nin b\u00fcy\u00fck be\u011feni toplayan mini serisinin finalinde, Jack Napier\u2019\u0131n ku\u015fkulu y\u00f6ntemlerle Gotham\u2019\u0131 ba\u015ftan \u00e7\u0131kard\u0131\u011f\u0131 b\u00fcy\u00fck plan\u0131; beklenmedik bir \u015fekilde son buluyor! \u015eehir, GTO i\u00e7in buzlarla<span class=\"excerpt-hellip\"> [\u2026]<\/span><\/p>\n","protected":false},"featured_media":0,"template":"","meta":{"_monsterinsights_skip_tracking":false,"_monsterinsights_sitenote_active":false,"_monsterinsights_sitenote_note":"","_monsterinsights_sitenote_category":0},"product_brand":[],"product_cat":[12416,12291],"product_tag":[],"class_list":{"0":"post-719553","1":"product","2":"type-product","3":"status-publish","5":"product_cat-cizgi-roman","6":"product_cat-edebiyat","7":"pa_cilt-ciltsiz","8":"pa_tur-kitap","9":"pa_yayinevi-jbc-yayincilik","10":"pa_yazar-sean-murphy","12":"first","13":"instock","14":"sale","15":"shipping-taxable","16":"purchasable","17":"product-type-simple"},"_links":{"self":[{"href":"https:\/\/roveyayinevi.com.tr\/index.php\/wp-json\/wp\/v2\/product\/719553","targetHints":{"allow":["GET"]}}],"collection":[{"href":"https:\/\/roveyayinevi.com.tr\/index.php\/wp-json\/wp\/v2\/product"}],"about":[{"href":"https:\/\/roveyayinevi.com.tr\/index.php\/wp-json\/wp\/v2\/types\/product"}],"wp:attachment":[{"href":"https:\/\/roveyayinevi.com.tr\/index.php\/wp-json\/wp\/v2\/media?parent=719553"}],"wp:term":[{"taxonomy":"product_brand","embeddable":true,"href":"https:\/\/roveyayinevi.com.tr\/index.php\/wp-json\/wp\/v2\/product_brand?post=719553"},{"taxonomy":"product_cat","embeddable":true,"href":"https:\/\/roveyayinevi.com.tr\/index.php\/wp-json\/wp\/v2\/product_cat?post=719553"},{"taxonomy":"product_tag","embeddable":true,"href":"https:\/\/roveyayinevi.com.tr\/index.php\/wp-json\/wp\/v2\/product_tag?post=719553"}],"curies":[{"name":"wp","href":"https:\/\/api.w.org\/{rel}","templated":true}]}}