{"id":719537,"date":"2025-08-27T18:23:16","date_gmt":"2025-08-27T15:23:16","guid":{"rendered":"https:\/\/roveyayinevi.com.tr\/index.php\/urun\/bisiklet-ustasi\/"},"modified":"2026-04-03T02:34:01","modified_gmt":"2026-04-02T23:34:01","slug":"bisiklet-ustasi","status":"publish","type":"product","link":"https:\/\/roveyayinevi.com.tr\/index.php\/urun\/bisiklet-ustasi\/","title":{"rendered":"Bisiklet Ustas\u0131"},"content":{"rendered":"<p>Bamba\u015fka bir diyarda hayallerine ko\u015fan \u00fc\u00e7 \u00e7ocuk&#8230;Minti yepyeni bisikletiyle da\u011f tepe dola\u015fmak ister ama bu hayali biraz beklemeli \u00e7\u00fcnk\u00fc Minti \u00f6nce bisiklet s\u00fcrmeyi \u00f6\u011frenmeli.Minti ile onun yak\u0131n arkada\u015flar\u0131 Suzi ve Volki kasabalar\u0131ndaki bisiklet ustalar\u0131n\u0131 gezerek nas\u0131l bisiklet s\u00fcreceklerini \u00f6\u011frenmeye \u00e7al\u0131\u015f\u0131rlar. Bu i\u015fin s\u0131rr\u0131n\u0131 aray\u0131p bulmak i\u00e7in uzun ve engebeli bir yoldan ge\u00e7meleri gerekecektir. Uzak diyarladan, hayal kuranlar\u0131n \u00f6yk\u00fcs\u00fc&#8230;<\/p>\n","protected":false},"excerpt":{"rendered":"<p>Bamba\u015fka bir diyarda hayallerine ko\u015fan \u00fc\u00e7 \u00e7ocuk&#8230;Minti yepyeni bisikletiyle da\u011f tepe dola\u015fmak ister ama bu hayali biraz beklemeli \u00e7\u00fcnk\u00fc Minti \u00f6nce bisiklet s\u00fcrmeyi \u00f6\u011frenmeli.Minti ile onun<span class=\"excerpt-hellip\"> [\u2026]<\/span><\/p>\n","protected":false},"featured_media":0,"template":"","meta":{"_monsterinsights_skip_tracking":false,"_monsterinsights_sitenote_active":false,"_monsterinsights_sitenote_note":"","_monsterinsights_sitenote_category":0},"product_brand":[],"product_cat":[12274,12284],"product_tag":[],"class_list":{"0":"post-719537","1":"product","2":"type-product","3":"status-publish","5":"product_cat-cocuk-ve-genclik-kitaplari","6":"product_cat-hikayeler","7":"pa_cilt-ciltsiz","8":"pa_tur-kitap","9":"pa_yayinevi-redhouse-kidz-yayinlari","10":"pa_yazar-ozge-bahar-sunar","12":"first","13":"instock","14":"sale","15":"shipping-taxable","16":"purchasable","17":"product-type-simple"},"_links":{"self":[{"href":"https:\/\/roveyayinevi.com.tr\/index.php\/wp-json\/wp\/v2\/product\/719537","targetHints":{"allow":["GET"]}}],"collection":[{"href":"https:\/\/roveyayinevi.com.tr\/index.php\/wp-json\/wp\/v2\/product"}],"about":[{"href":"https:\/\/roveyayinevi.com.tr\/index.php\/wp-json\/wp\/v2\/types\/product"}],"wp:attachment":[{"href":"https:\/\/roveyayinevi.com.tr\/index.php\/wp-json\/wp\/v2\/media?parent=719537"}],"wp:term":[{"taxonomy":"product_brand","embeddable":true,"href":"https:\/\/roveyayinevi.com.tr\/index.php\/wp-json\/wp\/v2\/product_brand?post=719537"},{"taxonomy":"product_cat","embeddable":true,"href":"https:\/\/roveyayinevi.com.tr\/index.php\/wp-json\/wp\/v2\/product_cat?post=719537"},{"taxonomy":"product_tag","embeddable":true,"href":"https:\/\/roveyayinevi.com.tr\/index.php\/wp-json\/wp\/v2\/product_tag?post=719537"}],"curies":[{"name":"wp","href":"https:\/\/api.w.org\/{rel}","templated":true}]}}