{"id":719516,"date":"2025-08-27T18:23:00","date_gmt":"2025-08-27T15:23:00","guid":{"rendered":"https:\/\/roveyayinevi.com.tr\/index.php\/urun\/devdinozorus\/"},"modified":"2026-04-16T02:27:36","modified_gmt":"2026-04-15T23:27:36","slug":"devdinozorus","status":"publish","type":"product","link":"https:\/\/roveyayinevi.com.tr\/index.php\/urun\/devdinozorus\/","title":{"rendered":"Devdinozorus"},"content":{"rendered":"<p>Kap\u0131 Kom\u015fumuz Korsanlar ve Uzay\u0131n Kral\u0131 kitaplar\u0131n\u0131n yazar ve resimleyeni Jonny Duddle&#8217;dan yepyeni bir kitap!Jonny Duddle yeni kitab\u0131nda bizleri milyonlarca y\u0131l \u00f6ncesine g\u00f6t\u00fcrerek dinozorlar\u0131n aras\u0131na sokuyor. Vakitlerini oyunlar oynayarak ge\u00e7iren d\u00f6rt k\u00fc\u00e7\u00fck dinozorun en b\u00fcy\u00fck korkusu Devdinozorus! \u00c7\u00fcnk\u00fc Devdinozorus \u00e7ok korkun\u00e7tur ve sivri di\u015fleriyle minik dinozorlar\u0131 bir lokmada yutuverir. Arkada\u015flar\u0131na \u015fakalar yap\u0131p onlar\u0131 kand\u0131rmay\u0131 seven Ta\u015fkafa ise ikide bir &#8220;Devdinozorus geliyor!&#8221; diye ba\u011f\u0131rarak onlar\u0131 korkutur. Peki Devdinozorus ger\u00e7ekten geldi\u011finde ne yapacaklard\u0131r?Jonny Duddle&#8217;\u0131n e\u011flenceli dili ve detayl\u0131 \u00e7izimleri sayesine her sayfada farkl\u0131 bir ayr\u0131nt\u0131 g\u00f6z\u00fcn\u00fcze \u00e7arpacak. Kitapta ge\u00e7en dinozorlar\u0131 yak\u0131ndan tan\u0131mak isteyenler son sayfalardaki bilgileri okuyarak yeni \u015feyler \u00f6\u011frenebilecek. Ayr\u0131ca dinozor severlere bir s\u00fcrprizimiz daha var: Kitab\u0131n yan\u0131nda kocaman bir Devdinozorus posteri bulacaks\u0131n\u0131z!Dikkat edin, Devdinozorus geliyor!<\/p>\n","protected":false},"excerpt":{"rendered":"<p>Kap\u0131 Kom\u015fumuz Korsanlar ve Uzay\u0131n Kral\u0131 kitaplar\u0131n\u0131n yazar ve resimleyeni Jonny Duddle&#8217;dan yepyeni bir kitap!Jonny Duddle yeni kitab\u0131nda bizleri milyonlarca y\u0131l \u00f6ncesine g\u00f6t\u00fcrerek dinozorlar\u0131n aras\u0131na sokuyor.<span class=\"excerpt-hellip\"> [\u2026]<\/span><\/p>\n","protected":false},"featured_media":0,"template":"","meta":{"_monsterinsights_skip_tracking":false,"_monsterinsights_sitenote_active":false,"_monsterinsights_sitenote_note":"","_monsterinsights_sitenote_category":0},"product_brand":[],"product_cat":[12274,12284],"product_tag":[],"class_list":{"0":"post-719516","1":"product","2":"type-product","3":"status-publish","5":"product_cat-cocuk-ve-genclik-kitaplari","6":"product_cat-hikayeler","7":"pa_cilt-ciltsiz","8":"pa_tur-kitap","9":"pa_yayinevi-redhouse-kidz-yayinlari","10":"pa_yazar-jonny-duddle","12":"first","13":"instock","14":"sale","15":"shipping-taxable","16":"purchasable","17":"product-type-simple"},"_links":{"self":[{"href":"https:\/\/roveyayinevi.com.tr\/index.php\/wp-json\/wp\/v2\/product\/719516","targetHints":{"allow":["GET"]}}],"collection":[{"href":"https:\/\/roveyayinevi.com.tr\/index.php\/wp-json\/wp\/v2\/product"}],"about":[{"href":"https:\/\/roveyayinevi.com.tr\/index.php\/wp-json\/wp\/v2\/types\/product"}],"wp:attachment":[{"href":"https:\/\/roveyayinevi.com.tr\/index.php\/wp-json\/wp\/v2\/media?parent=719516"}],"wp:term":[{"taxonomy":"product_brand","embeddable":true,"href":"https:\/\/roveyayinevi.com.tr\/index.php\/wp-json\/wp\/v2\/product_brand?post=719516"},{"taxonomy":"product_cat","embeddable":true,"href":"https:\/\/roveyayinevi.com.tr\/index.php\/wp-json\/wp\/v2\/product_cat?post=719516"},{"taxonomy":"product_tag","embeddable":true,"href":"https:\/\/roveyayinevi.com.tr\/index.php\/wp-json\/wp\/v2\/product_tag?post=719516"}],"curies":[{"name":"wp","href":"https:\/\/api.w.org\/{rel}","templated":true}]}}