{"id":719509,"date":"2025-08-27T18:22:56","date_gmt":"2025-08-27T15:22:56","guid":{"rendered":"https:\/\/roveyayinevi.com.tr\/index.php\/urun\/en-iyisini-yapmak-mumkun-mu-cocuklar-icin-felsefe\/"},"modified":"2026-04-16T02:27:36","modified_gmt":"2026-04-15T23:27:36","slug":"en-iyisini-yapmak-mumkun-mu-cocuklar-icin-felsefe","status":"publish","type":"product","link":"https:\/\/roveyayinevi.com.tr\/index.php\/urun\/en-iyisini-yapmak-mumkun-mu-cocuklar-icin-felsefe\/","title":{"rendered":"En \u0130yisini Yapmak M\u00fcmk\u00fcn m\u00fc? &#8211; \u00c7ocuklar \u0130\u00e7in Felsefe"},"content":{"rendered":"<p>Gu\u0308nlerden bir gu\u0308n Zeus, Athena ve Poseidon \u2018en iyi olan\u0131\u2019 yapmak u\u0308zere iddiaya girerler. En iyiyi se\u00e7mek i\u00e7in de Momus\u2019u g\u00f6revlendirirler. Ancak her \u015feyde kusur bulan Momus, onlar\u0131n yapt\u0131klar\u0131n\u0131 be\u011fenmez ve ele\u015ftirir.En \u0130yisini Yapmak M\u00fcmk\u00fcn m\u00fc? kitab\u0131nda \u00e7ocuklar, mitolojik bir hik\u00e2ye \u00fczerinden \u00f6yku\u0308nmek, k\u0131skanmak, rekabet, ele\u015ftiri, h\u0131rs, ba\u015far\u0131, mutluluk gibi kavramlar\u0131 tart\u0131\u015f\u0131yor.Felsefe e\u011fitmeni \u00d6zge \u00d6zdemir\u2019in 9-12 ya\u015f aras\u0131 \u00e7ocuklarla yu\u0308ru\u0308ttu\u0308\u011fu\u0308 \u2018\u00c7ocuklar i\u00e7in Felsefe\u2019 at\u00f6lyelerindeki tart\u0131\u015fmalardan yola \u00e7\u0131karak kaleme ald\u0131\u011f\u0131 her kitap, \u00e7ocuklara ilgiyle okuyacaklar\u0131 bir metin sunarak felsefeyi ve ele\u015ftirel d\u00fc\u015f\u00fcnmeyi hayata kat\u0131yor. Kitaplar\u0131n i\u00e7inde yer alan Ezgi Platin\u2019in \u2018harf \u00e7izim\u2019leri ise kavramlara e\u011flenceli bir yorum getiriyor.<\/p>\n","protected":false},"excerpt":{"rendered":"<p>Gu\u0308nlerden bir gu\u0308n Zeus, Athena ve Poseidon \u2018en iyi olan\u0131\u2019 yapmak u\u0308zere iddiaya girerler. En iyiyi se\u00e7mek i\u00e7in de Momus\u2019u g\u00f6revlendirirler. Ancak her \u015feyde kusur bulan<span class=\"excerpt-hellip\"> [\u2026]<\/span><\/p>\n","protected":false},"featured_media":0,"template":"","meta":{"_monsterinsights_skip_tracking":false,"_monsterinsights_sitenote_active":false,"_monsterinsights_sitenote_note":"","_monsterinsights_sitenote_category":0},"product_brand":[],"product_cat":[12274,12631],"product_tag":[],"class_list":{"0":"post-719509","1":"product","2":"type-product","3":"status-publish","5":"product_cat-cocuk-ve-genclik-kitaplari","6":"product_cat-diger-cocuk-ve-genclik-kitaplari","7":"pa_cilt-ciltsiz","8":"pa_tur-kitap","9":"pa_yayinevi-redhouse-kidz-yayinlari","10":"pa_yazar-ozge-ozdemir","12":"first","13":"instock","14":"sale","15":"shipping-taxable","16":"purchasable","17":"product-type-simple"},"_links":{"self":[{"href":"https:\/\/roveyayinevi.com.tr\/index.php\/wp-json\/wp\/v2\/product\/719509","targetHints":{"allow":["GET"]}}],"collection":[{"href":"https:\/\/roveyayinevi.com.tr\/index.php\/wp-json\/wp\/v2\/product"}],"about":[{"href":"https:\/\/roveyayinevi.com.tr\/index.php\/wp-json\/wp\/v2\/types\/product"}],"wp:attachment":[{"href":"https:\/\/roveyayinevi.com.tr\/index.php\/wp-json\/wp\/v2\/media?parent=719509"}],"wp:term":[{"taxonomy":"product_brand","embeddable":true,"href":"https:\/\/roveyayinevi.com.tr\/index.php\/wp-json\/wp\/v2\/product_brand?post=719509"},{"taxonomy":"product_cat","embeddable":true,"href":"https:\/\/roveyayinevi.com.tr\/index.php\/wp-json\/wp\/v2\/product_cat?post=719509"},{"taxonomy":"product_tag","embeddable":true,"href":"https:\/\/roveyayinevi.com.tr\/index.php\/wp-json\/wp\/v2\/product_tag?post=719509"}],"curies":[{"name":"wp","href":"https:\/\/api.w.org\/{rel}","templated":true}]}}