{"id":719495,"date":"2025-08-27T18:22:45","date_gmt":"2025-08-27T15:22:45","guid":{"rendered":"https:\/\/roveyayinevi.com.tr\/index.php\/urun\/gilgames\/"},"modified":"2026-04-16T02:27:35","modified_gmt":"2026-04-15T23:27:35","slug":"gilgames","status":"publish","type":"product","link":"https:\/\/roveyayinevi.com.tr\/index.php\/urun\/gilgames\/","title":{"rendered":"Gilgame\u015f"},"content":{"rendered":"<p>Sumerolog Muazzez \u0130lmiye \u00c7\u0131\u011f\u2019\u0131n kaleme ald\u0131\u011f\u0131 bu kitap, S\u00fcmerlilerin bundan binlerce y\u0131l \u00f6nce ya\u015fam\u0131\u015f olan kahraman kral\u0131 Gilgame\u015f\u2019in ser\u00fcvenlerini kapsayan bir \u00f6yk\u00fcd\u00fcr. Bu \u00f6yk\u00fcde yer alan konular, Gilgame\u015f\u2019in ya\u015fad\u0131\u011f\u0131 \u00e7a\u011fda\u015f itibaren y\u00fczy\u0131llar boyunca a\u011f\u0131zdan a\u011f\u0131za ge\u00e7tikten sonra \u00e7iviyaz\u0131s\u0131yla destan halinde tabletlere yaz\u0131lm\u0131\u015ft\u0131r. Babilliler, S\u00fcmerce yaz\u0131lm\u0131\u015f tek tek konular\u0131, Akad dilinde bir b\u00fct\u00fcn destan haline getirmi\u015fler. \u00c7\u0131\u011f, Sumerce yaz\u0131l\u0131p destana al\u0131nmam\u0131\u015f \u00f6yk\u00fcleri, XII. tablette yaz\u0131lanlar\u0131 ve destanda bulunmayan, fakat Akadca \u015fiir halinde yaz\u0131lm\u0131\u015f Gigame\u015f\u2019in do\u011fumunu anlatan \u00f6yk\u00fcy\u00fc de kitab\u0131na ekledi. B\u00f6ylece Gilgame\u015f destan\u0131n\u0131n t\u00fcm\u00fcn\u00fc ve Gilgame\u015f\u2019e ait yaz\u0131lan b\u00fct\u00fcn konular\u0131 bir araya toplam\u0131\u015f oldu. Tutkular\u0131, sevin\u00e7leri, ac\u0131lar\u0131, umutlar\u0131 ve hayal k\u0131r\u0131kl\u0131klar\u0131yla bug\u00fcne ba\u011flanan tarihin ilk kahraman kral\u0131n\u0131, Sumerolog \u00c7\u0131\u011f\u2019\u0131n ak\u0131c\u0131 anlat\u0131m\u0131yla tan\u0131yacaks\u0131n\u0131z.<\/p>\n","protected":false},"excerpt":{"rendered":"<p>Sumerolog Muazzez \u0130lmiye \u00c7\u0131\u011f\u2019\u0131n kaleme ald\u0131\u011f\u0131 bu kitap, S\u00fcmerlilerin bundan binlerce y\u0131l \u00f6nce ya\u015fam\u0131\u015f olan kahraman kral\u0131 Gilgame\u015f\u2019in ser\u00fcvenlerini kapsayan bir \u00f6yk\u00fcd\u00fcr. Bu \u00f6yk\u00fcde yer alan<span class=\"excerpt-hellip\"> [\u2026]<\/span><\/p>\n","protected":false},"featured_media":0,"template":"","meta":{"_monsterinsights_skip_tracking":false,"_monsterinsights_sitenote_active":false,"_monsterinsights_sitenote_note":"","_monsterinsights_sitenote_category":0},"product_brand":[],"product_cat":[12312,12304],"product_tag":[],"class_list":{"0":"post-719495","1":"product","2":"type-product","3":"status-publish","5":"product_cat-diger","6":"product_cat-tarih","7":"pa_cilt-ciltsiz","8":"pa_tur-kitap","9":"pa_yayinevi-kaynak-yayinlari","10":"pa_yazar-muazzez-ilmiye-cig","12":"first","13":"instock","14":"sale","15":"shipping-taxable","16":"purchasable","17":"product-type-simple"},"_links":{"self":[{"href":"https:\/\/roveyayinevi.com.tr\/index.php\/wp-json\/wp\/v2\/product\/719495","targetHints":{"allow":["GET"]}}],"collection":[{"href":"https:\/\/roveyayinevi.com.tr\/index.php\/wp-json\/wp\/v2\/product"}],"about":[{"href":"https:\/\/roveyayinevi.com.tr\/index.php\/wp-json\/wp\/v2\/types\/product"}],"wp:attachment":[{"href":"https:\/\/roveyayinevi.com.tr\/index.php\/wp-json\/wp\/v2\/media?parent=719495"}],"wp:term":[{"taxonomy":"product_brand","embeddable":true,"href":"https:\/\/roveyayinevi.com.tr\/index.php\/wp-json\/wp\/v2\/product_brand?post=719495"},{"taxonomy":"product_cat","embeddable":true,"href":"https:\/\/roveyayinevi.com.tr\/index.php\/wp-json\/wp\/v2\/product_cat?post=719495"},{"taxonomy":"product_tag","embeddable":true,"href":"https:\/\/roveyayinevi.com.tr\/index.php\/wp-json\/wp\/v2\/product_tag?post=719495"}],"curies":[{"name":"wp","href":"https:\/\/api.w.org\/{rel}","templated":true}]}}