{"id":719474,"date":"2025-08-27T18:22:33","date_gmt":"2025-08-27T15:22:33","guid":{"rendered":"https:\/\/roveyayinevi.com.tr\/index.php\/urun\/riko-oscar-ve-calinti-tas-ciltli\/"},"modified":"2026-04-16T02:27:35","modified_gmt":"2026-04-15T23:27:35","slug":"riko-oscar-ve-calinti-tas-ciltli","status":"publish","type":"product","link":"https:\/\/roveyayinevi.com.tr\/index.php\/urun\/riko-oscar-ve-calinti-tas-ciltli\/","title":{"rendered":"Riko Oscar ve \u00c7al\u0131nt\u0131 Ta\u015f (Ciltli)"},"content":{"rendered":"<p>Riko, annesini b\u00fcy\u00fck bir beladan kurtard\u0131 ama bu kez de bir ta\u015f h\u0131rs\u0131z\u0131n\u0131n pe\u015fine d\u00fc\u015ft\u00fc.Oskar, babas\u0131yla aras\u0131n\u0131 d\u00fczeltmenin yollar\u0131n\u0131 ararken, y\u00fcr\u00fcd\u00fc\u011f\u00fc yolda birden ge\u00e7mi\u015fini buldu.Ve arkada\u015f olduktan sonra hayatlar\u0131 g\u00fczelle\u015fiveren bu iki \u00e7ocuk, dostlu\u011fun en zor ko\u015fullara bile direnebilece\u011fini bir kez daha kan\u0131tlad\u0131!Andreas Steinh\u00f6fel\u2019in deli dolu kahramanlar\u0131, serinin \u00fc\u00e7\u00fcnc\u00fc kitab\u0131nda bu kez biraz da \u201ckendilerini\u201d ar\u0131yor; Riko, Oskar ve \u00c7al\u0131nt\u0131 Ta\u015f, heyecan merakl\u0131s\u0131 okurlara hem b\u00fcy\u00fck bir macera hem de bol bol e\u011flence vadediyor.<\/p>\n","protected":false},"excerpt":{"rendered":"<p>Riko, annesini b\u00fcy\u00fck bir beladan kurtard\u0131 ama bu kez de bir ta\u015f h\u0131rs\u0131z\u0131n\u0131n pe\u015fine d\u00fc\u015ft\u00fc.Oskar, babas\u0131yla aras\u0131n\u0131 d\u00fczeltmenin yollar\u0131n\u0131 ararken, y\u00fcr\u00fcd\u00fc\u011f\u00fc yolda birden ge\u00e7mi\u015fini buldu.Ve arkada\u015f<span class=\"excerpt-hellip\"> [\u2026]<\/span><\/p>\n","protected":false},"featured_media":0,"template":"","meta":{"_monsterinsights_skip_tracking":false,"_monsterinsights_sitenote_active":false,"_monsterinsights_sitenote_note":"","_monsterinsights_sitenote_category":0},"product_brand":[],"product_cat":[12275,12274],"product_tag":[],"class_list":{"0":"post-719474","1":"product","2":"type-product","3":"status-publish","5":"product_cat-6-12-yas-kitaplari","6":"product_cat-cocuk-ve-genclik-kitaplari","7":"pa_cilt-ciltli","8":"pa_tur-kitap","9":"pa_yayinevi-tudem-yayinlari","10":"pa_yazar-andreas-steinhofel","12":"first","13":"instock","14":"sale","15":"shipping-taxable","16":"purchasable","17":"product-type-simple"},"_links":{"self":[{"href":"https:\/\/roveyayinevi.com.tr\/index.php\/wp-json\/wp\/v2\/product\/719474","targetHints":{"allow":["GET"]}}],"collection":[{"href":"https:\/\/roveyayinevi.com.tr\/index.php\/wp-json\/wp\/v2\/product"}],"about":[{"href":"https:\/\/roveyayinevi.com.tr\/index.php\/wp-json\/wp\/v2\/types\/product"}],"wp:attachment":[{"href":"https:\/\/roveyayinevi.com.tr\/index.php\/wp-json\/wp\/v2\/media?parent=719474"}],"wp:term":[{"taxonomy":"product_brand","embeddable":true,"href":"https:\/\/roveyayinevi.com.tr\/index.php\/wp-json\/wp\/v2\/product_brand?post=719474"},{"taxonomy":"product_cat","embeddable":true,"href":"https:\/\/roveyayinevi.com.tr\/index.php\/wp-json\/wp\/v2\/product_cat?post=719474"},{"taxonomy":"product_tag","embeddable":true,"href":"https:\/\/roveyayinevi.com.tr\/index.php\/wp-json\/wp\/v2\/product_tag?post=719474"}],"curies":[{"name":"wp","href":"https:\/\/api.w.org\/{rel}","templated":true}]}}