{"id":719468,"date":"2025-08-27T18:22:29","date_gmt":"2025-08-27T15:22:29","guid":{"rendered":"https:\/\/roveyayinevi.com.tr\/index.php\/urun\/sefiller-bez-ciltli\/"},"modified":"2026-04-16T02:27:35","modified_gmt":"2026-04-15T23:27:35","slug":"sefiller-bez-ciltli","status":"publish","type":"product","link":"https:\/\/roveyayinevi.com.tr\/index.php\/urun\/sefiller-bez-ciltli\/","title":{"rendered":"Sefiller (Bez Ciltli)"},"content":{"rendered":"<p>En \u00e7ok okunan klasikler, \u00f6zenli \u00e7evirilerle ve alan\u0131nda uzman akademisyenlerin edit\u00f6rl\u00fc\u011f\u00fcnde okuyucuyla bulu\u015fuyor.Ailesini doyurabilmek i\u00e7in ekmek \u00e7alan ve bu y\u00fczden k\u00fcrek mahk\u00fbmu olan Jan Valjean, on dokuz y\u0131l\u0131n ard\u0131ndan serbest b\u0131rak\u0131ld\u0131\u011f\u0131nda b\u00fct\u00fcn kap\u0131lar\u0131n ona kapand\u0131\u011f\u0131n\u0131 g\u00f6r\u00fcr. Bir piskoposun merhameti ile ikinci bir \u015fans elde eden Valjean yeni kimli\u011fiyle toplumda sayg\u0131n bir yer edinir ama ge\u00e7mi\u015fi pe\u015fini b\u0131rakmaz. Kendisine emanet edilen ve k\u0131z\u0131 gibi g\u00f6rd\u00fc\u011f\u00fc Cosette\u2019le birlikte Paris\u2019in \u00e7alkant\u0131l\u0131 zamanlar\u0131nda sakin bir hayat s\u00fcrmeye \u00e7al\u0131\u015f\u0131rken, att\u0131\u011f\u0131 her ad\u0131m\u0131 g\u00f6lge gibi takip eden kanun adam\u0131 Javert\u2019in onun i\u00e7in ba\u015fka planlar\u0131 vard\u0131r.Hayata umutla sar\u0131lman\u0131n, m\u00fccadelenin ve yasalar\u0131n \u00e7\u00fcr\u00fcm\u00fc\u015fl\u00fc\u011f\u00fcn\u00fcn ger\u00e7ek olaylardan esinlenilerek yans\u0131t\u0131ld\u0131\u011f\u0131 Sefiller, adaletsizli\u011fe kar\u015f\u0131 bir duru\u015fun temsilcisi olmu\u015ftur. Victor Hugo\u2019nun s\u00fcrg\u00fcn y\u0131llar\u0131nda yazd\u0131\u011f\u0131 ve insan ruhunun \u00e7arp\u0131c\u0131 bir portresinin \u00e7izildi\u011fi bu eseri, S\u00fcleyman Do\u011fru\u2019nun \u00f6zenli \u00e7evirisiyle sunuyoruz.<\/p>\n","protected":false},"excerpt":{"rendered":"<p>En \u00e7ok okunan klasikler, \u00f6zenli \u00e7evirilerle ve alan\u0131nda uzman akademisyenlerin edit\u00f6rl\u00fc\u011f\u00fcnde okuyucuyla bulu\u015fuyor.Ailesini doyurabilmek i\u00e7in ekmek \u00e7alan ve bu y\u00fczden k\u00fcrek mahk\u00fbmu olan Jan Valjean, on<span class=\"excerpt-hellip\"> [\u2026]<\/span><\/p>\n","protected":false},"featured_media":0,"template":"","meta":{"_monsterinsights_skip_tracking":false,"_monsterinsights_sitenote_active":false,"_monsterinsights_sitenote_note":"","_monsterinsights_sitenote_category":0},"product_brand":[],"product_cat":[12291,13570],"product_tag":[],"class_list":{"0":"post-719468","1":"product","2":"type-product","3":"status-publish","5":"product_cat-edebiyat","6":"product_cat-rus-edebiyati","7":"pa_cilt-ciltli","8":"pa_tur-kitap","9":"pa_yayinevi-koridor-yayincilik","10":"pa_yazar-victor-hugo","12":"first","13":"instock","14":"sale","15":"shipping-taxable","16":"purchasable","17":"product-type-simple"},"_links":{"self":[{"href":"https:\/\/roveyayinevi.com.tr\/index.php\/wp-json\/wp\/v2\/product\/719468","targetHints":{"allow":["GET"]}}],"collection":[{"href":"https:\/\/roveyayinevi.com.tr\/index.php\/wp-json\/wp\/v2\/product"}],"about":[{"href":"https:\/\/roveyayinevi.com.tr\/index.php\/wp-json\/wp\/v2\/types\/product"}],"wp:attachment":[{"href":"https:\/\/roveyayinevi.com.tr\/index.php\/wp-json\/wp\/v2\/media?parent=719468"}],"wp:term":[{"taxonomy":"product_brand","embeddable":true,"href":"https:\/\/roveyayinevi.com.tr\/index.php\/wp-json\/wp\/v2\/product_brand?post=719468"},{"taxonomy":"product_cat","embeddable":true,"href":"https:\/\/roveyayinevi.com.tr\/index.php\/wp-json\/wp\/v2\/product_cat?post=719468"},{"taxonomy":"product_tag","embeddable":true,"href":"https:\/\/roveyayinevi.com.tr\/index.php\/wp-json\/wp\/v2\/product_tag?post=719468"}],"curies":[{"name":"wp","href":"https:\/\/api.w.org\/{rel}","templated":true}]}}