{"id":719448,"date":"2025-08-27T18:22:16","date_gmt":"2025-08-27T15:22:16","guid":{"rendered":"https:\/\/roveyayinevi.com.tr\/index.php\/urun\/hafazanallah-nasihatname-2\/"},"modified":"2026-04-16T02:27:34","modified_gmt":"2026-04-15T23:27:34","slug":"hafazanallah-nasihatname-2","status":"publish","type":"product","link":"https:\/\/roveyayinevi.com.tr\/index.php\/urun\/hafazanallah-nasihatname-2\/","title":{"rendered":"Hafazanallah! &#8211; Nasihatname 2"},"content":{"rendered":"<p>\u201cGelin, Amerika Birle\u015fik Devletleri\u2019nde y\u00fczy\u0131llar \u00f6nce sahneye konulan Yeni D\u00fcnya D\u00fczeni\u2019nin \u2018tek din\u2019 ilkesinin ete kemi\u011fe b\u00fcr\u00fcnd\u00fcr\u00fclmesi s\u00fcrecinden s\u00f6z edelim. Yeni D\u00fcnya D\u00fczeni\u2019nde mevzubahis olan \u2018tek din\u2019, Yahudilikle H\u0131ristiyanl\u0131\u011f\u0131n f\u00fczyonu olan Evangelizm\u2019dir. Evangelizm\u2019in ne oldu\u011funu bilmezsek, Amerika Birle\u015fik Devletleri\u2019nin niye bu kadar \u0131srarla ve kay\u0131ts\u0131z \u015farts\u0131z \u0130srail\u2019i destekledi\u011fini anlayamay\u0131z. ABD\u2019nin Irak\u2019ta, Orta Do\u011fu\u2019da, hatta Kara Afrika\u2019da ne yapmak istedi\u011fini de do\u011fru okuyamay\u0131z. Eski Ahit\u2019te eritilmi\u015f, tevhit edilmi\u015f H\u0131ristiyanl\u0131\u011f\u0131n temellerinin daha 1867\u2019de kurulan \u2018Kiliseler Konseyi\u2019 taraf\u0131ndan at\u0131ld\u0131\u011f\u0131n\u0131 bilesiniz. ABD\u2019nin \u0130srail d\u00fc\u015fk\u00fcnl\u00fc\u011f\u00fc, jeopolitik \u00e7\u0131karlar\u0131n ya da daha \u015fimdiden alternatif enerji kaynaklar\u0131yla ikame edilme yolundaki petrol\u00fcn \u00f6tesinde spirit\u00fcel bir tutkuya d\u00f6n\u00fc\u015feli nicedir. Bir Amerikan Yerlileri eksikti diye d\u00fc\u015f\u00fcn\u00fcr\u00fcm, bir de Reis Tekumseh\u2019in kemiklerinin s\u0131zlad\u0131\u011f\u0131n\u0131. (&#8230;) Her neyse. Dilerim bari siz siz olun, Orhun Yaz\u0131tlar\u0131\u2019n\u0131 arada bir okuyun. Okuyun ki, \u2018kal\u0131t\u0131msal haslet\u2019 dedikleri \u00fcstencili\u011fin bizdeki kar\u015f\u0131l\u0131\u011f\u0131n\u0131n \u2018kut\u2019 oldu\u011funu kendi g\u00f6zlerinizle g\u00f6resiniz ve \u2018Kutlu olsun\u2019 dile\u011fimizin \u2018Tanr\u0131\u2019n\u0131n yolundan \u00e7\u0131k\u0131lmas\u0131n\u2019 temennisi oldu\u011funu idrak edesiniz. Bizde \u2018\u00fcst\u00fcnl\u00fck\u2019 Kaan\u2019da (veya Ka\u011fan\u2019da veya Hakan\u2019da  veya Erkin\u2019de veya&#8230;) de\u011fil, \u2018bilge, alp, adil ve erdemli\u2019 olandad\u0131r. Bilge Kaan t\u00f6reye ters d\u00fc\u015fmeyeg\u00f6rs\u00fcn, Tanr\u0131 \u2018kut\u2019u geri al\u0131r. Bunun i\u00e7in denmi\u015ftir, sel gider, kum kal\u0131r, il gider, t\u00f6re kal\u0131r.\u201d Alev Alatl\u0131 <\/p>\n","protected":false},"excerpt":{"rendered":"<p>\u201cGelin, Amerika Birle\u015fik Devletleri\u2019nde y\u00fczy\u0131llar \u00f6nce sahneye konulan Yeni D\u00fcnya D\u00fczeni\u2019nin \u2018tek din\u2019 ilkesinin ete kemi\u011fe b\u00fcr\u00fcnd\u00fcr\u00fclmesi s\u00fcrecinden s\u00f6z edelim. Yeni D\u00fcnya D\u00fczeni\u2019nde mevzubahis olan \u2018tek<span class=\"excerpt-hellip\"> [\u2026]<\/span><\/p>\n","protected":false},"featured_media":0,"template":"","meta":{"_monsterinsights_skip_tracking":false,"_monsterinsights_sitenote_active":false,"_monsterinsights_sitenote_note":"","_monsterinsights_sitenote_category":0},"product_brand":[],"product_cat":[13590,12337],"product_tag":[],"class_list":{"0":"post-719448","1":"product","2":"type-product","3":"status-publish","5":"product_cat-arastirma-inceleme-politika-siyaset","6":"product_cat-politika-siyaset","7":"pa_cilt-ciltsiz","8":"pa_tur-kitap","9":"pa_yayinevi-turkuvaz-kitap","10":"pa_yazar-alev-alatli","12":"first","13":"instock","14":"sale","15":"shipping-taxable","16":"purchasable","17":"product-type-simple"},"_links":{"self":[{"href":"https:\/\/roveyayinevi.com.tr\/index.php\/wp-json\/wp\/v2\/product\/719448","targetHints":{"allow":["GET"]}}],"collection":[{"href":"https:\/\/roveyayinevi.com.tr\/index.php\/wp-json\/wp\/v2\/product"}],"about":[{"href":"https:\/\/roveyayinevi.com.tr\/index.php\/wp-json\/wp\/v2\/types\/product"}],"wp:attachment":[{"href":"https:\/\/roveyayinevi.com.tr\/index.php\/wp-json\/wp\/v2\/media?parent=719448"}],"wp:term":[{"taxonomy":"product_brand","embeddable":true,"href":"https:\/\/roveyayinevi.com.tr\/index.php\/wp-json\/wp\/v2\/product_brand?post=719448"},{"taxonomy":"product_cat","embeddable":true,"href":"https:\/\/roveyayinevi.com.tr\/index.php\/wp-json\/wp\/v2\/product_cat?post=719448"},{"taxonomy":"product_tag","embeddable":true,"href":"https:\/\/roveyayinevi.com.tr\/index.php\/wp-json\/wp\/v2\/product_tag?post=719448"}],"curies":[{"name":"wp","href":"https:\/\/api.w.org\/{rel}","templated":true}]}}