{"id":719437,"date":"2025-08-27T18:22:07","date_gmt":"2025-08-27T15:22:07","guid":{"rendered":"https:\/\/roveyayinevi.com.tr\/index.php\/urun\/kizil-kahkaha\/"},"modified":"2026-04-16T02:27:34","modified_gmt":"2026-04-15T23:27:34","slug":"kizil-kahkaha","status":"publish","type":"product","link":"https:\/\/roveyayinevi.com.tr\/index.php\/urun\/kizil-kahkaha\/","title":{"rendered":"K\u0131z\u0131l Kahkaha"},"content":{"rendered":"<p>Andreyev\u2019in Rusya\u2019n\u0131n Rus-Japon Sava\u015f\u0131\u2019ndan (1904) a\u011f\u0131r bir yenilgiyle \u00e7\u0131kmas\u0131n\u0131n ard\u0131ndan kaleme ald\u0131\u011f\u0131 K\u0131z\u0131l Kahkaha, sava\u015f\u0131n ak\u0131l almaz mezalimi \u00fczerine yaz\u0131lm\u0131\u015f en sars\u0131c\u0131 metinlerden biridir. Bir Rus subay\u0131n\u0131n Man\u00e7urya\u2019daki korkun\u00e7 taarruz s\u0131ras\u0131nda tuttu\u011fu b\u00f6l\u00fck p\u00f6r\u00e7\u00fck g\u00fcnl\u00fck, onun \u00f6l\u00fcm\u00fcnden sonra sava\u015fa kat\u0131lmayan karde\u015fi taraf\u0131ndan tamamlan\u0131r. Gen\u00e7 subay kendi ordusunun mermilerine hedef olarak bacaklar\u0131n\u0131 yitirmi\u015ftir. \u201cK\u0131z\u0131l Kahkaha\u201d onun i\u00e7in yaral\u0131, sakatlanm\u0131\u015f, parampar\u00e7a bedenlerin; \u201ckanla k\u0131z\u0131lla\u015fan topraklar\u0131n\u201d simgesidir: \u201cD\u00fcnya \u00e7\u0131ld\u0131rd\u0131\u011f\u0131nda b\u00f6yle g\u00fclmeye ba\u015flar.\u201d Sava\u015f alan\u0131ndaki vah\u015fet, hem sonu gelmeyen y\u00fcr\u00fcy\u00fc\u015f\u00fcn t\u00fcketti\u011fi askerleri hem de b\u00fct\u00fcn bu ac\u0131lar kar\u015f\u0131s\u0131nda b\u00fcy\u00fck bir acze d\u00fc\u015fen doktorlar\u0131 delirtmi\u015ftir. Subay\u0131n karde\u015fi sava\u015f\u0131 d\u0131\u015far\u0131dan izlese de \u00f6l\u00fcm\u00fc ve ac\u0131y\u0131 kan\u0131ksay\u0131p duyars\u0131zla\u015fm\u0131\u015f, o da t\u0131pk\u0131 subay gibi ak\u0131l sa\u011fl\u0131\u011f\u0131n\u0131 yitirmi\u015ftir. Sava\u015f \u00f6yle ak\u0131l d\u0131\u015f\u0131 bir hale gelmi\u015ftir ki o\u011flunun korkun\u00e7 bir \u00f6l\u00fcmle can verdi\u011fini gazetelerde okuyan bir ana, bir ay boyunca ondan mektup al\u0131r. \u00d6l\u00fclere \u00f6l\u00fclerden mektup gelir. K\u0131z\u0131l Kahkaha, giderek toplu bir cinnete d\u00f6n\u00fc\u015fen sava\u015f\u0131n yol a\u00e7t\u0131\u011f\u0131 muazzam y\u0131k\u0131m\u0131n, alt\u00fcst etti\u011fi hayatlar\u0131n, insanl\u0131ktan \u00e7\u0131k\u0131p delili\u011fe s\u0131\u011f\u0131nanlar\u0131n trajik \u00f6yk\u00fcs\u00fcd\u00fcr.<\/p>\n","protected":false},"excerpt":{"rendered":"<p>Andreyev\u2019in Rusya\u2019n\u0131n Rus-Japon Sava\u015f\u0131\u2019ndan (1904) a\u011f\u0131r bir yenilgiyle \u00e7\u0131kmas\u0131n\u0131n ard\u0131ndan kaleme ald\u0131\u011f\u0131 K\u0131z\u0131l Kahkaha, sava\u015f\u0131n ak\u0131l almaz mezalimi \u00fczerine yaz\u0131lm\u0131\u015f en sars\u0131c\u0131 metinlerden biridir. Bir Rus<span class=\"excerpt-hellip\"> [\u2026]<\/span><\/p>\n","protected":false},"featured_media":0,"template":"","meta":{"_monsterinsights_skip_tracking":false,"_monsterinsights_sitenote_active":false,"_monsterinsights_sitenote_note":"","_monsterinsights_sitenote_category":0},"product_brand":[],"product_cat":[12291,12711],"product_tag":[],"class_list":{"0":"post-719437","1":"product","2":"type-product","3":"status-publish","5":"product_cat-edebiyat","6":"product_cat-roman-oyku","7":"pa_cilt-ciltsiz","8":"pa_tur-kitap","9":"pa_yayinevi-is-bankasi-kultur-yayinlari","10":"pa_yazar-leonid-andreyev","12":"first","13":"instock","14":"sale","15":"shipping-taxable","16":"purchasable","17":"product-type-simple"},"_links":{"self":[{"href":"https:\/\/roveyayinevi.com.tr\/index.php\/wp-json\/wp\/v2\/product\/719437","targetHints":{"allow":["GET"]}}],"collection":[{"href":"https:\/\/roveyayinevi.com.tr\/index.php\/wp-json\/wp\/v2\/product"}],"about":[{"href":"https:\/\/roveyayinevi.com.tr\/index.php\/wp-json\/wp\/v2\/types\/product"}],"wp:attachment":[{"href":"https:\/\/roveyayinevi.com.tr\/index.php\/wp-json\/wp\/v2\/media?parent=719437"}],"wp:term":[{"taxonomy":"product_brand","embeddable":true,"href":"https:\/\/roveyayinevi.com.tr\/index.php\/wp-json\/wp\/v2\/product_brand?post=719437"},{"taxonomy":"product_cat","embeddable":true,"href":"https:\/\/roveyayinevi.com.tr\/index.php\/wp-json\/wp\/v2\/product_cat?post=719437"},{"taxonomy":"product_tag","embeddable":true,"href":"https:\/\/roveyayinevi.com.tr\/index.php\/wp-json\/wp\/v2\/product_tag?post=719437"}],"curies":[{"name":"wp","href":"https:\/\/api.w.org\/{rel}","templated":true}]}}