{"id":719430,"date":"2025-08-27T18:22:01","date_gmt":"2025-08-27T15:22:01","guid":{"rendered":"https:\/\/roveyayinevi.com.tr\/index.php\/urun\/peter-pan-11\/"},"modified":"2026-04-16T02:27:34","modified_gmt":"2026-04-15T23:27:34","slug":"peter-pan-11","status":"publish","type":"product","link":"https:\/\/roveyayinevi.com.tr\/index.php\/urun\/peter-pan-11\/","title":{"rendered":"Peter Pan"},"content":{"rendered":"<p>James Matthew Barrie\u2019nin kaleminden, Peter ile Wendy\u2019nin Varolmayan \u00dclke\u2019deki tehlikeli ve esrarengiz ser\u00fcveni&#8230; Peter Pan ger\u00e7ek bir edebiyat klasi\u011fi\u2026Darling \u00e7iftinin sakin hayat\u0131, \u00fc\u00e7 \u00e7ocuklar\u0131n\u0131n peri tozu sayesinde u\u00e7up evden ka\u00e7mas\u0131yla hareketlenir. Peter ve k\u00f6t\u00fcc\u00fcl peri Tinker Bell\u2019le Varolmayan \u00dclke\u2019ye giden \u00e7ocuklar\u0131n ba\u015f\u0131na bin bir bela a\u00e7\u0131l\u0131r. Nas\u0131l bir yerdir bu \u00fclke? Korsanlarla, K\u0131z\u0131lderililerle, kay\u0131p \u00e7ocuklarla dolu, kavga g\u00fcr\u00fclt\u00fcn\u00fcn eksik olmad\u0131\u011f\u0131, tehlikenin kol gezdi\u011fi tuhaf bir ada; labirent gibi ormanlar, s\u00fcrekli suya bat\u0131p \u00e7\u0131kan kayalar, kol saati yutmu\u015f bir timsah\u2026Acaba Peter ve Wendy, arkada\u015flar\u0131n\u0131 da yanlar\u0131na al\u0131p \u00f6nlerine \u00e7\u0131kan engelleri a\u015farak eve geri d\u00f6nebilecekler midir?<\/p>\n","protected":false},"excerpt":{"rendered":"<p>James Matthew Barrie\u2019nin kaleminden, Peter ile Wendy\u2019nin Varolmayan \u00dclke\u2019deki tehlikeli ve esrarengiz ser\u00fcveni&#8230; Peter Pan ger\u00e7ek bir edebiyat klasi\u011fi\u2026Darling \u00e7iftinin sakin hayat\u0131, \u00fc\u00e7 \u00e7ocuklar\u0131n\u0131n peri tozu<span class=\"excerpt-hellip\"> [\u2026]<\/span><\/p>\n","protected":false},"featured_media":0,"template":"","meta":{"_monsterinsights_skip_tracking":false,"_monsterinsights_sitenote_active":false,"_monsterinsights_sitenote_note":"","_monsterinsights_sitenote_category":0},"product_brand":[],"product_cat":[12274,12467],"product_tag":[],"class_list":{"0":"post-719430","1":"product","2":"type-product","3":"status-publish","5":"product_cat-cocuk-ve-genclik-kitaplari","6":"product_cat-dunya-klasikleri","7":"pa_cilt-ciltsiz","8":"pa_tur-kitap","9":"pa_yayinevi-iletisim-yayinlari","10":"pa_yazar-james-matthew-barrie","12":"first","13":"instock","14":"sale","15":"shipping-taxable","16":"purchasable","17":"product-type-simple"},"_links":{"self":[{"href":"https:\/\/roveyayinevi.com.tr\/index.php\/wp-json\/wp\/v2\/product\/719430","targetHints":{"allow":["GET"]}}],"collection":[{"href":"https:\/\/roveyayinevi.com.tr\/index.php\/wp-json\/wp\/v2\/product"}],"about":[{"href":"https:\/\/roveyayinevi.com.tr\/index.php\/wp-json\/wp\/v2\/types\/product"}],"wp:attachment":[{"href":"https:\/\/roveyayinevi.com.tr\/index.php\/wp-json\/wp\/v2\/media?parent=719430"}],"wp:term":[{"taxonomy":"product_brand","embeddable":true,"href":"https:\/\/roveyayinevi.com.tr\/index.php\/wp-json\/wp\/v2\/product_brand?post=719430"},{"taxonomy":"product_cat","embeddable":true,"href":"https:\/\/roveyayinevi.com.tr\/index.php\/wp-json\/wp\/v2\/product_cat?post=719430"},{"taxonomy":"product_tag","embeddable":true,"href":"https:\/\/roveyayinevi.com.tr\/index.php\/wp-json\/wp\/v2\/product_tag?post=719430"}],"curies":[{"name":"wp","href":"https:\/\/api.w.org\/{rel}","templated":true}]}}