{"id":719411,"date":"2025-08-27T18:21:40","date_gmt":"2025-08-27T15:21:40","guid":{"rendered":"https:\/\/roveyayinevi.com.tr\/index.php\/urun\/kopek\/"},"modified":"2026-04-16T02:27:34","modified_gmt":"2026-04-15T23:27:34","slug":"kopek","status":"publish","type":"product","link":"https:\/\/roveyayinevi.com.tr\/index.php\/urun\/kopek\/","title":{"rendered":"K\u00f6pek"},"content":{"rendered":"<p>18. y\u00fczy\u0131l\u0131n ikinci yar\u0131s\u0131nda, birbiriyle ilgisizmi\u015f gibi duran olgular\u0131 birle\u015ftirerek \u201cdo\u011fa tarihi\u201d fikrini ete kemi\u011fe b\u00fcr\u00fcnd\u00fcren, kay\u0131p t\u00fcr kavram\u0131yla paleontoloji biliminin yolunu a\u00e7an Kont unvanl\u0131  do\u011fa bilimci Buffon\u2019dan bir k\u00f6pek \u015feceresi. Buffon, Ayd\u0131nlanma\u2019n\u0131n mevzii Ansiklopedi\u2019nin yan\u0131 s\u0131ra akan bir derya.<\/p>\n","protected":false},"excerpt":{"rendered":"<p>18. y\u00fczy\u0131l\u0131n ikinci yar\u0131s\u0131nda, birbiriyle ilgisizmi\u015f gibi duran olgular\u0131 birle\u015ftirerek \u201cdo\u011fa tarihi\u201d fikrini ete kemi\u011fe b\u00fcr\u00fcnd\u00fcren, kay\u0131p t\u00fcr kavram\u0131yla paleontoloji biliminin yolunu a\u00e7an Kont unvanl\u0131 do\u011fa<span class=\"excerpt-hellip\"> [\u2026]<\/span><\/p>\n","protected":false},"featured_media":0,"template":"","meta":{"_monsterinsights_skip_tracking":false,"_monsterinsights_sitenote_active":false,"_monsterinsights_sitenote_note":"","_monsterinsights_sitenote_category":0},"product_brand":[],"product_cat":[12291,13376],"product_tag":[],"class_list":{"0":"post-719411","1":"product","2":"type-product","3":"status-publish","5":"product_cat-edebiyat","6":"product_cat-fransiz-edebiyati","7":"pa_cilt-ciltsiz","8":"pa_tur-kitap","9":"pa_yayinevi-kirmizi-kedi-yayinevi","10":"pa_yazar-georges-louis-leclerc-de-buffon","12":"first","13":"instock","14":"sale","15":"shipping-taxable","16":"purchasable","17":"product-type-simple"},"_links":{"self":[{"href":"https:\/\/roveyayinevi.com.tr\/index.php\/wp-json\/wp\/v2\/product\/719411","targetHints":{"allow":["GET"]}}],"collection":[{"href":"https:\/\/roveyayinevi.com.tr\/index.php\/wp-json\/wp\/v2\/product"}],"about":[{"href":"https:\/\/roveyayinevi.com.tr\/index.php\/wp-json\/wp\/v2\/types\/product"}],"wp:attachment":[{"href":"https:\/\/roveyayinevi.com.tr\/index.php\/wp-json\/wp\/v2\/media?parent=719411"}],"wp:term":[{"taxonomy":"product_brand","embeddable":true,"href":"https:\/\/roveyayinevi.com.tr\/index.php\/wp-json\/wp\/v2\/product_brand?post=719411"},{"taxonomy":"product_cat","embeddable":true,"href":"https:\/\/roveyayinevi.com.tr\/index.php\/wp-json\/wp\/v2\/product_cat?post=719411"},{"taxonomy":"product_tag","embeddable":true,"href":"https:\/\/roveyayinevi.com.tr\/index.php\/wp-json\/wp\/v2\/product_tag?post=719411"}],"curies":[{"name":"wp","href":"https:\/\/api.w.org\/{rel}","templated":true}]}}