{"id":719402,"date":"2025-08-27T18:21:34","date_gmt":"2025-08-27T15:21:34","guid":{"rendered":"https:\/\/roveyayinevi.com.tr\/index.php\/urun\/maskeli-balo-3\/"},"modified":"2026-04-16T02:27:33","modified_gmt":"2026-04-15T23:27:33","slug":"maskeli-balo-3","status":"publish","type":"product","link":"https:\/\/roveyayinevi.com.tr\/index.php\/urun\/maskeli-balo-3\/","title":{"rendered":"Maskeli Balo"},"content":{"rendered":"<p>K\u00fclt yazar S\u00f6r Terry Pratchett\u2019\u0131n kaleme ald\u0131\u011f\u0131 \u201cDiskd\u00fcnya\u201d serisinin ilk kez T\u00fcrk\u00e7eye \u00e7evrilen yeni kitab\u0131 Maskeli Balo, sahne tozu yutanlar\u0131n, ger\u00e7eklikten kopanlar\u0131n, maskelere s\u0131\u011f\u0131nanlar\u0131n ve kendini arayanlar\u0131n \u00f6yk\u00fcs\u00fcne odaklanan, teatral oldu\u011fu kadar m\u00fczikal bir roman.D\u00fcnya \u00e7ap\u0131nda 85 milyonun \u00fczerinde satan \u201cDiskd\u00fcnya\u201d serisinin on sekizinci halkas\u0131 olan Maskeli Balo, \u201cCad\u0131lar\u201d alt dizisinin de be\u015finci kitab\u0131.Andrew Lloyd Webber\u2019in d\u00fcnyaca \u00fcnl\u00fc m\u00fczikal uyarlamas\u0131 Operadaki Hayalet&#8217;in ba\u015f d\u00f6nd\u00fcr\u00fcc\u00fc bir parodisi olarak da tan\u0131mlanabilecek bu kahkaha dolu ser\u00fcven, dedektiflik romanlar\u0131n\u0131 aratmayan olay \u00f6rg\u00fcs\u00fc ve kurgusu ile parmak \u0131s\u0131rt\u0131yor. MASKEL\u0130 BALOD\u0130SKD\u00dcNYA #18TERRY PRATCHETT    Operada bir hayalet var!K\u00fclt yazar S\u00f6r Terry Pratchett\u2019\u0131n kaleme ald\u0131\u011f\u0131 \u201cDiskd\u00fcnya\u201d serisinin ilk kez T\u00fcrk\u00e7eye \u00e7evrilen yeni kitab\u0131 Maskeli Balo, sahne tozu yutanlar\u0131n, ger\u00e7eklikten kopanlar\u0131n, maskelere s\u0131\u011f\u0131nanlar\u0131n ve kendini arayanlar\u0131n \u00f6yk\u00fcs\u00fcne odaklanan, teatral oldu\u011fu kadar m\u00fczikal bir roman.D\u00fcnya \u00e7ap\u0131nda 85 milyonun \u00fczerinde satan \u201cDiskd\u00fcnya\u201d serisinin on sekizinci halkas\u0131 olan Maskeli Balo, \u201cCad\u0131lar\u201d alt dizisinin de be\u015finci kitab\u0131.Andrew Lloyd Webber\u2019in d\u00fcnyaca \u00fcnl\u00fc m\u00fczikal uyarlamas\u0131 Operadaki Hayalet&#8217;in ba\u015f d\u00f6nd\u00fcr\u00fcc\u00fc bir parodisi olarak da tan\u0131mlanabilecek bu kahkaha dolu ser\u00fcven, dedektiflik romanlar\u0131n\u0131 aratmayan olay \u00f6rg\u00fcs\u00fc ve kurgusu ile parmak \u0131s\u0131rt\u0131yor.\u201cBe\u011fenseler de be\u011fenmeseler de olaylar cad\u0131lar\u0131 kendine \u00e7ekerdi ve sonra, iki durum \u00e7arp\u0131\u015f\u0131rd\u0131. Cad\u0131lar kap\u0131lar\u0131n, \u00e7eperlerin, s\u0131n\u0131rlar\u0131n, aynalar\u0131n, maskelerin \u00e7ekimini hissederdi&#8230; bir de, sahnelerin.\u201dAh, evet. Sahnelerin. Ko\u00e7ba\u015f\u0131 Da\u011flar\u0131\u2019n\u0131n iki \u00fcnl\u00fc cad\u0131s\u0131 da kap\u0131l\u0131yor bu \u00e7ekime. \u00c7\u00fcnk\u00fc Havamumu Nine ve Ogg Ana, bamba\u015fka bir i\u015f i\u00e7in gittikleri Ankh-Morpork\u2019ta, Opera Evi\u2019ne dadanan hayaletleri kovalamak zorunda kal\u0131yor. Opera d\u00fcnyas\u0131n\u0131n alt\u0131n\u0131 \u00fcst\u00fcne getiren iki kafadar, yeteneklilerin ve vasatlar\u0131n aras\u0131nda kendilerine yer bulmaya \u00e7al\u0131\u015f\u0131rken az\u0131c\u0131k zorlansalar da nihayetinde g\u00f6steri devam ediyor&#8230;\u201c\u0130nsanlara ihtiya\u00e7 duymayan her insan, insanlara ihtiya\u00e7 duymad\u0131\u011f\u0131n\u0131 bildirebilece\u011fi insanlara ihtiya\u00e7 duyard\u0131&#8230;\u201dVe cad\u0131 konseyinin m\u00fcstakbel \u00fcyesi Agnes, ait oldu\u011fu yeri bulmak i\u00e7in kendini yollara vuruyor. Olmak istemedi\u011fi ki\u015finin kim oldu\u011fundan emin; fakat kalbinde ve zihninde hissettiklerinden, de\u011fil.Kendini tan\u0131ma, onur, erdem, etik gibi kavramlara e\u011filirken bile alabildi\u011fine komik olmay\u0131 ba\u015farabilen Maskeli Balo, Terry Pratchett\u2019\u0131n ola\u011fan\u00fcst\u00fc mizahi dehas\u0131ndan beslenen esprili anlat\u0131m\u0131yla, yoluna kald\u0131\u011f\u0131 yerden devam ediyor.Niran El\u00e7i\u2019nin p\u00fcr\u00fczs\u00fcz T\u00fcrk\u00e7esi ve Delidolu\u2019nun \u00f6zenli bask\u0131s\u0131yla T\u00fcrkiye\u2019deki okurlar\u0131n\u0131n kar\u015f\u0131s\u0131na ilk kez \u00e7\u0131kan bu co\u015fkulu roman; sahne sanatlar\u0131na ve hatta yay\u0131nc\u0131l\u0131k d\u00fcnyas\u0131na dair g\u00fcncel tespitlerde bulunarak, Diskd\u00fcnya\u2019n\u0131n fantastik evrenine \u0131\u015f\u0131lt\u0131 sa\u00e7\u0131yor.<\/p>\n","protected":false},"excerpt":{"rendered":"<p>K\u00fclt yazar S\u00f6r Terry Pratchett\u2019\u0131n kaleme ald\u0131\u011f\u0131 \u201cDiskd\u00fcnya\u201d serisinin ilk kez T\u00fcrk\u00e7eye \u00e7evrilen yeni kitab\u0131 Maskeli Balo, sahne tozu yutanlar\u0131n, ger\u00e7eklikten kopanlar\u0131n, maskelere s\u0131\u011f\u0131nanlar\u0131n ve kendini<span class=\"excerpt-hellip\"> [\u2026]<\/span><\/p>\n","protected":false},"featured_media":0,"template":"","meta":{"_monsterinsights_skip_tracking":false,"_monsterinsights_sitenote_active":false,"_monsterinsights_sitenote_note":"","_monsterinsights_sitenote_category":0},"product_brand":[],"product_cat":[12291,12711],"product_tag":[],"class_list":{"0":"post-719402","1":"product","2":"type-product","3":"status-publish","5":"product_cat-edebiyat","6":"product_cat-roman-oyku","7":"pa_cilt-ciltsiz","8":"pa_tur-kitap","9":"pa_yayinevi-delidolu","10":"pa_yazar-terry-pratchett","12":"first","13":"instock","14":"sale","15":"shipping-taxable","16":"purchasable","17":"product-type-simple"},"_links":{"self":[{"href":"https:\/\/roveyayinevi.com.tr\/index.php\/wp-json\/wp\/v2\/product\/719402","targetHints":{"allow":["GET"]}}],"collection":[{"href":"https:\/\/roveyayinevi.com.tr\/index.php\/wp-json\/wp\/v2\/product"}],"about":[{"href":"https:\/\/roveyayinevi.com.tr\/index.php\/wp-json\/wp\/v2\/types\/product"}],"wp:attachment":[{"href":"https:\/\/roveyayinevi.com.tr\/index.php\/wp-json\/wp\/v2\/media?parent=719402"}],"wp:term":[{"taxonomy":"product_brand","embeddable":true,"href":"https:\/\/roveyayinevi.com.tr\/index.php\/wp-json\/wp\/v2\/product_brand?post=719402"},{"taxonomy":"product_cat","embeddable":true,"href":"https:\/\/roveyayinevi.com.tr\/index.php\/wp-json\/wp\/v2\/product_cat?post=719402"},{"taxonomy":"product_tag","embeddable":true,"href":"https:\/\/roveyayinevi.com.tr\/index.php\/wp-json\/wp\/v2\/product_tag?post=719402"}],"curies":[{"name":"wp","href":"https:\/\/api.w.org\/{rel}","templated":true}]}}