{"id":719397,"date":"2025-08-27T18:21:30","date_gmt":"2025-08-27T15:21:30","guid":{"rendered":"https:\/\/roveyayinevi.com.tr\/index.php\/urun\/borclu-zamanlarda-yasamak\/"},"modified":"2026-04-16T02:27:33","modified_gmt":"2026-04-15T23:27:33","slug":"borclu-zamanlarda-yasamak","status":"publish","type":"product","link":"https:\/\/roveyayinevi.com.tr\/index.php\/urun\/borclu-zamanlarda-yasamak\/","title":{"rendered":"Bor\u00e7lu Zamanlarda Ya\u015famak"},"content":{"rendered":"<p>Bauman\u2019\u0131n ak\u0131\u015fkanl\u0131k kavram\u0131, 20. y\u00fczy\u0131lda ya\u015fanm\u0131\u015f toplumsal ve politik d\u00f6n\u00fc\u015f\u00fcmleri tarif etmeye d\u00f6n\u00fck bir metafordur. Temsilini moderniteyeait kurumlar\u0131n \u00e7\u00f6z\u00fclmesinde ve ak\u0131\u015fkan hale gelmesinde bulur. Bu \u00e7er\u00e7evede ak\u0131\u015fkan modernite \u201cpost-\u00fctopyac\u0131\u201d, \u201cpost-fordist\u201d, \u201cpost-Ulusal\u201d ve \u201cpost-panoptiktir\u201d. Bauman\u2019a g\u00f6re, ak\u0131\u015fkan kapitalizmin son d\u00f6n\u00fc\u015f\u00fcmlerinde, neoliberalizm belirleyici rol oynam\u0131\u015ft\u0131r. Bu d\u00f6n\u00fc\u015f\u00fcm\u00fcn \u00f6zelliklerinden biri \u201c\u00fcretici toplumdan t\u00fcketiciler toplumuna ge\u00e7i\u015ftir\u201d. Bu ge\u00e7i\u015fe insanlar\u0131 \u201cbor\u00e7lu bir \u0131rka\u201d d\u00f6n\u00fc\u015ft\u00fcren belirgin ve \u00e7arp\u0131c\u0131 bir s\u00fcre\u00e7 eklenmekte, devletin yeni ama i\u00e7ler ac\u0131s\u0131 rol\u00fc \u201cpiyasa egemenli\u011finin cellatl\u0131\u011f\u0131yla\u201d s\u0131n\u0131rlanmaktad\u0131r. Bu devlette \u201cinsan kaderinin radikal bir \u015fekilde \u00f6zelle\u015ftirilmesi, end\u00fcstri ve finans\u0131n radikal \u00f6l\u00e7\u00fcde kurals\u0131z hale getirilmesiyle el ele  gitmektedir\u201d.Toplumsal olarak in\u015fa edilmi\u015f topluluklar\u0131m\u0131z, kimliklerimiz ve kurumlar\u0131m\u0131z daha karars\u0131z ve g\u00fcvensiz hale gelmi\u015f, bu da devletin gerilemesiyle ulusal s\u0131n\u0131rlar\u0131n mu\u011flakla\u015fmas\u0131n\u0131n ka\u00e7\u0131n\u0131lmaz hale geldi\u011fi bir d\u00fcnyada \u201cak\u0131\u015fkan kimlikler\u201d yaratm\u0131\u015ft\u0131r. \u201cAk\u0131\u015fkan zamanlar\u201d, yurtta\u015f haklar\u0131 k\u00fclt\u00fcr\u00fc, bu kitapta \u00fczerinde uzun uzun durulacak bir \u201chay\u0131rseverlik, a\u015fa\u011f\u0131lanma ve damgalama k\u00fclt\u00fcr\u00fcne\u201d indirgemi\u015ftir. Bauman\u2019\u0131 okumak ve onunla sohbet etmek, \u00f6zellikle incelikli mizah\u0131 ve ironi duygusu sebebiyle epey ba\u011f\u0131ml\u0131l\u0131k yarat\u0131c\u0131d\u0131r. Fakat tart\u0131\u015fmak, karanl\u0131k bir ma\u011faraya girip saniyeler i\u00e7inde onu kaybetmek gibidir. Onun farkl\u0131 bir t\u00fcnele girdi\u011fini anlamak, t\u00fcnelin sonunda g\u00f6zle g\u00f6r\u00fcl\u00fcr hi\u00e7bir \u0131\u015f\u0131\u011f\u0131n, hi\u00e7bir net patikan\u0131n olmad\u0131\u011f\u0131n\u0131 fark etmek gibidir. Citlali Rovirosa-Madrazo <\/p>\n","protected":false},"excerpt":{"rendered":"<p>Bauman\u2019\u0131n ak\u0131\u015fkanl\u0131k kavram\u0131, 20. y\u00fczy\u0131lda ya\u015fanm\u0131\u015f toplumsal ve politik d\u00f6n\u00fc\u015f\u00fcmleri tarif etmeye d\u00f6n\u00fck bir metafordur. Temsilini moderniteyeait kurumlar\u0131n \u00e7\u00f6z\u00fclmesinde ve ak\u0131\u015fkan hale gelmesinde bulur. Bu \u00e7er\u00e7evede<span class=\"excerpt-hellip\"> [\u2026]<\/span><\/p>\n","protected":false},"featured_media":0,"template":"","meta":{"_monsterinsights_skip_tracking":false,"_monsterinsights_sitenote_active":false,"_monsterinsights_sitenote_note":"","_monsterinsights_sitenote_category":0},"product_brand":[],"product_cat":[13072,12291],"product_tag":[],"class_list":{"0":"post-719397","1":"product","2":"type-product","3":"status-publish","5":"product_cat-arastirma-inceleme-referans","6":"product_cat-edebiyat","7":"pa_cilt-ciltsiz","8":"pa_tur-kitap","9":"pa_yayinevi-ayrinti-yayinlari","10":"pa_yazar-zygmunt-bauman","12":"first","13":"instock","14":"sale","15":"shipping-taxable","16":"purchasable","17":"product-type-simple"},"_links":{"self":[{"href":"https:\/\/roveyayinevi.com.tr\/index.php\/wp-json\/wp\/v2\/product\/719397","targetHints":{"allow":["GET"]}}],"collection":[{"href":"https:\/\/roveyayinevi.com.tr\/index.php\/wp-json\/wp\/v2\/product"}],"about":[{"href":"https:\/\/roveyayinevi.com.tr\/index.php\/wp-json\/wp\/v2\/types\/product"}],"wp:attachment":[{"href":"https:\/\/roveyayinevi.com.tr\/index.php\/wp-json\/wp\/v2\/media?parent=719397"}],"wp:term":[{"taxonomy":"product_brand","embeddable":true,"href":"https:\/\/roveyayinevi.com.tr\/index.php\/wp-json\/wp\/v2\/product_brand?post=719397"},{"taxonomy":"product_cat","embeddable":true,"href":"https:\/\/roveyayinevi.com.tr\/index.php\/wp-json\/wp\/v2\/product_cat?post=719397"},{"taxonomy":"product_tag","embeddable":true,"href":"https:\/\/roveyayinevi.com.tr\/index.php\/wp-json\/wp\/v2\/product_tag?post=719397"}],"curies":[{"name":"wp","href":"https:\/\/api.w.org\/{rel}","templated":true}]}}