{"id":719384,"date":"2025-08-27T18:21:21","date_gmt":"2025-08-27T15:21:21","guid":{"rendered":"https:\/\/roveyayinevi.com.tr\/index.php\/urun\/ama-bu-inek-yumurtluyor-ciltli\/"},"modified":"2026-04-16T02:27:33","modified_gmt":"2026-04-15T23:27:33","slug":"ama-bu-inek-yumurtluyor-ciltli","status":"publish","type":"product","link":"https:\/\/roveyayinevi.com.tr\/index.php\/urun\/ama-bu-inek-yumurtluyor-ciltli\/","title":{"rendered":"Ama Bu \u0130nek Yumurtluyor! (Ciltli)"},"content":{"rendered":"<p>\u0130nek Menek\u015fe \u00e7ok mutsuz \u00e7\u00fcnk\u00fc o ne di\u011fer inekler gibi bisiklete binebiliyor ne de amuda kalkabiliyor, bu y\u00fczden de kendini hi\u00e7 \u00f6zel hissetmiyor. Derken bir sabah ola\u011fan\u00fcst\u00fc bir \u015fey oluyor: Menek\u015fe yumurtluyor! Ya da o \u00f6yle zannediyor. \u00c7iftlikteki herkes \u015fa\u015fk\u0131n. \u0130nsanlar d\u00f6rt bir yandan yumurtlayan ine\u011fi g\u00f6rmeye geliyor. Ve herkes yumurtadan ne \u00e7\u0131kaca\u011f\u0131n\u0131 beklemeye koyuluyor.<\/p>\n","protected":false},"excerpt":{"rendered":"<p>\u0130nek Menek\u015fe \u00e7ok mutsuz \u00e7\u00fcnk\u00fc o ne di\u011fer inekler gibi bisiklete binebiliyor ne de amuda kalkabiliyor, bu y\u00fczden de kendini hi\u00e7 \u00f6zel hissetmiyor. Derken bir sabah<span class=\"excerpt-hellip\"> [\u2026]<\/span><\/p>\n","protected":false},"featured_media":0,"template":"","meta":{"_monsterinsights_skip_tracking":false,"_monsterinsights_sitenote_active":false,"_monsterinsights_sitenote_note":"","_monsterinsights_sitenote_category":0},"product_brand":[],"product_cat":[12913,12274],"product_tag":[],"class_list":{"0":"post-719384","1":"product","2":"type-product","3":"status-publish","5":"product_cat-3-6-yas-kitaplari","6":"product_cat-cocuk-ve-genclik-kitaplari","7":"pa_cilt-ciltli","8":"pa_tur-kitap","9":"pa_yayinevi-beyaz-balina-yayinlari","10":"pa_yazar-andy-cutbill","12":"first","13":"instock","14":"sale","15":"shipping-taxable","16":"purchasable","17":"product-type-simple"},"_links":{"self":[{"href":"https:\/\/roveyayinevi.com.tr\/index.php\/wp-json\/wp\/v2\/product\/719384","targetHints":{"allow":["GET"]}}],"collection":[{"href":"https:\/\/roveyayinevi.com.tr\/index.php\/wp-json\/wp\/v2\/product"}],"about":[{"href":"https:\/\/roveyayinevi.com.tr\/index.php\/wp-json\/wp\/v2\/types\/product"}],"wp:attachment":[{"href":"https:\/\/roveyayinevi.com.tr\/index.php\/wp-json\/wp\/v2\/media?parent=719384"}],"wp:term":[{"taxonomy":"product_brand","embeddable":true,"href":"https:\/\/roveyayinevi.com.tr\/index.php\/wp-json\/wp\/v2\/product_brand?post=719384"},{"taxonomy":"product_cat","embeddable":true,"href":"https:\/\/roveyayinevi.com.tr\/index.php\/wp-json\/wp\/v2\/product_cat?post=719384"},{"taxonomy":"product_tag","embeddable":true,"href":"https:\/\/roveyayinevi.com.tr\/index.php\/wp-json\/wp\/v2\/product_tag?post=719384"}],"curies":[{"name":"wp","href":"https:\/\/api.w.org\/{rel}","templated":true}]}}