{"id":719381,"date":"2025-08-27T18:21:19","date_gmt":"2025-08-27T15:21:19","guid":{"rendered":"https:\/\/roveyayinevi.com.tr\/index.php\/urun\/uc-kiz-kardes-3\/"},"modified":"2026-04-16T02:27:33","modified_gmt":"2026-04-15T23:27:33","slug":"uc-kiz-kardes-3","status":"publish","type":"product","link":"https:\/\/roveyayinevi.com.tr\/index.php\/urun\/uc-kiz-kardes-3\/","title":{"rendered":"\u00dc\u00e7 K\u0131z Karde\u015f"},"content":{"rendered":"<p>\u00c7ehov\u2019dan, bir ta\u015fra kasabas\u0131nda bo\u011fulup giden, k\u0131s\u0131r hayallerine, hi\u00e7bir zaman ger\u00e7ekle\u015fmeyecek d\u00fc\u015flerine yenik d\u00fc\u015fen insanlar\u0131n i\u00e7ler ac\u0131s\u0131 ili\u015fkileri..\u201c\u0130ki y\u00fcz y\u0131ll\u0131k bir ge\u00e7mi\u015fi var \u015fehrimizin, bug\u00fcn y\u00fcz bin ki\u015fi ya\u015f\u0131yor ama t\u0131pk\u0131 ge\u00e7mi\u015fte oldu\u011fu gibi bug\u00fcn de ya\u015fayanlar\u0131n hepsi di\u011ferinin bir benzeri\u2026 Aralar\u0131nda kendini y\u00fcce bir \u00fclkeye adam\u0131\u015f tek bir insan bile yok! Hani \u015f\u00f6yle biraz olsun dikkatleri \u00fczerinde toplayacak, az\u0131c\u0131k da olsa yetenekli ne bir sanat\u00e7\u0131s\u0131 var ne de bir bilim insan\u0131\u2026 Koskoca kentte imrenilecek, g\u0131pta edilecek tek bir insan bile olmaz m\u0131? Anca yerler i\u00e7erler, uyurlar, derken \u00f6l\u00fcr giderler\u2026 Ard\u0131ndan yenileri do\u011far, onlar da yer, i\u00e7er ve uyurlar; s\u0131k\u0131nt\u0131dan patlamamak i\u00e7inse ya\u015famlar\u0131n\u0131 o lanet olas\u0131 i\u011fren\u00e7 dedikodularla, votkayla, kumarla, birbirlerini mahkemeye vermekle renklendirmeye \u00e7al\u0131\u015f\u0131rlar\u2026\u201d<\/p>\n","protected":false},"excerpt":{"rendered":"<p>\u00c7ehov\u2019dan, bir ta\u015fra kasabas\u0131nda bo\u011fulup giden, k\u0131s\u0131r hayallerine, hi\u00e7bir zaman ger\u00e7ekle\u015fmeyecek d\u00fc\u015flerine yenik d\u00fc\u015fen insanlar\u0131n i\u00e7ler ac\u0131s\u0131 ili\u015fkileri..\u201c\u0130ki y\u00fcz y\u0131ll\u0131k bir ge\u00e7mi\u015fi var \u015fehrimizin, bug\u00fcn y\u00fcz<span class=\"excerpt-hellip\"> [\u2026]<\/span><\/p>\n","protected":false},"featured_media":0,"template":"","meta":{"_monsterinsights_skip_tracking":false,"_monsterinsights_sitenote_active":false,"_monsterinsights_sitenote_note":"","_monsterinsights_sitenote_category":0},"product_brand":[],"product_cat":[12291,15566],"product_tag":[],"class_list":{"0":"post-719381","1":"product","2":"type-product","3":"status-publish","5":"product_cat-edebiyat","6":"product_cat-oyun","7":"pa_cilt-ciltsiz","8":"pa_tur-kitap","9":"pa_yayinevi-bilgi-yayinevi","10":"pa_yazar-anton-pavlovic-cehov","12":"first","13":"instock","14":"sale","15":"shipping-taxable","16":"purchasable","17":"product-type-simple"},"_links":{"self":[{"href":"https:\/\/roveyayinevi.com.tr\/index.php\/wp-json\/wp\/v2\/product\/719381","targetHints":{"allow":["GET"]}}],"collection":[{"href":"https:\/\/roveyayinevi.com.tr\/index.php\/wp-json\/wp\/v2\/product"}],"about":[{"href":"https:\/\/roveyayinevi.com.tr\/index.php\/wp-json\/wp\/v2\/types\/product"}],"wp:attachment":[{"href":"https:\/\/roveyayinevi.com.tr\/index.php\/wp-json\/wp\/v2\/media?parent=719381"}],"wp:term":[{"taxonomy":"product_brand","embeddable":true,"href":"https:\/\/roveyayinevi.com.tr\/index.php\/wp-json\/wp\/v2\/product_brand?post=719381"},{"taxonomy":"product_cat","embeddable":true,"href":"https:\/\/roveyayinevi.com.tr\/index.php\/wp-json\/wp\/v2\/product_cat?post=719381"},{"taxonomy":"product_tag","embeddable":true,"href":"https:\/\/roveyayinevi.com.tr\/index.php\/wp-json\/wp\/v2\/product_tag?post=719381"}],"curies":[{"name":"wp","href":"https:\/\/api.w.org\/{rel}","templated":true}]}}