{"id":719379,"date":"2025-08-27T18:21:17","date_gmt":"2025-08-27T15:21:17","guid":{"rendered":"https:\/\/roveyayinevi.com.tr\/index.php\/urun\/vanya-dayi-3\/"},"modified":"2026-04-16T02:27:33","modified_gmt":"2026-04-15T23:27:33","slug":"vanya-dayi-3","status":"publish","type":"product","link":"https:\/\/roveyayinevi.com.tr\/index.php\/urun\/vanya-dayi-3\/","title":{"rendered":"Vanya Day\u0131"},"content":{"rendered":"<p>Kimsenin fark\u0131na varmad\u0131\u011f\u0131 k\u00fc\u00e7\u00fck, \u00f6nemsiz kayg\u0131lar\u0131 ve ac\u0131lar\u0131yla, bir ba\u015fkas\u0131n\u0131n mutlulu\u011fu u\u011fruna katland\u0131klar\u0131 b\u00fcy\u00fck \u00f6zverileriyle, ya\u015fad\u0131klar\u0131 umutsuz a\u015fklar ve hayal k\u0131r\u0131kl\u0131klar\u0131yla 19. y\u00fczy\u0131l Rusya\u2019s\u0131nda \u201ck\u00fc\u00e7\u00fck\u201d insanlar\u0131n g\u00fcndelik ya\u015famlar\u0131na b\u00fcy\u00fcte\u00e7 tutulan bu eserde ayr\u0131ca, her biri birer \u00f6m\u00fcr t\u00f6rp\u00fcs\u00fc olan ta\u015fra kasabalar\u0131nda heba olup giden nice g\u00fczelliklere ve yeteneklere dikkat \u00e7ekiliyor. \u00c7ehov t\u0131pk\u0131 di\u011fer oyunlar\u0131nda oldu\u011fu gibi bu eserinde de d\u00f6neminin ger\u00e7ek\u00e7i ya\u015fam bi\u00e7imini ve ayd\u0131n kesimin \u201cl\u00fczumsuz insan\u201d k\u0131skac\u0131nda nas\u0131l bo\u011fulup gitti\u011fini \u00e7arp\u0131c\u0131 karakterlerle g\u00f6zler \u00f6n\u00fcne seriyor.<\/p>\n","protected":false},"excerpt":{"rendered":"<p>Kimsenin fark\u0131na varmad\u0131\u011f\u0131 k\u00fc\u00e7\u00fck, \u00f6nemsiz kayg\u0131lar\u0131 ve ac\u0131lar\u0131yla, bir ba\u015fkas\u0131n\u0131n mutlulu\u011fu u\u011fruna katland\u0131klar\u0131 b\u00fcy\u00fck \u00f6zverileriyle, ya\u015fad\u0131klar\u0131 umutsuz a\u015fklar ve hayal k\u0131r\u0131kl\u0131klar\u0131yla 19. y\u00fczy\u0131l Rusya\u2019s\u0131nda \u201ck\u00fc\u00e7\u00fck\u201d insanlar\u0131n<span class=\"excerpt-hellip\"> [\u2026]<\/span><\/p>\n","protected":false},"featured_media":0,"template":"","meta":{"_monsterinsights_skip_tracking":false,"_monsterinsights_sitenote_active":false,"_monsterinsights_sitenote_note":"","_monsterinsights_sitenote_category":0},"product_brand":[],"product_cat":[12291,15566],"product_tag":[],"class_list":{"0":"post-719379","1":"product","2":"type-product","3":"status-publish","5":"product_cat-edebiyat","6":"product_cat-oyun","7":"pa_cilt-ciltsiz","8":"pa_tur-kitap","9":"pa_yayinevi-bilgi-yayinevi","10":"pa_yazar-anton-pavlovic-cehov","12":"first","13":"instock","14":"sale","15":"shipping-taxable","16":"purchasable","17":"product-type-simple"},"_links":{"self":[{"href":"https:\/\/roveyayinevi.com.tr\/index.php\/wp-json\/wp\/v2\/product\/719379","targetHints":{"allow":["GET"]}}],"collection":[{"href":"https:\/\/roveyayinevi.com.tr\/index.php\/wp-json\/wp\/v2\/product"}],"about":[{"href":"https:\/\/roveyayinevi.com.tr\/index.php\/wp-json\/wp\/v2\/types\/product"}],"wp:attachment":[{"href":"https:\/\/roveyayinevi.com.tr\/index.php\/wp-json\/wp\/v2\/media?parent=719379"}],"wp:term":[{"taxonomy":"product_brand","embeddable":true,"href":"https:\/\/roveyayinevi.com.tr\/index.php\/wp-json\/wp\/v2\/product_brand?post=719379"},{"taxonomy":"product_cat","embeddable":true,"href":"https:\/\/roveyayinevi.com.tr\/index.php\/wp-json\/wp\/v2\/product_cat?post=719379"},{"taxonomy":"product_tag","embeddable":true,"href":"https:\/\/roveyayinevi.com.tr\/index.php\/wp-json\/wp\/v2\/product_tag?post=719379"}],"curies":[{"name":"wp","href":"https:\/\/api.w.org\/{rel}","templated":true}]}}