{"id":719354,"date":"2025-08-27T18:20:59","date_gmt":"2025-08-27T15:20:59","guid":{"rendered":"https:\/\/roveyayinevi.com.tr\/index.php\/urun\/cogito-94-laiklikten-sonra\/"},"modified":"2026-04-16T02:27:32","modified_gmt":"2026-04-15T23:27:32","slug":"cogito-94-laiklikten-sonra","status":"publish","type":"product","link":"https:\/\/roveyayinevi.com.tr\/index.php\/urun\/cogito-94-laiklikten-sonra\/","title":{"rendered":"Cogito 94 ; Laiklikten Sonra"},"content":{"rendered":"<p>Cogito\u2019dan \u2022 Laiklik\u2019ten Sonra Charles Taylor \u2022 Sek\u00fclarizmin Bi\u00e7imleri Cemil Ayd\u0131n \u2022 Osmanl\u0131 Hilafetinin Uluslararas\u0131 Siyasetinde Kutsal ve Sek\u00fclerin M\u00fcphemli\u011fi Baki Tezcan \u2022 Laikli\u011fin \u201cYerli ve \u201cMilli\u201d Tarihine Medhal: \u0130slam K\u00fclt\u00fcrel ve Siyasi Tarihi \u00c7er\u00e7evesinde Din ve D\u00fcnyevilik \u00dczerine D\u00fc\u015f\u00fcnceler Cemil Boyraz \u2022 T\u00fcrkiye\u2019de Sek\u00fclarizmin Ekonomi-Politi\u011fi: Tarihsel ve Ele\u015ftirel Bir Analiz Abdulhamit K\u0131rm\u0131z\u0131 \u2022 19. Y\u00fczy\u0131l\u0131 Laiksizle\u015ftirmek: Osmanl\u0131-T\u00fcrk Laikle\u015fme Anlat\u0131s\u0131n\u0131n Sorunlar\u0131 \u0130smail Kara &#8211; \u0130\u015ftar G\u00f6zayd\u0131n -Ayhan Aktar \u2022 T\u00fcrk Usul\u00fc Laiklikte Din ve Sek\u00fclerlik Nerede Duruyor? Daniel Steinmetz-Jenkins \u2022 Jan Assmann ve Politik Olan\u0131n Teolojikle\u015ftirilmesi \u0130\u015ftar G\u00f6zayd\u0131n \u2022 2+2=4? Sek\u00fcler, Sek\u00fclerle\u015fme, Sek\u00fclarizm ve Laiklik Besim F. Dellalo\u011flu \u2022 T\u00fcrkiye Modernle\u015fmesinin Politik Teolojisi Ferhat Kentel \u2022 T\u00fcrk Milliyet\u00e7ili\u011finin Daimi Kurucular\u0131 Olarak Din ve Sek\u00fclarizm Charles Turner \u2022 Sek\u00fclerle\u015fme: Devingen Bir \u015eenlik Agata Bielik-Robson \u2022 Post-Sek\u00fcler D\u00f6n\u00fc\u015f: Ayd\u0131nlanma, Gelenek, Devrim Jeffrey Haynes \u2022 Din Demokrasi ve Ki\u015fisel \u00d6zg\u00fcrl\u00fckler: Teorik Perspektifler ve Ampirik Sonu\u00e7lar <\/p>\n","protected":false},"excerpt":{"rendered":"<p>Cogito\u2019dan \u2022 Laiklik\u2019ten Sonra Charles Taylor \u2022 Sek\u00fclarizmin Bi\u00e7imleri Cemil Ayd\u0131n \u2022 Osmanl\u0131 Hilafetinin Uluslararas\u0131 Siyasetinde Kutsal ve Sek\u00fclerin M\u00fcphemli\u011fi Baki Tezcan \u2022 Laikli\u011fin \u201cYerli ve<span class=\"excerpt-hellip\"> [\u2026]<\/span><\/p>\n","protected":false},"featured_media":0,"template":"","meta":{"_monsterinsights_skip_tracking":false,"_monsterinsights_sitenote_active":false,"_monsterinsights_sitenote_note":"","_monsterinsights_sitenote_category":0},"product_brand":[],"product_cat":[19460,13527],"product_tag":[],"class_list":{"0":"post-719354","1":"product","2":"type-product","3":"status-publish","5":"product_cat-felsefe-sureli-yayinlar","6":"product_cat-sureli-yayinlar","7":"pa_cilt-ciltsiz","8":"pa_tur-kitap","9":"pa_yayinevi-yapi-kredi-yayinlari-dergi","10":"pa_yazar-kolektif","12":"first","13":"instock","14":"sale","15":"shipping-taxable","16":"purchasable","17":"product-type-simple"},"_links":{"self":[{"href":"https:\/\/roveyayinevi.com.tr\/index.php\/wp-json\/wp\/v2\/product\/719354","targetHints":{"allow":["GET"]}}],"collection":[{"href":"https:\/\/roveyayinevi.com.tr\/index.php\/wp-json\/wp\/v2\/product"}],"about":[{"href":"https:\/\/roveyayinevi.com.tr\/index.php\/wp-json\/wp\/v2\/types\/product"}],"wp:attachment":[{"href":"https:\/\/roveyayinevi.com.tr\/index.php\/wp-json\/wp\/v2\/media?parent=719354"}],"wp:term":[{"taxonomy":"product_brand","embeddable":true,"href":"https:\/\/roveyayinevi.com.tr\/index.php\/wp-json\/wp\/v2\/product_brand?post=719354"},{"taxonomy":"product_cat","embeddable":true,"href":"https:\/\/roveyayinevi.com.tr\/index.php\/wp-json\/wp\/v2\/product_cat?post=719354"},{"taxonomy":"product_tag","embeddable":true,"href":"https:\/\/roveyayinevi.com.tr\/index.php\/wp-json\/wp\/v2\/product_tag?post=719354"}],"curies":[{"name":"wp","href":"https:\/\/api.w.org\/{rel}","templated":true}]}}

<p>Cogito’dan • Laiklik’ten Sonra Charles Taylor • Sekülarizmin Biçimleri Cemil Aydın • Osmanlı Hilafetinin Uluslararası Siyasetinde Kutsal ve Sekülerin Müphemliği Baki Tezcan • Laikliğin “Yerli ve “Milli” Tarihine Medhal: İslam Kültürel ve Siyasi Tarihi Çerçevesinde Din ve Dünyevilik Üzerine Düşünceler Cemil Boyraz • Türkiye’de Sekülarizmin Ekonomi-Politiği: Tarihsel ve Eleştirel Bir Analiz Abdulhamit Kırmızı • 19. Yüzyılı Laiksizleştirmek: Osmanlı-Türk Laikleşme Anlatısının Sorunları İsmail Kara &#8211; İştar Gözaydın -Ayhan Aktar • Türk Usulü Laiklikte Din ve Sekülerlik Nerede Duruyor? Daniel Steinmetz-Jenkins • Jan Assmann ve Politik Olanın Teolojikleştirilmesi İştar Gözaydın • 2+2=4? Seküler, Sekülerleşme, Sekülarizm ve Laiklik Besim F. Dellaloğlu • Türkiye Modernleşmesinin Politik Teolojisi Ferhat Kentel • Türk Milliyetçiliğinin Daimi Kurucuları Olarak Din ve Sekülarizm Charles Turner • Sekülerleşme: Devingen Bir Şenlik Agata Bielik-Robson • Post-Seküler Dönüş: Aydınlanma, Gelenek, Devrim Jeffrey Haynes • Din Demokrasi ve Kişisel Özgürlükler: Teorik Perspektifler ve Ampirik Sonuçlar </p>

<p>Cogito’dan • Laiklik’ten Sonra Charles Taylor • Sekülarizmin Biçimleri Cemil Aydın • Osmanlı Hilafetinin Uluslararası Siyasetinde Kutsal ve Sekülerin Müphemliği Baki Tezcan • Laikliğin “Yerli ve<span class="excerpt-hellip"> […]</span></p>
