{"id":719352,"date":"2025-08-27T18:20:58","date_gmt":"2025-08-27T15:20:58","guid":{"rendered":"https:\/\/roveyayinevi.com.tr\/index.php\/urun\/kimlik-3\/"},"modified":"2026-04-16T02:27:32","modified_gmt":"2026-04-15T23:27:32","slug":"kimlik-3","status":"publish","type":"product","link":"https:\/\/roveyayinevi.com.tr\/index.php\/urun\/kimlik-3\/","title":{"rendered":"Kimlik"},"content":{"rendered":"<p>Kimlik i\u00e7in esas mesele, benli\u011fin belirsizli\u011fini \u00e7\u00f6zmektir. Modernitede kimlik krizi denilen \u015fey tam bu noktada benli\u011fin kayb\u0131na i\u015faret eder. Kimli\u011fin s\u00f6ylemi, Weber&#8217;in demir kafesinden Gellner&#8217;in plastik kafesine yerle\u015ftirilen insanl\u0131\u011fa dairdir ve kimlik sorunu kesinlikle moderndir ve modernite de benli\u011fin s\u00f6ylemine ba\u011fl\u0131d\u0131r. <\/p>\n","protected":false},"excerpt":{"rendered":"<p>Kimlik i\u00e7in esas mesele, benli\u011fin belirsizli\u011fini \u00e7\u00f6zmektir. Modernitede kimlik krizi denilen \u015fey tam bu noktada benli\u011fin kayb\u0131na i\u015faret eder. Kimli\u011fin s\u00f6ylemi, Weber&#8217;in demir kafesinden Gellner&#8217;in plastik<span class=\"excerpt-hellip\"> [\u2026]<\/span><\/p>\n","protected":false},"featured_media":0,"template":"","meta":{"_monsterinsights_skip_tracking":false,"_monsterinsights_sitenote_active":false,"_monsterinsights_sitenote_note":"","_monsterinsights_sitenote_category":0},"product_brand":[],"product_cat":[12325,12324],"product_tag":[],"class_list":{"0":"post-719352","1":"product","2":"type-product","3":"status-publish","5":"product_cat-diger-sosyoloji","6":"product_cat-sosyoloji","7":"pa_cilt-ciltsiz","8":"pa_tur-kitap","9":"pa_yayinevi-profil-kitap","10":"pa_yazar-edibe-sozen","12":"first","13":"instock","14":"sale","15":"shipping-taxable","16":"purchasable","17":"product-type-simple"},"_links":{"self":[{"href":"https:\/\/roveyayinevi.com.tr\/index.php\/wp-json\/wp\/v2\/product\/719352","targetHints":{"allow":["GET"]}}],"collection":[{"href":"https:\/\/roveyayinevi.com.tr\/index.php\/wp-json\/wp\/v2\/product"}],"about":[{"href":"https:\/\/roveyayinevi.com.tr\/index.php\/wp-json\/wp\/v2\/types\/product"}],"wp:attachment":[{"href":"https:\/\/roveyayinevi.com.tr\/index.php\/wp-json\/wp\/v2\/media?parent=719352"}],"wp:term":[{"taxonomy":"product_brand","embeddable":true,"href":"https:\/\/roveyayinevi.com.tr\/index.php\/wp-json\/wp\/v2\/product_brand?post=719352"},{"taxonomy":"product_cat","embeddable":true,"href":"https:\/\/roveyayinevi.com.tr\/index.php\/wp-json\/wp\/v2\/product_cat?post=719352"},{"taxonomy":"product_tag","embeddable":true,"href":"https:\/\/roveyayinevi.com.tr\/index.php\/wp-json\/wp\/v2\/product_tag?post=719352"}],"curies":[{"name":"wp","href":"https:\/\/api.w.org\/{rel}","templated":true}]}}